-- https://www.phpmyadmin.net/
--
-- 主機： 127.0.0.1
-- 產生時間： 2022-11-09 22:06:50
-- 伺服器版本： 10.4.25-MariaDB
-- PHP 版本： 8.1.10

START TRANSACTION;



-- --------------------------------------------------------

--
-- 資料表結構 `buycart`
--

CREATE TABLE `buycart` (
  `id` int(11) NOT NULL,
  `userid` int(11) DEFAULT NULL,
  `total_quantity` int(11) NOT NULL,
  `total_price` int(11) NOT NULL
) ENGINE=InnoDB DEFAULT CHARSET=utf8mb4;

--
-- 傾印資料表的資料 `buycart`
--

INSERT INTO `buycart` (`id`, `userid`, `total_quantity`, `total_price`) VALUES
(28, 1, 0, 0);

-- --------------------------------------------------------

--
-- 資料表結構 `cart_item`
--

CREATE TABLE `cart_item` (
  `id` int(11) NOT NULL,
  `cartid` int(11) NOT NULL,
  `itemid` int(11) NOT NULL,
  `quantity` int(11) NOT NULL
) ENGINE=InnoDB DEFAULT CHARSET=utf8mb4;

--
-- 傾印資料表的資料 `cart_item`
--

INSERT INTO `cart_item` (`id`, `cartid`, `itemid`, `quantity`) VALUES
(9, 28, 230, 4);

-- --------------------------------------------------------

--
-- 資料表結構 `cat`
--

CREATE TABLE `cat` (
  `id` int(11) NOT NULL,
  `name` text COLLATE utf8mb4_unicode_ci NOT NULL,
  `parent` int(11) NOT NULL,
  `file` text COLLATE utf8mb4_unicode_ci NOT NULL,
  `link` int(11) NOT NULL
) ENGINE=InnoDB DEFAULT CHARSET=utf8mb4 COLLATE=utf8mb4_unicode_ci;

--
-- 傾印資料表的資料 `cat`
--

INSERT INTO `cat` (`id`, `name`, `parent`, `file`, `link`) VALUES
(1, '流行皮件', 0, '流行皮件.png', 0),
(2, '流行鞋區', 0, '流行鞋.png', 0),
(3, '流行飾品', 0, '流行皮件.png', 0),
(4, '背包', 0, '背包.png', 0),
(5, '男用皮件', 1, '', 0),
(6, '女用皮件', 1, '', 0),
(7, '少女鞋區', 2, '', 0),
(8, '紳士流行鞋區', 2, '', 0),
(9, '時尚手錶', 3, '', 0),
(10, '時尚珠寶', 3, '', 0),
(11, '背包', 4, '', 0),
(12, '家具', 0, '家具館.png', 0),
(13, '沙發', 12, '', 0),
(15, '櫃子', 12, '', 0),
(16, '桌子', 12, '', 0),
(17, '椅子', 12, '', 0),
(18, '床/床組', 12, '', 0),
(19, '廚具', 12, '', 0),
(20, '寢具', 12, '', 0),
(21, '燈具', 12, '', 0),
(22, '家電', 12, '', 0),
(24, '擺飾', 12, '', 0),
(25, '餐具', 12, '', 0);

-- --------------------------------------------------------

--
-- 資料表結構 `feedback`
--

CREATE TABLE `feedback` (
  `id` int(11) NOT NULL,
  `itemid` int(11) NOT NULL,
  `userid` int(11) NOT NULL,
  `text` text NOT NULL
) ENGINE=InnoDB DEFAULT CHARSET=utf8mb4;

--
-- 傾印資料表的資料 `feedback`
--

INSERT INTO `feedback` (`id`, `itemid`, `userid`, `text`) VALUES
(1, 146, 6, '蠟燭超香的!!!也非常精緻');

-- --------------------------------------------------------

--
-- 資料表結構 `foot`
--

CREATE TABLE `foot` (
  `foot` text COLLATE utf8mb4_unicode_ci NOT NULL
) ENGINE=InnoDB DEFAULT CHARSET=utf8mb4 COLLATE=utf8mb4_unicode_ci;

--
-- 傾印資料表的資料 `foot`
--

INSERT INTO `foot` (`foot`) VALUES
('asd'),
('asd'),
('asd'),
('asd'),
('asd'),
('asd'),
('asd');

-- --------------------------------------------------------

--
-- 資料表結構 `images`
--

CREATE TABLE `images` (
  `id` int(11) NOT NULL,
  `itemid` int(11) NOT NULL,
  `path` text NOT NULL
) ENGINE=InnoDB DEFAULT CHARSET=utf8mb4;

--
-- 傾印資料表的資料 `images`
--

INSERT INTO `images` (`id`, `itemid`, `path`) VALUES
(1, 1, '兩用式磁扣腰包.jfif'),
(2, 2, '長夾.jpg'),
(3, 34, '醫療鋼手繩.jfif'),
(4, 35, '星球小圓盆栽.jpg'),
(5, 36, '星球小圓盆栽.jpg'),
(6, 37, '幾何花盆組.jpg'),
(7, 38, '幾何花盆組.jpg'),
(8, 39, '幾何花盆組.jpg'),
(9, 40, '幾何花盆組.jpg'),
(10, 41, '水滴造型盆栽.jpg'),
(11, 42, '水滴造型盆栽.jpg'),
(12, 43, '水滴造型盆栽.jpg'),
(13, 44, '水滴造型盆栽.jpg'),
(14, 45, '水滴造型盆栽.jpg'),
(15, 46, '水滴造型盆栽.jpg'),
(16, 49, '全心全意手鍊.jfif'),
(17, 50, '棉麻雙色枕套.jpg'),
(18, 51, '棉麻雙色枕套.jpg'),
(19, 52, '太陽花坐墊抱枕組.jpg'),
(20, 53, '太陽花坐墊抱枕組.jpg'),
(21, 54, '純色條紋枕套.jpg'),
(22, 55, '純色條紋枕套.jpg'),
(23, 56, '純色條紋枕套.jpg'),
(24, 57, '純色條紋枕套.jpg'),
(25, 58, '純色條紋枕套.jpg'),
(26, 59, '純色條紋枕套.jpg'),
(27, 70, '花梨木掛畫.jpg'),
(28, 71, '花梨木掛畫.jpg'),
(29, 72, '植栽造型時鐘.jpg'),
(30, 73, '植栽造型時鐘.jpg'),
(31, 82, '純色條紋枕套.jpg'),
(32, 83, '花梨木掛畫.jpg'),
(33, 84, '植栽造型時鐘.jpg'),
(34, 86, '螺旋花盆.jpg'),
(35, 87, '螺旋花盆.jpg'),
(36, 88, '粉色波紋花盆.jpg'),
(37, 89, '粉色波紋花盆.jpg'),
(38, 90, '禪意花盆.jpg'),
(39, 91, '禪意花盆.jpg'),
(40, 92, '青銅酒器造型花瓶.jpg'),
(41, 93, '青銅酒器造型花瓶.jpg'),
(42, 94, '單購枕芯.jpg'),
(43, 95, '單購枕芯.jpg'),
(44, 96, '單購長方枕芯.jpg'),
(45, 97, '單購長方枕芯.jpg'),
(46, 98, '長型幾何抱枕套.jpg'),
(47, 99, '長型幾何抱枕套.jpg'),
(48, 101, '木質書櫃.jpg'),
(49, 102, '布朗森書櫃.jpg'),
(50, 103, '多功能書櫃.jpg'),
(51, 104, '質感書櫃.jpg'),
(52, 105, '環保書櫃.jpg'),
(53, 106, '簡樸書櫃.jpg'),
(54, 107, '靈感書櫃.jpg'),
(55, 108, '木感書桌.jpg'),
(56, 109, '多功能書桌.jpg'),
(57, 110, '收納式書桌.jpg'),
(58, 111, '椅邊桌.jpg'),
(59, 112, '德萊尼辦公桌.jpg'),
(60, 113, '黑色圓桌.jpg'),
(61, 114, '電腦桌.jpg'),
(62, 115, '木頭質感椅.jpg'),
(63, 116, '金屬腳餐椅.jpg'),
(64, 117, '書房舒適椅.jpg'),
(65, 118, '斐特餐椅.jpg'),
(66, 119, '會議椅.jpg'),
(67, 120, '餐桌椅.jpg'),
(68, 121, '菱格天鵝絨餐椅.jpg'),
(69, 122, '木製化妝桌.jpg'),
(70, 123, '貝漢斯化妝桌.jpg'),
(71, 124, '金星化妝桌.jpg'),
(72, 125, '高腳化妝桌.jpg'),
(73, 126, '陶瓷化妝桌.jpg'),
(74, 127, '簡約鵝卵石化妝桌.jpg'),
(75, 128, '鵝卵石化妝桌.jpg'),
(76, 129, '主臥豪華衣櫥.jpg'),
(77, 130, '低版衣櫃.jpg'),
(78, 131, '兒童衣櫥.jpg'),
(79, 132, '南卡林巴衣櫥.jpg'),
(80, 133, '拼接衣櫥.jpg'),
(81, 134, '開放式衣櫥.jpg'),
(82, 135, '簡約衣櫥.jpg'),
(83, 136, '古典時期燭台.jpg'),
(84, 137, '房子造型燭台.jpg'),
(85, 138, '金屬燭台.jpg'),
(86, 139, '粗陶燭台.jpg'),
(87, 140, '幾何圖形燭台.jpg'),
(88, 141, '鴛鴦燭台.jpg'),
(89, 142, '鴛鴦燭台.jpg'),
(90, 143, '鴛鴦燭台.jpg'),
(91, 144, '鴛鴦燭台.jpg'),
(92, 145, '麋鹿燭台.jpg'),
(93, 146, 'cotton蠟燭.jpg'),
(94, 147, 'KP蠟燭.jpg'),
(95, 148, 'zorik蠟燭.jpg'),
(96, 149, '六角螺帽蠟燭.jpg'),
(97, 150, '玫瑰香蠟燭.jpg'),
(98, 151, '食物香氛蠟燭.jpg'),
(99, 152, '食物香氛蠟燭.jpg'),
(100, 153, '薰衣草蠟燭.jpg'),
(101, 201, '實木吧檯桌椅組.jpg'),
(102, 202, '橡膠木餐桌組.jpg'),
(103, 203, '橡膠木餐桌組.jpg'),
(104, 204, '可延伸實木餐桌椅組-白橡木色.jpg'),
(105, 205, '可延伸實木餐桌椅組-櫻桃木色.jpg'),
(106, 206, '可延伸實木餐桌椅組-胡桃木色.jpg'),
(107, 207, '天然大理石餐桌椅.jpg'),
(108, 208, '輕奢大理石餐桌椅.jpg'),
(109, 209, '義大利4件餐具組.jpg'),
(110, 210, '英國典藏義大利藍系列-兩層蛋糕盤.jpg'),
(111, 211, '英國典藏義大利藍系列-花茶杯盤組.jpg'),
(112, 212, '英國經典植物園藍系列-湯碗.jpg'),
(113, 213, '英國百子蓮系列-義式餐碗.jpg'),
(114, 214, '英國百子蓮系列-花茶杯盤組.jpg'),
(115, 215, '英國百子蓮系列-餐盤.jpg'),
(116, 216, '英國百子蓮系列-麥片碗.jpg'),
(117, 217, '英國百子蓮系列-1.1L茶壺.jpg'),
(118, 218, '英國典藏義大利藍系列-碗.jpg'),
(119, 219, '葡萄牙霧面不鏽鋼湯杓.jpg'),
(120, 220, '家嚐-鐵鍋32cm.jpg'),
(121, 221, '家嚐-鐵鏟.jpg'),
(122, 222, '家嚐-單柄鍋18cm.jpg'),
(123, 223, '家嚐-碳化平底鐵鍋28cm.jpg'),
(124, 224, '家嚐-深煎不沾鍋28cm.jpg'),
(125, 225, '家嚐-超耐磨頂級不沾鍋30cm.jpg'),
(126, 226, '家嚐-迷你湯鍋16cm.jpg'),
(127, 227, '虹彩鋼可微波不鏽鋼琺瑯便當盒.jpg'),
(128, 228, '亨利三人布沙發.jpg'),
(129, 229, '半皮3人電動躺式沙發-棕.jpg'),
(130, 230, '半皮3人電動躺式沙發-灰.jpg'),
(131, 231, '全牛皮L型電動沙發.jpg'),
(132, 232, '義大利原裝進口電動牛皮沙發.jpg'),
(133, 233, '紐西蘭進口白色電視櫃.jfif'),
(134, 234, '米白烤漆電視櫃.jpg'),
(135, 250, '衛浴手把縫隙推車.jfif'),
(136, 251, 'kit洗衣籃.jfif'),
(137, 252, 'kit洗衣籃-黑.jpg'),
(138, 253, '吸盤式吊掛牙刷架-黑.jfif'),
(139, 254, '吸盤式吊掛牙刷架-白.jfif'),
(140, 255, '分層瓶罐置物架-白.jfif'),
(141, 256, '分層瓶罐置物架-黑.jfif'),
(142, 257, '衛浴工具收納架-白.jfif'),
(143, 258, '衛浴工具收納架-黑.jfif'),
(144, 259, '浴巾架-白.jfif'),
(145, 260, '手提式三層置物架.jfif'),
(146, 261, '大理石浴室收納架.jfif\r\n'),
(147, 262, '獅王浴盆.jfif\r\n'),
(148, 263, '浴室塑料小板凳.jpg\r\n'),
(149, 264, '丹麥寶寶浴缸.jpg\r\n'),
(150, 265, '雙層壓克力獨立式浴缸.jpg\r\n'),
(151, 266, '毛巾架擴充組.jpg\r\n'),
(152, 267, 'Flow肥皂架.jpg\r\n'),
(153, 268, '加高型層板置物架-白.jpg\r\n'),
(154, 269, '加高型層板置物架-黑.jpg\r\n'),
(155, 270, 'LUXS晶透肥皂架.jpg\r\n');

-- --------------------------------------------------------

--
-- 資料表結構 `item`
--

CREATE TABLE `item` (
  `id` int(11) NOT NULL,
  `name` text COLLATE utf8mb4_unicode_ci NOT NULL,
  `price` int(11) NOT NULL,
  `file` text COLLATE utf8mb4_unicode_ci NOT NULL,
  `c1` int(11) NOT NULL,
  `c2` int(11) NOT NULL,
  `qt` int(11) NOT NULL,
  `detail` text COLLATE utf8mb4_unicode_ci NOT NULL,
  `sell` int(11) NOT NULL,
  `location` varchar(37) COLLATE utf8mb4_unicode_ci NOT NULL,
  `color` char(20) COLLATE utf8mb4_unicode_ci NOT NULL,
  `material` varchar(27) COLLATE utf8mb4_unicode_ci NOT NULL,
  `origin` varchar(27) COLLATE utf8mb4_unicode_ci NOT NULL,
  `smart` int(11) DEFAULT NULL,
  `set` int(11) NOT NULL
) ENGINE=InnoDB DEFAULT CHARSET=utf8mb4 COLLATE=utf8mb4_unicode_ci;

--
-- 傾印資料表的資料 `item`
--

INSERT INTO `item` (`id`, `name`, `price`, `file`, `c1`, `c2`, `qt`, `detail`, `sell`, `location`, `color`, `material`, `origin`, `smart`, `set`) VALUES
(1, '兩用式磁扣腰包', 680, '兩用式磁扣腰包.jfif', 1, 5, 0, '材質:進口牛皮\r\n顏色:黑色荔枝紋+黑色珠光面皮(黑色縫線)\r\n尺寸:15cm*14cm(高)*6cm(前後)\r\n產地:日本\r\n', 1, 'bags', 'brown', 'leather', 'jpn', 1, 0),
(2, '仿皮長夾', 1500, '長夾.jpg', 1, 6, 20, '材質:仿皮\r\n顏色:藍色\r\n尺寸:10*15cm\r\n產地:韓國\r\n', 1, 'bags', 'blue', 'leather', 'kor', 1, 0),
(34, '316L醫療鋼手繩', 780, '醫療鋼手繩.jfif', 3, 10, 0, '材質:316L醫療鋼/美國進口傘繩\r\n顏色:黑\r\n尺寸:23cm\r\n產地:美國\r\n', 37, 'as', 'Black', 'metal', 'us', 1, 0),
(35, '星球小圓盆栽', 370, '星球小圓盆栽.jpg', 12, 24, 5, '材質:陶瓷\r\n顏色:白褐混色\r\n尺寸:15cm*15cm*5cm\r\n產地:臺灣', 3, 'livingroom', 'brown', 'ceramics', 'tw', 1, 0),
(36, '星球小圓盆栽', 370, '星球小圓盆栽.jpg', 12, 24, 5, '材質:陶瓷\r\n顏色:白褐混色\r\n尺寸:15cm*15cm*5cm\r\n產地:臺灣', 3, 'entryway', 'brown', 'ceramics', 'tw', 1, 0),
(37, '幾何花盆組', 2750, '幾何花盆組.jpg', 12, 24, 5, '材質:陶瓷\r\n顏色:白色、咖啡色、深褐色\r\n尺寸:50cm*20cm*10cm/70cm*25cm*15cm/100cm*35cm*25cm\r\n產地:韓國', 1, 'livingroom', 'white', 'ceramics', 'kor', 1, 0),
(38, '幾何花盆組', 2750, '幾何花盆組.jpg', 12, 24, 5, '材質:陶瓷\r\n顏色:白色、咖啡色、深褐色\r\n尺寸:50cm*20cm*10cm/70cm*25cm*15cm/100cm*35cm*25cm\r\n產地:韓國', 1, 'livingroom', 'brown', 'ceramics', 'kor', 1, 0),
(39, '幾何花盆組', 2750, '幾何花盆組.jpg', 12, 24, 5, '材質:陶瓷\r\n顏色:白色、咖啡色、深褐色\r\n尺寸:50cm*20cm*10cm/70cm*25cm*15cm/100cm*35cm*25cm\r\n產地:韓國', 1, 'entryway', 'white', 'ceramics', 'kor', 1, 0),
(40, '幾何花盆組', 2750, '幾何花盆組.jpg', 12, 24, 5, '材質:陶瓷\r\n顏色:白色、咖啡色、深褐色\r\n尺寸:50cm*20cm*10cm/70cm*25cm*15cm/100cm*35cm*25cm\r\n產地:韓國', 1, 'entryway', 'brown', 'ceramics', 'kor', 1, 0),
(41, '水滴造型盆栽', 370, '水滴造型盆栽.jpg', 12, 24, 4, '材質:陶瓷\r\n顏色:粉紫色、寶寶藍、乳牛白\r\n尺寸:17cm*10cm*7cm\r\n產地:臺灣', 5, 'livingroom', 'pink', 'ceramics', 'tw', 1, 0),
(42, '水滴造型盆栽', 370, '水滴造型盆栽.jpg', 12, 24, 4, '材質:陶瓷\r\n顏色:粉紫色、寶寶藍、乳牛白\r\n尺寸:17cm*10cm*7cm\r\n產地:臺灣', 5, 'livingroom', 'blue', 'ceramics', 'tw', 1, 0),
(43, '水滴造型盆栽', 370, '水滴造型盆栽.jpg', 12, 24, 4, '材質:陶瓷\r\n顏色:粉紫色、寶寶藍、乳牛白\r\n尺寸:17cm*10cm*7cm\r\n產地:臺灣', 5, 'livingroom', 'white', 'ceramics', 'tw', 1, 0),
(44, '水滴造型盆栽', 370, '水滴造型盆栽.jpg', 12, 24, 4, '材質:陶瓷\r\n顏色:粉紫色、寶寶藍、乳牛白\r\n尺寸:17cm*10cm*7cm\r\n產地:臺灣', 5, 'entryway', 'pink', 'ceramics', 'tw', 1, 0),
(45, '水滴造型盆栽', 370, '水滴造型盆栽.jpg', 12, 24, 4, '材質:陶瓷\r\n顏色:粉紫色、寶寶藍、乳牛白\r\n尺寸:17cm*10cm*7cm\r\n產地:臺灣', 5, 'entryway', 'blue', 'ceramics', 'tw', 1, 0),
(46, '水滴造型盆栽', 370, '水滴造型盆栽.jpg', 12, 24, 4, '材質:陶瓷\r\n顏色:粉紫色、寶寶藍、乳牛白\r\n尺寸:17cm*10cm*7cm\r\n產地:臺灣', 5, 'entryway', 'white', 'ceramics', 'tw', 1, 0),
(49, '全心全意·手鍊', 550, '全心全意手鍊.jfif', 3, 10, 10, '材質:合金、奧地利水鑽 \r\n顏色:金\r\n尺寸:15cm\r\n產地:奧地利\r\n', 35, 'as', 'gold', 'metal', 'eu', 1, 0),
(50, '棉麻雙色枕套', 380, '棉麻雙色枕套.jpg', 20, 20, 5, '材質:棉麻布料\r\n顏色:白灰混色\r\n尺寸:45cm*45cm\r\n產地:臺灣', 6, 'livingroom', 'gray', 'fabric', 'tw', 0, 0),
(51, '棉麻雙色枕套', 380, '棉麻雙色枕套.jpg', 20, 20, 5, '材質:棉麻布料\r\n顏色:白灰混色\r\n尺寸:45cm*45cm\r\n產地:臺灣', 6, 'bedroom', 'gray', 'fabric', 'tw', 0, 0),
(52, '太陽花坐墊抱枕組', 520, '太陽花坐墊抱枕組.jpg', 20, 20, 5, '材質:棉麻布料\r\n顏色:白灰混色\r\n尺寸:30cm*30cm/40cm*40cm\r\n產地:臺灣', 15, 'bedroom', 'white', 'fabric', 'tw', 1, 1),
(53, '太陽花坐墊抱枕組', 520, '太陽花坐墊抱枕組.jpg', 20, 20, 15, '材質:棉麻布料\r\n顏色:白灰混色\r\n尺寸:30cm*30cm/40cm*40cm\r\n產地:臺灣', 15, 'livingroom', 'white', 'fabric', 'tw', 1, 1),
(54, '純色條紋枕套', 360, '純色條紋枕套.jpg', 20, 20, 5, '材質:棉麻布料\r\n顏色:白灰混色\r\n尺寸:45cm*45cm\r\n產地:臺灣', 6, 'livingroom', 'white', 'fabric', 'tw', 0, 0),
(55, '純色條紋枕套', 360, '純色條紋枕套.jpg', 20, 20, 5, '材質:棉麻布料\r\n顏色:白灰混色\r\n尺寸:45cm*45cm\r\n產地:臺灣', 6, 'livingroom', 'brown', 'fabric', 'tw', 0, 0),
(56, '純色條紋枕套', 360, '純色條紋枕套.jpg', 20, 20, 5, '材質:棉麻布料\r\n顏色:白灰混色\r\n尺寸:45cm*45cm\r\n產地:臺灣', 6, 'livingroom', 'green', 'fabric', 'tw', 0, 0),
(57, '純色條紋枕套', 360, '純色條紋枕套.jpg', 20, 20, 5, '材質:棉麻布料\r\n顏色:白灰混色\r\n尺寸:45cm*45cm\r\n產地:臺灣', 6, 'bedroom', 'white', 'fabric', 'tw', 0, 0),
(58, '純色條紋枕套', 360, '純色條紋枕套.jpg', 20, 20, 5, '材質:棉麻布料\r\n顏色:白灰混色\r\n尺寸:45cm*45cm\r\n產地:臺灣', 6, 'bedroom', 'brown', 'fabric', 'tw', 0, 0),
(59, '純色條紋枕套', 360, '純色條紋枕套.jpg', 20, 20, 5, '材質:棉麻布料\r\n顏色:白灰混色\r\n尺寸:45cm*45cm\r\n產地:臺灣', 6, 'bedroom', 'green', 'fabric', 'tw', 0, 0),
(70, '花梨木掛畫', 3280, '花梨木掛畫.jpg', 12, 24, 5, '材質:花梨木\r\n尺寸:215cm*97cm\r\n產地:臺灣', 2, 'livingroom', 'brown', 'wood', 'tw', 1, 0),
(71, '花梨木掛畫', 3280, '花梨木掛畫.jpg', 12, 24, 5, '材質:花梨木\r\n尺寸:215cm*97cm\r\n產地:臺灣', 2, 'entryway', 'brown', 'wood', 'tw', 1, 0),
(72, '植栽造型時鐘', 750, '植栽造型時鐘.jpg', 12, 24, 5, '材質:永生花\r\n尺寸:22cm*25cm\r\n產地:越南', 5, 'livingroom', 'white', 'wood', 'vn', 1, 0),
(73, '植栽造型時鐘', 750, '植栽造型時鐘.jpg', 12, 22, 5, '材質:永生花\r\n尺寸:22cm*25cm\r\n產地:越南', 5, 'bedroom', 'white', 'wood', 'vn', 1, 0),
(82, '純色條紋枕套', 360, '純色條紋枕套.jpg', 20, 20, 5, '材質:棉麻布料\r\n顏色:白灰混色\r\n尺寸:45cm*45cm\r\n產地:臺灣', 6, 'bedroom', 'white', 'fabric', 'tw', 0, 0),
(83, '花梨木掛畫', 3280, '花梨木掛畫.jpg', 12, 24, 5, '材質:花梨木\r\n尺寸:215cm*97cm\r\n產地:臺灣', 6, 'entryway', 'brown', 'fabric', 'tw', 1, 0),
(84, '植栽造型時鐘', 750, '植栽造型時鐘.jpg', 12, 22, 5, '材質:永生花\r\n尺寸:22cm*25cm\r\n產地:越南', 5, 'bedroom', 'white', 'wood', 'vn', 1, 0),
(86, '螺旋花盆', 1580, '螺旋花盆.jpg', 12, 24, 5, '材質:陶瓷\r\n尺寸:120cm*30cm\r\n產地:義大利', 8, 'entryway', 'white', 'ceramics', 'eu', 1, 0),
(87, '螺旋花盆', 1580, '螺旋花盆.jpg', 12, 24, 5, '材質:陶瓷\r\n尺寸:120cm*30cm\r\n產地:義大利', 8, 'livingroom', 'white', 'ceramics', 'eu', 1, 0),
(88, '粉色波紋花盆', 2380, '粉色波紋花盆.jpg', 12, 24, 2, '材質:陶瓷\r\n尺寸:150cm*45cm\r\n產地:義大利', 10, 'livingroom', 'pink', 'ceramics', 'eu', 1, 0),
(89, '粉色波紋花盆', 2380, '粉色波紋花盆.jpg', 12, 24, 2, '材質:陶瓷\r\n尺寸:150cm*45cm\r\n產地:義大利', 10, 'entryway', 'pink', 'ceramics', 'eu', 1, 0),
(90, '禪意花盆', 1450, '禪意花盆.jpg', 12, 24, 20, '材質:陶瓷\r\n尺寸:33cm*18cm\r\n產地:日本', 2, 'entryway', 'black', 'ceramics', 'jpn', 1, 0),
(91, '禪意花盆', 1450, '禪意花盆.jpg', 12, 24, 20, '材質:陶瓷\r\n尺寸:33cm*18cm\r\n產地:日本', 2, 'livingroom', 'black', 'ceramics', 'jpn', 1, 0),
(92, '青銅酒器造型花瓶', 1890, '青銅酒器造型花瓶.jpg', 12, 24, 17, '材質:陶瓷\r\n尺寸:15cm*18cm\r\n產地:日本', 3, 'livingroom', 'brown', 'ceramics', 'jpn', 1, 0),
(93, '青銅酒器造型花瓶', 1890, '青銅酒器造型花瓶.jpg', 12, 24, 17, '材質:陶瓷\r\n尺寸:15cm*18cm\r\n產地:日本', 3, 'entryway', 'brown', 'ceramics', 'jpn', 1, 0),
(94, '單購枕芯', 230, '單購枕芯.jpg', 20, 20, 35, '材質:棉花、紡織布料\r\n尺寸:45cm*45cm\r\n產地:台灣', 50, 'bedroom', 'white', 'fabric', 'tw', 0, 0),
(95, '單購枕芯', 230, '單購枕芯.jpg', 20, 20, 35, '材質:棉花、紡織布料\r\n尺寸:45cm*45cm\r\n產地:台灣', 50, 'livingroom', 'white', 'fabric', 'tw', 0, 0),
(96, '單購長方枕芯', 460, '單購長方枕芯.jpg', 20, 20, 28, '材質:棉花、紡織布料\r\n尺寸:160cm*45cm\r\n產地:台灣', 32, 'bedroom', 'white', 'fabric', 'tw', 0, 0),
(97, '單購長方枕芯', 460, '單購長方枕芯.jpg', 20, 20, 28, '材質:棉花、紡織布料\r\n尺寸:160cm*45cm\r\n產地:台灣', 32, 'livingroom', 'white', 'fabric', 'tw', 0, 0),
(98, '長型幾何抱枕套', 490, '長型幾何抱枕套.jpg', 20, 20, 20, '材質:棉花、紡織布料\r\n尺寸:160cm*45cm\r\n產地:台灣', 8, 'livingroom', 'white', 'fabric', 'tw', 0, 0),
(99, '長型幾何抱枕套', 490, '長型幾何抱枕套.jpg', 20, 20, 20, '材質:棉花、紡織布料\r\n尺寸:160cm*45cm\r\n產地:台灣', 8, 'bedroom', 'white', 'fabric', 'tw', 0, 0),
(101, '木質書櫃', 25000, '木質書櫃.jpg', 12, 15, 5, '材質:木頭\r\n顏色:咖啡色\r\n尺寸:33cm*35cm\r\n產地:臺灣', 1, 'study', 'brown', 'wood', 'tw', 1, 0),
(102, '布朗森書櫃', 27000, '布朗森書櫃.jpg', 12, 15, 5, '材質:不鏽鋼金屬\r\n顏色:黑色\r\n尺寸:36cm*32cm\r\n產地:德國', 1, 'study', 'black', 'wood', 'eu', 1, 0),
(103, '多功能書櫃', 30500, '多功能書櫃.jpg', 12, 15, 5, '材質:檜木\r\n顏色:白色\r\n尺寸:35cm*35cm\r\n產地:臺灣', 1, 'study', 'white', 'wood', 'tw', 1, 0),
(104, '質感書櫃', 39800, '質感書櫃.jpg', 12, 15, 5, '材質:金屬\r\n顏色:灰色\r\n尺寸:38cm*40cm\r\n產地:臺灣', 1, 'study', 'grey', 'metal', 'tw', 1, 0),
(105, '環保書櫃', 10500, '環保書櫃.jpg', 12, 15, 5, '材質:漂流木\r\n顏色:褐色\r\n尺寸:36cm*36cm\r\n產地:義大利', 1, 'study', 'brown', 'wood', 'eu', 1, 0),
(106, '簡樸書櫃', 13900, '簡樸書櫃.jpg', 12, 15, 5, '材質:木頭\r\n顏色:褐色\r\n尺寸:32cm*32cm\r\n產地:臺灣', 1, 'study', 'brown', 'wood', 'tw', 1, 0),
(107, '靈感書櫃', 26500, '靈感書櫃.jpg', 12, 15, 5, '材質:金屬\r\n顏色:黑色\r\n尺寸:36cm*36cm\r\n產地:臺灣', 1, 'study', 'black', 'metal', 'tw', 1, 0),
(108, '木感書桌', 3200, '木感書桌.jpg', 12, 16, 5, '材質:木頭\r\n顏色:褐色\r\n尺寸68cm*72cm\r\n產地:臺灣', 1, 'study', 'brown', 'wood', 'tw', 1, 0),
(109, '多功能書桌', 4750, '多功能書桌.jpg', 12, 16, 5, '材質:陶瓷\r\n顏色:灰色\r\n尺寸:60cm*75cm\r\n產地:英國\r\n', 1, 'study', 'grey', 'ceramics', 'eu', 1, 0),
(110, '收納式書桌', 2500, '收納式書桌.jpg', 12, 16, 5, '材質:木頭\r\n顏色:褐色\r\n尺寸:60cm*70cm\r\n產地:臺灣', 1, 'study', 'brown', 'wood', 'tw', 1, 0),
(111, '椅邊桌', 2200, '椅邊桌.jpg', 12, 16, 5, '材質:木頭\r\n顏色:褐色\r\n尺寸:63cm*62cm\r\n產地:日本', 1, 'study', 'brown', 'wood', 'jpkor', NULL, 0),
(112, '德萊尼辦公桌', 5750, '德萊尼辦公桌.jpg', 12, 16, 5, '材質:陶瓷\r\n顏色:灰色\r\n尺寸:69cm*76cm\r\n產地:臺灣', 1, 'study', 'grey', 'ceramics', 'tw', 1, 0),
(113, '黑色圓桌', 3200, '黑色圓桌.jpg', 12, 16, 5, '材質:金屬\r\n顏色:黑色\r\n尺寸:63cm*71cm\r\n產地:韓國', 1, 'study', 'black', 'metal', 'kor', 1, 0),
(114, '電腦桌', 6680, '電腦桌.jpg', 12, 16, 5, '材質:檜木\r\n顏色:褐色\r\n尺寸:62cm*75cm\r\n產地:挪威', 1, 'study', 'brown', 'wood', 'eu', 1, 0),
(115, '木頭質感椅', 1250, '木頭質感椅.jpg', 12, 17, 5, '材質:木頭\r\n顏色:褐色\r\n尺寸:62cm*60cm\r\n產地:臺灣', 1, 'study', 'brown', 'wood', 'tw', 1, 0),
(116, '金屬腳餐椅', 4080, '金屬腳餐椅.jpg', 12, 17, 5, '材質:金屬\r\n顏色:灰色\r\n尺寸:62cm*60cm\r\n產地:日本', 1, 'study', 'grey', 'metal', 'jpn', 1, 0),
(117, '書房舒適椅', 8970, '書房舒適椅.jpg', 12, 17, 5, '材質:皮革\r\n顏色:黑色\r\n尺寸:73cm*68cm\r\n產地:臺灣', 1, 'study', 'black', 'leather', 'tw', 1, 0),
(118, '斐特餐椅', 9800, '斐特餐椅.jpg', 12, 17, 5, '材質:檜木\r\n顏色:褐色\r\n尺寸:66cm*58cm\r\n產地:德國', 1, 'study', 'brown', 'wood', 'eu', 1, 0),
(119, '會議椅', 4380, '會議椅.jpg', 12, 17, 5, '材質:布料椅背,木頭椅腳\r\n顏色:灰色\r\n尺寸:68cm*66cm\r\n產地:臺灣', 1, 'study', 'grey', 'fabric', 'tw', 1, 0),
(120, '餐桌椅', 5380, '餐桌椅.jpg', 12, 17, 5, '材質:布料\r\n顏色:綠色\r\n尺寸:63cm*62cm\r\n產地:臺灣', 1, 'study', 'green', 'fabric', 'tw', 1, 0),
(121, '菱格天鵝絨餐椅', 26820, '菱格天鵝絨餐椅.jpg', 12, 17, 5, '材質:天鵝絨\r\n顏色:藍色\r\n尺寸:65cm*68cm\r\n產地:英國\r\n', 1, 'study', 'blue', 'fabric', 'western', 1, 0),
(122, '木製化妝桌', 3640, '木製化妝桌.jpg', 12, 16, 5, '材質:木頭\r\n顏色:咖啡色\r\n尺寸:68cm*75cm\r\n產地:日本', 1, 'bedroom', 'brown', 'wood', 'jpn', 1, 0),
(123, '貝漢斯化妝桌', 5520, '貝漢斯化妝桌.jpg', 12, 16, 5, '材質:金屬\r\n顏色:黃色\r\n尺寸:68cm*75cm\r\n產地:韓國', 1, 'bedroom', 'yellow', 'metal', 'kor', 1, 0),
(124, '金星化妝桌', 4280, '金星化妝桌.jpg', 12, 16, 5, '材質:玻璃\r\n顏色:白色\r\n尺寸68cm*75cm\r\n產地:越南', 1, 'bedroom', 'white', 'glass', 'vn', 1, 0),
(125, '高腳化妝桌', 2380, '高腳化妝桌.jpg', 12, 16, 5, '材質:金屬\r\n顏色:黑色\r\n尺寸68cm*75cm\r\n產地:臺灣', 1, 'bedroom', 'black', 'metal', 'tw', 1, 0),
(126, '陶瓷化妝桌', 3640, '陶瓷化妝桌.jpg', 12, 16, 5, '材質:陶瓷\r\n顏色:白色\r\n尺寸68cm*75cm\r\n產地:比利時', 1, 'bedroom', 'white', 'ceramics', 'eu', 1, 0),
(127, '簡約鵝卵石化妝桌', 4860, '簡約鵝卵石化妝桌.jpg', 12, 16, 5, '材質:鵝卵石\r\n顏色:黑色\r\n尺寸68cm*75cm\r\n產地:中國', 1, 'bedroom', 'black', 'ceramics', 'cn', 1, 0),
(128, '鵝卵石化妝桌', 6750, '鵝卵石化妝桌.jpg', 12, 16, 5, '材質:鵝卵石\r\n顏色:灰色\r\n尺寸68cm*75cm\r\n產地:臺灣', 1, 'bedroom', 'black', 'ceramics', 'tw', 1, 0),
(129, '主臥豪華衣櫥', 33800, '主臥豪華衣櫥.jpg', 12, 15, 5, '材質:檜木\r\n顏色:褐色\r\n尺寸:182cm*355cm\r\n產地:臺灣', 1, 'bedroom', 'brown', 'wood', 'tw', 1, 0),
(130, '低版衣櫃', 6750, '低版衣櫃.jpg', 12, 15, 5, '材質:陶瓷\r\n顏色:灰色\r\n尺寸:137cm*159cm\r\n產地:日本', 1, 'bedroom', 'grey', 'ceramics', 'jpn', 1, 0),
(131, '兒童衣櫥', 18900, '兒童衣櫥.jpg', 12, 15, 5, '材質:陶瓷\r\n顏色:白色\r\n尺寸:178cm*183cm\r\n產地:越南', 1, 'bedroom', 'white', 'ceramics', 'vn', 1, 0),
(132, '南卡林巴衣櫥', 23800, '南卡林巴衣櫥.jpg', 12, 15, 5, '材質:木頭\r\n顏色:白色\r\n尺寸:187cm*163cm\r\n產地:韓國', 1, 'bedroom', 'white', 'wood', 'kor', 1, 0),
(133, '拼接衣櫥', 15560, '拼接衣櫥.jpg', 12, 15, 5, '材質:陶瓷\r\n顏色:灰色\r\n尺寸:205cm*258cm\r\n產地:德國', 1, 'bedroom', 'grey', 'ceramics', 'eu', 1, 0),
(134, '開放式衣櫥', 8960, '開放式衣櫥.jpg', 12, 15, 5, '材質:木頭\r\n顏色:褐色\r\n尺寸:176cm*198cm\r\n產地:美國', 1, 'bedroom', 'brown', 'wood', 'us', 1, 0),
(135, '簡約衣櫥', 9550, '簡約衣櫥.jpg', 12, 15, 5, '材質:檜木\r\n顏色:黑色\r\n尺寸:187cm*269cm\r\n產地:台灣', 1, 'bedroom', 'black', 'wood', 'tw', 1, 0),
(136, '古典時期燭台', 1080, '古典時期燭台.jpg', 12, 12, 5, '材質:金屬\r\n顏色:灰色\r\n尺寸:如圖\r\n產地:德國', 1, 'bedroom', 'grey', 'metal', 'eu', 1, 0),
(137, '房子造型燭台', 1280, '房子造型燭台.jpg', 12, 12, 5, '材質:玻璃\r\n顏色:白色\r\n尺寸:如圖\r\n產地:韓國', 1, 'bedroom', 'white', 'glass', 'kor', 1, 0),
(138, '金屬燭台', 980, '金屬燭台.jpg', 12, 12, 5, '材質:金屬\r\n顏色:黑色\r\n尺寸:如圖\r\n產地:日本', 1, 'bedroom', 'black', 'metal', 'jpn', 1, 0),
(139, '粗陶燭台', 1280, '粗陶燭台.jpg', 12, 12, 5, '材質:粗陶\r\n顏色:白色\r\n尺寸:如圖\r\n產地:台灣', 1, 'bedroom', 'white', 'ceramics', 'tw', 1, 0),
(140, '幾何圖形燭台', 1380, '幾何圖形燭台.jpg', 12, 12, 5, '材質:玻璃\r\n顏色:黑色\r\n尺寸:如圖\r\n產地:越南', 1, 'bedroom', 'black', 'glass', 'vn', 1, 0),
(141, '鴛鴦燭台', 880, '鴛鴦燭台.jpg', 12, 24, 5, '材質:陶瓷\r\n顏色:黑色\r\n尺寸:如圖\r\n產地:台灣', 1, 'bedroom', 'black', 'ceramics', 'tw', 1, 0),
(142, '鴛鴦燭台', 880, '鴛鴦燭台.jpg', 12, 24, 5, '材質:陶瓷\r\n顏色:綠色\r\n尺寸:如圖\r\n產地:台灣', 1, 'bedroom', 'green', 'ceramics', 'tw', 1, 0),
(143, '鴛鴦燭台', 880, '鴛鴦燭台.jpg', 12, 24, 5, '材質:陶瓷\r\n顏色:白色\r\n尺寸:如圖\r\n產地:台灣', 1, 'bedroom', 'white', 'ceramics', 'tw', 1, 0),
(144, '鴛鴦燭台', 880, '鴛鴦燭台.jpg', 12, 24, 5, '材質:陶瓷\r\n顏色:藍色\r\n尺寸:如圖\r\n產地:台灣', 1, 'bedroom', 'blue', 'ceramics', 'tw', 1, 0),
(145, '麋鹿燭台', 1180, '麋鹿燭台.jpg', 12, 24, 5, '材質:玻璃\r\n顏色:白色\r\n尺寸:如圖\r\n產地:英國', 1, 'bedroom', 'white', 'glass', 'eu', 1, 0),
(146, 'cotton蠟燭', 880, 'cotton蠟燭.jpg', 12, 24, 5, '材質:植物蠟\r\n顏色:白色\r\n尺寸:如圖\r\n產地:日本', 1, 'bedroom', 'white', 'glass', 'jpn', 1, 0),
(147, 'KP蠟燭', 990, 'KP蠟燭.jpg', 12, 24, 5, '材質:植物蠟\r\n顏色:黑色\r\n尺寸:如圖\r\n產地:台灣', 1, 'bedroom', 'black', 'ceramics', 'tw', 1, 0),
(148, 'zorik蠟燭', 880, 'zorik蠟燭.jpg', 12, 12, 5, '材質:礦物蠟\r\n顏色:白色\r\n尺寸:如圖\r\n產地:韓國', 1, 'bedroom', 'white', 'ceramics', 'kor', 1, 0),
(149, '六角螺帽蠟燭', 1080, '六角螺帽蠟燭.jpg', 12, 24, 5, '材質:礦物蠟\r\n顏色:黑色\r\n尺寸:如圖\r\n產地:美國', 1, 'bedroom', 'black', 'metal', 'us', 1, 0),
(150, '玫瑰香蠟燭', 650, '玫瑰香蠟燭.jpg', 12, 24, 5, '材質:植物蠟\r\n顏色:白色\r\n尺寸:如圖\r\n產地:中國', 1, 'bedroom', 'white', 'glass', 'cn', 1, 0),
(151, '食物香氛蠟燭', 1180, '食物香氛蠟燭.jpg', 12, 24, 5, '材質:植物蠟\r\n顏色:紅色\r\n尺寸:如圖\r\n產地:義大利', 1, 'bedroom', 'red', 'metal', 'eu', 1, 0),
(152, '食物香氛蠟燭', 1180, '食物香氛蠟燭.jpg', 12, 24, 5, '材質:植物蠟\r\n顏色:褐色\r\n尺寸:如圖\r\n產地:義大利', 1, 'bedroom', 'brown', 'metal', 'eu', 1, 0),
(153, '薰衣草蠟燭', 780, '薰衣草蠟燭.jpg', 12, 24, 5, '材質:植物蠟\r\n顏色:紫色\r\n尺寸:如圖\r\n產地:台灣', 1, 'bedroom', 'purple', 'glass', 'tw', 1, 0),
(201, '實木吧檯桌椅組', 10699, '實木吧檯桌椅組.jpg', 12, 12, 3, '材質:山毛櫸實木\r\n顏色:木頭純色\r\n尺寸:桌-120*93*43/椅-42.5*64.5*39\r\n產地:台灣\r\n規格:餐桌*1+椅子*2', 3, 'rest', 'brown', 'wood', 'tw', 0, 1),
(202, '橡膠木餐桌組', 27099, '橡膠木餐桌組.jpg', 12, 12, 5, '材質:橡膠木實木\r\n顏色:木頭純色\r\n尺寸:桌-130*60*78cm/半圓椅:78*37*45/方形椅78*3845cm\r\n產地:台灣\r\n規格:餐桌*1+方形椅*2+半圓椅*4', 7, 'rest', 'brown', 'wood', 'tw', 0, 1),
(203, '日式木作餐桌椅組', 7999, '橡膠木餐桌組.jpg', 12, 12, 8, '材質:松木、五金零件、聚酯纖維仿棉麻布料\r\n顏色:木頭純色\r\n尺寸:桌-118*73*73cm/椅子:41*47*83cm\r\n產地:台灣\r\n規格:餐桌*1+椅子*4', 15, 'rest', 'brown', 'wood', 'tw', 0, 1),
(204, '可延伸實木餐桌椅組-白橡木色', 12739, '可延伸實木餐桌椅組-白橡木色.jpg', 12, 12, 10, '材質:山毛櫸木\r\n顏色:白橡木色\r\n尺寸:桌-150-194(伸縮)*90*75cm/椅子:46*54*95cm\r\n產地:韓國\r\n規格:餐桌*1+椅子*6', 20, 'rest', 'white', 'wood', 'kor', 0, 1),
(205, '可延伸實木餐桌椅組-櫻桃木色', 12739, '可延伸實木餐桌椅組-櫻桃木色.jpg', 12, 12, 7, '材質:山毛櫸木\r\n顏色:櫻桃木色\r\n尺寸:桌-150-194(伸縮)*90*75cm/椅子:46*54*95cm\r\n產地:韓國\r\n規格:餐桌*1+椅子*6', 13, 'rest', 'brown', 'wood', 'kor', 0, 1),
(206, '可延伸實木餐桌椅組-胡桃木色', 12739, '可延伸實木餐桌椅組-胡桃木色.jpg', 12, 12, 8, '材質:山毛櫸木\r\n顏色:胡桃木色\r\n尺寸:桌-150-194(伸縮)*90*75cm/椅子:46*54*95cm\r\n產地:韓國\r\n規格:餐桌*1+椅子*6', 15, 'rest', 'brown', 'wood', 'kor', 0, 1),
(207, '天然大理石餐桌椅', 32050, '天然大理石餐桌椅.jpg', 16, 16, 2, '材質:大理石、橡木\r\n顏色:大理石紋\r\n尺寸:桌-150*90*75cm/椅子:46*54*95cm\r\n產地:瑞典\r\n規格:餐桌*1+椅子*4', 30, 'rest', 'white', 'wood', 'eu', 0, 1),
(208, '輕奢大理石餐桌椅', 43090, '輕奢大理石餐桌椅.jpg', 12, 12, 25, '材質:大理石、橡木、皮革\r\n顏色:大理石紋\r\n尺寸:桌-150、90(轉盤)*78*53cm/椅子:44*52*91cm\r\n產地:挪威\r\n規格:餐桌*1+椅子*8', 33, 'rest', 'white', 'wood', 'eu', 0, 1),
(209, '義大利4件餐具組', 1380, '義大利4件餐具組.jpg', 12, 25, 30, '材質:頂級不鏽鋼+仿木紋ABS塑料握柄\r\n規格:22cm主餐刀*1入/21cm主餐叉*1入/21cm主餐匙*1入/15cm咖啡匙*1入\r\n產地:義大利', 50, 'rest', 'gray', 'metal', 'eu', 0, 1),
(210, '英國典藏義大利藍系列-兩層蛋糕盤', 3344, '英國典藏義大利藍系列-兩層蛋糕盤.jpg', 12, 25, 10, '材質:Earthenware陶瓷\r\n規格:蛋糕盤*2入、鐵架*1組、原裝彩盒*1入\r\n產地:英國', 15, 'rest', 'blue', 'ceramics', 'eu', 1, 0),
(211, '英國典藏義大利藍系列-花茶杯盤組', 1584, '英國典藏義大利藍系列-花茶杯盤組.jpg', 12, 25, 13, '材質:Earthenware陶瓷\r\n尺寸:杯口直徑 9.5*6.2cm、茶托直徑 14.5*2.3cm\r\n規格:茶杯*1/茶托*1\r\n產地:英國', 20, 'rest', 'blue', 'ceramics', 'eu', 0, 1),
(212, '英國經典植物園藍系列-湯碗', 1742, '英國經典植物園藍系列-湯碗.jpg', 12, 25, 10, '材質:Earthenware陶瓷\r\n尺寸：碗口直徑 18cm*高 7.8cm\r\n產地:英國', 23, 'rest', 'white', 'ceramics', 'eu', 1, 0),
(213, '英國百子蓮系列-義式餐碗', 2182, '英國百子蓮系列-義式餐碗.jpg', 12, 25, 5, '材質:Earthenware陶瓷\r\n尺寸：15\'\r\n產地:英國', 40, 'rest', 'white', 'ceramics', 'eu', 1, 0),
(214, '英國百子蓮系列-花茶杯盤組', 1390, '英國百子蓮系列-花茶杯盤組.jpg', 12, 25, 10, '材質:Earthenware陶瓷\r\n尺寸：285ml\r\n規格:茶杯*1/茶托*1\r\n產地:英國', 6, 'rest', 'white', 'ceramics', 'eu', 1, 0),
(215, '英國百子蓮系列-餐盤', 862, '英國百子蓮系列-餐盤.jpg', 12, 25, 8, '材質:Earthenware陶瓷\r\n尺寸：11\'\r\n產地:英國', 17, 'rest', 'white', 'ceramics', 'eu', 1, 0),
(216, '英國百子蓮系列-麥片碗', 836, '英國百子蓮系列-麥片碗.jpg', 12, 25, 10, '材質:Earthenware陶瓷\r\n尺寸：7.5\'\r\n產地:英國', 21, 'rest', 'white', 'ceramics', 'eu', 1, 0),
(217, '英國百子蓮系列-1.1L茶壺', 4382, '英國百子蓮系列-1.1L茶壺.jpg', 12, 25, 10, '材質:Earthenware陶瓷\r\n尺寸：1.1L\r\n產地:英國', 21, 'rest', 'white', 'ceramics', 'eu', 1, 0),
(218, '英國典藏義大利藍系列-碗', 968, '英國典藏義大利藍系列-碗.jpg', 12, 25, 15, '材質:Earthenware陶瓷\r\n尺寸：碗口直徑 11* 6cm\r\n產地:英國', 7, 'rest', 'blue', 'ceramics', 'eu', 1, 0),
(219, '葡萄牙霧面不鏽鋼湯杓', 2182, '葡萄牙霧面不鏽鋼湯杓.jpg', 12, 19, 15, '材質:18/10不鏽鋼(金5%)+磨砂處理的圓滑樹脂柄\r\n尺寸：21cm\r\n產地:葡萄牙', 7, 'kitchen', 'yellow', 'metal', 'eu', 1, 0),
(220, '家嚐-鐵鍋32cm', 2980, '家嚐-鐵鍋32cm.jpg', 12, 19, 0, '材質:2.0mm碳鋼碳化處理、橡膠木、玻璃蓋\r\n尺寸：49*29*12.2cm含蓋高度/鍋蓋：9x7cm\r\n產地:台灣', 24, 'kitchen', 'black', 'metal', 'tw', 1, 0),
(221, '家嚐-鐵鏟', 580, '家嚐-鐵鏟.jpg', 12, 19, 14, '材質:304不鏽鋼\r\n尺寸：10*37*3cm\r\n產地:台灣', 13, 'kitchen', 'black', 'metal', 'tw', 1, 0),
(222, '家嚐-單柄鍋18cm', 3580, '家嚐-單柄鍋18cm.jpg', 12, 19, 20, '材質:鑄鋁、電木、鐵氟龍不沾塗層Teflon Profile\r\n尺寸：鍋口外徑18*35*含蓋高14cm\r\n產地:台灣', 25, 'kitchen', 'black', 'metal', 'tw', 1, 0),
(223, '家嚐-碳化平底鐵鍋28cm', 1980, '家嚐-碳化平底鐵鍋28cm.jpg', 12, 19, 14, '材質:2.0mm碳鋼碳化處理、橡膠木、玻璃蓋\r\n尺寸：49*29*12.2cm含蓋高度/鍋蓋：29*7cm\r\n產地:台灣', 15, 'kitchen', 'black', 'metal', 'tw', 1, 0),
(224, '家嚐-深煎不沾鍋28cm', 2580, '家嚐-深煎不沾鍋28cm.jpg', 12, 19, 10, '材質:鑄鋁、電木、不鏽鋼、強化玻璃\r\n尺寸：鍋身29*50.3x15.5cm含蓋高度、鍋蓋 29.2* 7cm、把手21cm\r\n產地:台灣', 26, 'kitchen', 'black', 'metal', 'tw', 1, 0),
(225, '家嚐-超耐磨頂級不沾鍋30cm', 3880, '家嚐-超耐磨頂級不沾鍋30cm.jpg', 12, 19, 3, '材質:碳鋼、橡膠木、玻璃\r\n尺寸：31.2*53.2*14cm含蓋高度 / 鍋蓋：31.5*7.5cm\r\n產地:台灣', 18, 'kitchen', 'black', 'metal', 'tw', 1, 0),
(226, '家嚐-迷你湯鍋16cm', 1380, '家嚐-迷你湯鍋16cm.jpg', 12, 19, 4, '材質:碳鋼、橡膠木、玻璃\r\n尺寸：35*17*13cm含蓋高度與手把長度 / 鍋蓋：直徑17*6cm\r\n產地:台灣', 29, 'kitchen', 'black', 'metal', 'tw', 1, 0),
(227, '虹彩鋼可微波不鏽鋼琺瑯便當盒', 2180, '虹彩鋼可微波不鏽鋼琺瑯便當盒.jpg', 12, 19, 10, '材質:不鏽鋼、琺瑯塗層、矽膠上蓋\r\n尺寸：直徑176cm內隔層(兩入)/7.8*7.8*5cm\r\n產地:台灣', 32, 'kitchen', 'pink', 'metal', 'tw', 1, 0),
(228, '亨利三人布沙發', 27990, '亨利三人布沙發.jpg', 12, 13, 5, '材質:座框: 松木＋泡棉＋繃帶＋布 / 椅腳: 白橡木\r\n尺寸：椅高75*座高41*椅身96*椅寬225cm\r\n產地:北歐', 20, 'livingroom', 'white', 'wood', 'eu', 1, 0),
(229, '半皮3人電動躺式沙發-棕色', 35000, '半皮3人電動躺式沙發-棕.jpg', 12, 13, 3, '材質:松木、泡棉、皮革、PVC / 椅腳: 白橡木\r\n尺寸：191*96*98cm\r\n產地:瑞典', 48, 'livingroom', 'brown', 'leather', 'eu', 1, 0),
(230, '半皮3人電動躺式沙發-灰色', 36200, '半皮3人電動躺式沙發-灰.jpg', 12, 13, 5, '材質:松木、泡棉、皮革、PVC / 椅腳: 白橡木\r\n尺寸：191*96*98cm\r\n產地:瑞典', 51, 'livingroom', 'gray', 'leather', 'eu', 1, 0),
(231, '全牛皮L型電動沙發', 47999, '全牛皮L型電動沙發.jpg', 12, 13, 8, '材質:牛皮、落葉松木、膠合板、單板層積材、聚胺酯(PU)泡綿、聚酯纖維\r\n尺寸:231*297*80cm\r\n規格:沙發含USB座、座面採用頭層牛皮\r\n產地:中國\r\n', 13, 'livingroom', 'white', 'leather', 'cn', 1, 0),
(232, '義大利原裝進口電動牛皮沙發', 11800, '義大利原裝進口電動牛皮沙發.jpg', 12, 13, 0, '材質:牛皮、落葉松木、膠合板、單板層積材、聚胺酯(PU)泡綿、聚酯纖維\r\n尺寸:231*297*80cm\r\n規格:座面採用頭層牛皮\r\n產地:義大利\r\n', 56, 'livingroom', 'brown', 'leather', 'eu', 1, 0),
(233, '紐西蘭進口白色電視櫃', 6200, '紐西蘭進口白色電視櫃.jfif', 12, 15, 13, '材質:高密度纖維板、紐西蘭進口松木腳\r\n尺寸：127*48*61cm\r\n產地:紐西蘭', 22, 'livingroom', 'white', 'wood', 'eu', 1, 0),
(234, '米白烤漆電視櫃', 13800, '米白烤漆電視櫃.jpg', 12, 15, 11, '材質:高密度纖維板、紐西蘭進口松木腳\r\n尺寸：63*40*173cm\r\n產地:美國', 15, 'livingroom', 'white', 'wood', 'us', 1, 0),
(250, '衛浴手把推車', 3699, '衛浴手把縫隙推車.jfif', 12, 12, 5, '材質:鑄鐵加粉體烤漆；頂板 天然木材裝飾纖維板；輪腳 尼龍\r\n顏色:白色\r\n尺寸:13*47.5*68cm\r\n產地:美國\r\n', 25, 'bathroom', 'white', 'wood', 'us', 1, 0),
(251, 'kit洗衣籃-白', 2280, 'kit洗衣籃.jfif', 12, 15, 7, '材質:鑄鐵加粉體烤漆；輪腳 尼龍\r\n顏色:白色\r\n尺寸:28*46.5*61cm\r\n產地:德國\r\n', 31, 'bathroom', 'white', 'metal', 'eu', 1, 0),
(252, 'kit洗衣籃-黑', 2280, 'kit洗衣籃-黑.jpg', 12, 15, 7, '材質:鑄鐵加粉體烤漆；輪腳 尼龍\r\n顏色:白色\r\n尺寸:28*46.5*61cm\r\n產地:德國\r\n', 31, 'bathroom', 'black', 'metal', 'eu', 1, 0),
(253, '吸盤式吊掛牙刷架-黑', 415, '吸盤式吊掛牙刷架-黑.jfif', 12, 12, 7, '材質:鑄鐵加粉體烤漆\r\n顏色:黑色\r\n尺寸:15*4.5*5.5\r\n產地:越南\r\n', 31, 'bathroom', 'black', 'metal', 'vn', 1, 0),
(254, '吸盤式吊掛牙刷架-白', 415, '吸盤式吊掛牙刷架-白.jfif', 12, 22, 7, '材質:鑄鐵加粉體烤漆\r\n顏色:黑色\r\n尺寸:15*4.5*5.5\r\n產地:越南\r\n', 31, 'bathroom', 'white', 'metal', 'vn', 1, 0),
(255, '分層瓶罐置物架-白', 1345, '分層瓶罐置物架-白.jfif', 12, 15, 9, '材質:鑄鐵加粉體烤漆\r\n顏色:白色\r\n尺寸:15*4.5*5.5\r\n產地:日本\r\n', 31, 'bathroom', 'white', 'metal', 'jpn', 1, 0),
(256, '分層瓶罐置物架-黑', 1345, '分層瓶罐置物架-黑.jfif', 12, 15, 7, '材質:鑄鐵加粉體烤漆\r\n顏色:白色\r\n尺寸:15*4.5*5.5\r\n產地:日本\r\n', 15, 'bathroom', 'black', 'metal', 'jpn', 1, 0),
(257, '衛浴工具收納架-白', 1150, '衛浴工具收納架-白.jfif', 12, 15, 8, '材質:鑄鐵加粉體烤漆\r\n顏色:白色\r\n尺寸:15*4.5*5.5\r\n產地:中國\r\n', 19, 'bathroom', 'white', 'plastic', 'cn', 1, 0),
(258, '衛浴工具收納架-黑', 1150, '衛浴工具收納架-黑.jfif', 12, 15, 9, '材質:鑄鐵加粉體烤漆\r\n顏色:黑色\r\n尺寸:15*4.5*5.5\r\n產地:中國\r\n', 25, 'bathroom', 'black', 'plastic', 'cn', 1, 0),
(259, '階梯式浴巾架', 2160, '浴巾架-白.jfif', 12, 12, 5, '材質:鑄鐵加粉體烤漆\r\n顏色:白色\r\n尺寸:15*4.5*5.5\r\n產地:韓國\r\n', 25, 'bathroom', 'white', 'metal', 'kor', 1, 0),
(260, '手提式三層置物架', 1580, '手提式三層置物架.jfif', 12, 12, 10, '材質:鑄鐵加粉體烤漆\r\n顏色:黑色\r\n尺寸:15*4.5*5.5\r\n產地:韓國\r\n', 35, 'bathroom', 'black', 'metal', 'kor', 1, 0),
(261, '大理石浴室收納架', 1520, '大理石浴室收納架.jfif\r\n', 12, 12, 15, '材質:pp+金屬\r\n顏色:大理石紋\r\n尺寸:15*4.5*5.5\r\n產地:台灣', 20, 'bathroom', 'white', 'metal', 'tw', 1, 0),
(262, '小獅王浴盆', 2100, '獅王浴盆.jfif\r\n', 12, 12, 10, '材質:pp\r\n顏色:綠色\r\n尺寸:15*4.5*5.5\r\n產地:台灣', 37, 'bathroom', 'green', 'plastic', 'tw', 1, 0),
(263, '浴室塑料小板凳', 670, '浴室塑料小板凳.jpg\r\n', 12, 17, 5, '材質:pp\r\n顏色:灰色\r\n尺寸:15*4.5*5.5\r\n產地:台灣', 26, 'bathroom', 'gray', 'plastic', 'tw', 1, 0),
(264, '丹麥寶寶浴缸', 1750, '丹麥寶寶浴缸.jpg\r\n', 12, 12, 6, '材質:pp\r\n顏色:白色\r\n尺寸:15*4.5*5.5\r\n產地:丹麥', 39, 'bathroom', 'white', 'plastic', 'eu', 1, 0),
(265, '雙層壓克力獨立式浴缸', 3980, '雙層壓克力獨立式浴缸.jpg\r\n', 12, 12, 7, '材質:壓克力\r\n顏色:白色\r\n尺寸:15*4.5*5.5\r\n產地:美國', 33, 'bathroom', 'white', 'plastic', 'us', 1, 0),
(266, '毛巾架擴充組', 875, '毛巾架擴充組.jpg\r\n', 12, 12, 10, '材質:壓克力\r\n顏色:白色\r\n尺寸:15*4.5*5.5\r\n產地:越南', 30, 'bathroom', 'white', 'plastic', 'vn', 0, 1),
(267, 'Flow肥皂架', 350, 'Flow肥皂架.jpg\r\n', 12, 12, 7, '材質:壓克力\r\n顏色:白色\r\n尺寸:15*4.5*5.5\r\n產地:台灣', 33, 'bathroom', 'white', 'plastic', 'tw', 1, 0),
(268, '加高型層板置物架-白', 3280, '加高型層板置物架-白.jpg\r\n', 12, 15, 7, '材質:壓克力\r\n顏色:白色\r\n尺寸:15*4.5*5.5\r\n產地:日本', 33, 'bathroom', 'white', 'metal', 'jpn', 1, 0),
(269, '加高型層板置物架-黑', 3280, '加高型層板置物架-黑.jpg\r\n', 12, 15, 20, '材質:壓克力\r\n顏色:黑色\r\n尺寸:15*4.5*5.5\r\n產地:日本', 27, 'bathroom', 'black', 'metal', 'jpn', 1, 0),
(270, 'LUXS晶透肥皂架', 680, 'LUXS晶透肥皂架.jpg\r\n', 12, 15, 0, '材質:壓克力\r\n顏色:白色\r\n尺寸:15*4.5*5.5\r\n產地:韓國', 23, 'bathroom', 'white', 'metal', 'kor', 1, 0);

-- --------------------------------------------------------

--
-- 資料表結構 `management`
--

CREATE TABLE `management` (
  `id` int(11) NOT NULL,
  `file` text NOT NULL
) ENGINE=InnoDB DEFAULT CHARSET=utf8mb4;

--
-- 傾印資料表的資料 `management`
--

INSERT INTO `management` (`id`, `file`) VALUES
(2, 'CarouselImg1.png'),
(3, 'CarouselImg2.png'),
(4, 'CarouselImg3.png'),
(5, 'CarouselImg4.png'),
(6, 'CarouselImg5.png');

-- --------------------------------------------------------

--
-- 資料表結構 `news`
--

CREATE TABLE `news` (
  `id` int(11) NOT NULL,
  `title` varchar(100) NOT NULL,
  `contents` varchar(500) NOT NULL,
  `date` date NOT NULL,
  `nsell` int(11) NOT NULL
) ENGINE=InnoDB DEFAULT CHARSET=utf8mb4;

--
-- 傾印資料表的資料 `news`
--

INSERT INTO `news` (`id`, `title`, `contents`, `date`, `nsell`) VALUES
(1, '夏季新品', '夏季新品上架啦，歡迎選購', '2020-06-29', 1);

-- --------------------------------------------------------

--
-- 資料表結構 `ord`
--

CREATE TABLE `ord` (
  `id` int(11) NOT NULL,
  `userid` int(11) NOT NULL,
  `OrderedDate` date NOT NULL,
  `t_price` int(11) NOT NULL,
  `OrderStatus` text COLLATE utf8mb4_unicode_ci NOT NULL,
  `payment_method` varchar(20) COLLATE utf8mb4_unicode_ci NOT NULL,
  `payment_status` varchar(15) COLLATE utf8mb4_unicode_ci NOT NULL
) ENGINE=InnoDB DEFAULT CHARSET=utf8mb4 COLLATE=utf8mb4_unicode_ci;

--
-- 傾印資料表的資料 `ord`
--

INSERT INTO `ord` (`id`, `userid`, `OrderedDate`, `t_price`, `OrderStatus`, `payment_method`, `payment_status`) VALUES
(1, 1, '2022-07-19', 1030, '已送達', 'visa', 'yes'),
(2, 2, '2022-08-19', 5037, '接收訂單', 'cash', 'no'),
(8, 2, '2022-10-03', 340, '已出貨', 'creditcard', 'yes'),
(10, 2, '2022-06-14', 3200, '已送達', 'linepay', 'yes'),
(11, 2, '2022-10-10', 570, '取消訂單', '', 'no'),
(12, 2, '2022-10-03', 4780, '接收訂單', 'creditcard', 'yes');

-- --------------------------------------------------------

--
-- 資料表結構 `order_detail`
--

CREATE TABLE `order_detail` (
  `id` int(11) NOT NULL,
  `orderid` int(11) NOT NULL,
  `itemid` int(11) NOT NULL,
  `amount` int(11) NOT NULL,
  `subtotal` int(11) NOT NULL
) ENGINE=InnoDB DEFAULT CHARSET=utf8mb4;

-- --------------------------------------------------------

--
-- 資料表結構 `purchase_order`
--

CREATE TABLE `purchase_order` (
  `P_Oid` int(10) NOT NULL,
  `SPid` text NOT NULL,
  `name` text NOT NULL,
  `cost_price` decimal(11,3) NOT NULL,
  `amount` int(10) NOT NULL,
  `date` date NOT NULL,
  `Sid` int(10) NOT NULL
) ENGINE=InnoDB DEFAULT CHARSET=utf8mb4;

--
-- 傾印資料表的資料 `purchase_order`
--

INSERT INTO `purchase_order` (`P_Oid`, `SPid`, `name`, `cost_price`, `amount`, `date`, `Sid`) VALUES
(1, 'A003670', '五斗櫃', '500.000', 10, '2020-06-13', 6),
(2, 'A012783', '滑門衣櫃', '1000.000', 5, '2020-06-01', 7),
(3, 'B823894', '兒童桌椅組', '398.000', 20, '2020-06-15', 13),
(4, 'B893212', '松木書桌', '676.000', 12, '2020-06-08', 13),
(5, 'B903221', '學生書桌', '487.000', 20, '2020-06-09', 13),
(6, 'C389032', '安奈滑鼠墊', '67.000', 23, '2020-06-26', 9),
(7, 'C389213', '安奈特滑鼠', '84.000', 50, '2020-06-25', 9),
(8, 'C382933', '安奈特鍵盤', '200.000', 49, '2020-06-26', 9),
(9, 'D879321', '造型眼鏡', '200.000', 80, '2020-06-23', 18),
(10, 'D37823', '白熊雙層杯', '30.000', 57, '2020-06-25', 21),
(11, 'D783245', '漸層馬克杯', '85.000', 80, '2020-06-29', 20);

-- --------------------------------------------------------

--
-- 資料表結構 `smartord_detail`
--

CREATE TABLE `smartord_detail` (
  `id` int(11) NOT NULL,
  `orderid` int(11) NOT NULL,
  `itemid` int(11) NOT NULL,
  `amount` int(11) NOT NULL,
  `subtotal` int(11) NOT NULL
) ENGINE=InnoDB DEFAULT CHARSET=utf8mb4;

--
-- 傾印資料表的資料 `smartord_detail`
--

INSERT INTO `smartord_detail` (`id`, `orderid`, `itemid`, `amount`, `subtotal`) VALUES
(1, 1, 34, 3, 5);

-- --------------------------------------------------------

--
-- 資料表結構 `smart_ord`
--

CREATE TABLE `smart_ord` (
  `id` int(11) NOT NULL,
  `user` int(11) NOT NULL,
  `t_price` int(20) NOT NULL,
  `shipadress` text NOT NULL,
  `ordereddate` date NOT NULL,
  `ifplay` int(20) NOT NULL,
  `ifship` int(20) NOT NULL,
  `ordercomplete` int(20) NOT NULL
) ENGINE=InnoDB DEFAULT CHARSET=utf8mb4;

--
-- 傾印資料表的資料 `smart_ord`
--

INSERT INTO `smart_ord` (`id`, `user`, `t_price`, `shipadress`, `ordereddate`, `ifplay`, `ifship`, `ordercomplete`) VALUES
(1, 1, 20000, '台中市大里區錦州路84號17樓', '2022-11-08', 1, 0, 0),
(2, 3, 25000, '台南市凱和鎮民監錄65號20樓', '2022-11-06', 1, 1, 1);

-- --------------------------------------------------------

--
-- 資料表結構 `supplier`
--

CREATE TABLE `supplier` (
  `Sid` int(10) NOT NULL,
  `name` varchar(50) CHARACTER SET utf8mb4 COLLATE utf8mb4_unicode_ci NOT NULL,
  `Int_` text NOT NULL,
  `contact_person` varchar(10) CHARACTER SET utf8mb4 COLLATE utf8mb4_unicode_ci NOT NULL,
  `tel` varchar(11) CHARACTER SET utf8mb4 COLLATE utf8mb4_unicode_ci NOT NULL,
  `fax` varchar(11) CHARACTER SET utf8mb4 COLLATE utf8mb4_unicode_ci NOT NULL,
  `address` varchar(50) CHARACTER SET utf8mb4 COLLATE utf8mb4_unicode_ci NOT NULL,
  `regtime` date NOT NULL
) ENGINE=InnoDB DEFAULT CHARSET=utf8mb4;

--
-- 傾印資料表的資料 `supplier`
--

INSERT INTO `supplier` (`Sid`, `name`, `Int_`, `contact_person`, `tel`, `fax`, `address`, `regtime`) VALUES
(1, '太一有限公司', '公司設立時間：2010\r\n販售商品：大型家具\r\n', '蔡淑臻', '0987265340', '02-7817183', '台北市信義區豪富路72號', '2020-05-13'),
(2, '一太無限公司', '公司設立時間：2013\r\n販售商品：小型擺件', '于加州', '0973019471', '04-2443066', '彰化縣和美鎮溪尾路932號', '2021-10-20'),
(4, 'YRR有限公司', '公司設立時間：2014\r\n販售商品：紡織商品', '江西南', '0933459876', '037-351930', '苗栗縣苑裡鎮區行健路533號', '2022-10-10'),
(5, '傳說有限公司', '公司設立時間：2017\r\n販售商品：瓷器類商品', '徐摩人', '0994019384', '05-7288367', '雲林縣尾虎鎮健行路302號', '2019-10-09'),
(6, '復國股份有限公司', '公司設立時間：2015\r\n販售商品：大型鐵件', '盧慶功', '0943817654', '049-140981', '南投縣國愛鄉父王路39號', '2018-10-10'),
(7, '統一兩合公司', '公司設立時間：2019\r\n販售商品：仿花、永生花', '杜甫王', '0978550083', '06-1234678', '台南市北區孔子路155號3樓', '2020-01-18'),
(8, '美招股份有限公司', '公司設立時間：2020\r\n販售商品：手做植栽', '李榮好', '0900112233', '07-8754321', '高雄市梓楠區廣廣路193號', '2020-11-16'),
(9, '安奈特股份有限公司', '公司設立時間：2015\r\n販售商品：紡織類商品', '林麗卿', '0932180764', '08-7012457', '屏東市南洋區西洋路340號', '2019-07-02'),
(10, '琳蒂無限公司', '公司設立時間：2019\r\n販售商品：小型家具', '王博明', '0981200098', '02-3123510', '台北市中和區林森南230號', '2020-10-15'),
(11, '人生有限公司', '公司設立時間：2012\r\n販售商品：餐廚用品', '孫方香', '0900009874', '03-4135678', '桃園市中壢區山中路405號', '2019-12-26'),
(12, '潔西卡股份有限公司', '公司設立時間：2015\r\n販售商品：三麗優、迪土尼聯名商品', '關清', '0913456790', '037-728837', '苗栗縣苑里鎮區大同路509號', '2019-11-07'),
(13, '弗洛倫股份有限公司', '公司設立時間：2018\r\n販售商品：小型擺件', '張財發', '0911326789', '04-7288367', '台中市霧峰區吉峰路687號', '2021-06-22'),
(14, '莉莉安兩合公司', '公司設立時間：2010\r\n販售商品：電器商品', '王昭青', '0923465015', '049-734151', '南投縣愛台鄉孫山路91號', '2021-12-16'),
(15, '圖輪無限公司', '公司設立時間：2018\r\n販售商品：花藝、園藝商品', '陳清照', '0944569007', '05-1246890', '嘉義縣太保市故宮大道84號', '2020-08-10'),
(16, '曉清有限公司', '公司設立時間：2018\r\n販售商品：天然礦石、水晶', '馬爾泰若曦', '0900900790', '06-1250857', '台南市鹽水區路竹路996號', '2020-10-08'),
(17, '萬合股份有限公司', '公司設立時間：2016\r\n販售商品：家用小型電器', '富察容音', '0987265330', '07-8964381', '高雄市鹽埕區中正四路420號', '2017-07-15'),
(18, '老高有限公司', '公司設立時間：2017\r\n販售商品：文具用品', '魏瓔珞', '0987097652', '08-7451364', '屏東縣內埔鄉學府路353號', '2017-07-10'),
(19, '小莫無限公司', '公司設立時間：2015\r\n販售商品：小童傢俱', '林殊', '0987265344', '02-7356423', '新北市板橋區大關路854號', '2016-08-19'),
(20, '艾莉絲股份有限公司', '公司設立時間：2017\r\n販售商品：寵物用品', '蕭景琰', '0987265241', '03-6378743', '花蓮縣壽豐鄉大學路二段145號', '2018-10-10'),
(21, '業那無限公司', '公司設立時間：2019\r\n販售商品：手飾、串珠', '穆霓凰', '0987345345', '04-5234678', '台中市南屯區嶺東路533號', '2021-12-15'),
(22, '宏碩有限公司', '公司設立時間：2017\r\n販售商品：水晶、天然礦石', '王鍾平', '0938467567', '04-2234369', '台中市北區育才街222號', '2019-10-09'),
(23, 'Royal Host', '公司設立時間：2018\r\n販售商品：精品包類', '林德美', '0912678345', '04-234378', '南投縣仁愛鄉人和路170號', '2018-07-10');

--
-- 資料表索引 `buycart`
--
ALTER TABLE `buycart`
  ADD PRIMARY KEY (`id`),
  ADD KEY `userid` (`userid`);

--
-- 資料表索引 `cart_item`
--
ALTER TABLE `cart_item`
  ADD PRIMARY KEY (`id`),
  ADD KEY `cartid` (`cartid`),
  ADD KEY `itemid` (`itemid`);

--
-- 資料表索引 `cat`
--
ALTER TABLE `cat`
  ADD PRIMARY KEY (`id`);

--
-- 資料表索引 `feedback`
--
ALTER TABLE `feedback`
  ADD PRIMARY KEY (`id`),
  ADD KEY `itemid` (`itemid`),
  ADD KEY `userid` (`userid`);

--
-- 資料表索引 `images`
--
ALTER TABLE `images`
  ADD PRIMARY KEY (`id`),
  ADD KEY `itemid` (`itemid`);

--
-- 資料表索引 `item`
--
ALTER TABLE `item`
  ADD PRIMARY KEY (`id`),
  ADD KEY `item.c1` (`c1`),
  ADD KEY `item.c2` (`c2`);

--
-- 資料表索引 `management`
--
ALTER TABLE `management`
  ADD PRIMARY KEY (`id`);

--
-- 資料表索引 `news`
--
ALTER TABLE `news`
  ADD PRIMARY KEY (`id`);

--
-- 資料表索引 `ord`
--
ALTER TABLE `ord`
  ADD PRIMARY KEY (`id`);

--
-- 資料表索引 `order_detail`
--
ALTER TABLE `order_detail`
  ADD PRIMARY KEY (`id`),
  ADD KEY `orderid` (`orderid`),
  ADD KEY `itemid` (`itemid`);

--
-- 資料表索引 `purchase_order`
--
ALTER TABLE `purchase_order`
  ADD PRIMARY KEY (`P_Oid`),
  ADD KEY `FK` (`Sid`);

--
-- 資料表索引 `smartord_detail`
--
ALTER TABLE `smartord_detail`
  ADD PRIMARY KEY (`id`),
  ADD KEY `orderid` (`orderid`),
  ADD KEY `itemid` (`itemid`);

--
-- 資料表索引 `smart_ord`
--
ALTER TABLE `smart_ord`
  ADD PRIMARY KEY (`id`),
  ADD KEY `userid` (`user`);

--
-- 資料表索引 `supplier`
--
ALTER TABLE `supplier`
  ADD PRIMARY KEY (`Sid`);

--
-- 使用資料表自動遞增(AUTO_INCREMENT) `buycart`
--
ALTER TABLE `buycart`
  MODIFY `id` int(11) NOT NULL AUTO_INCREMENT, AUTO_INCREMENT=29;

--
-- 使用資料表自動遞增(AUTO_INCREMENT) `cart_item`
--
ALTER TABLE `cart_item`
  MODIFY `id` int(11) NOT NULL AUTO_INCREMENT, AUTO_INCREMENT=10;

--
-- 使用資料表自動遞增(AUTO_INCREMENT) `cat`
--
ALTER TABLE `cat`
  MODIFY `id` int(11) NOT NULL AUTO_INCREMENT, AUTO_INCREMENT=26;

--
-- 使用資料表自動遞增(AUTO_INCREMENT) `images`
--
ALTER TABLE `images`
  MODIFY `id` int(11) NOT NULL AUTO_INCREMENT, AUTO_INCREMENT=156;

--
-- 使用資料表自動遞增(AUTO_INCREMENT) `item`
--
ALTER TABLE `item`
  MODIFY `id` int(11) NOT NULL AUTO_INCREMENT, AUTO_INCREMENT=271;

--
-- 使用資料表自動遞增(AUTO_INCREMENT) `news`
--
ALTER TABLE `news`
  MODIFY `id` int(11) NOT NULL AUTO_INCREMENT, AUTO_INCREMENT=2;

--
-- 使用資料表自動遞增(AUTO_INCREMENT) `ord`
--
ALTER TABLE `ord`
  MODIFY `id` int(11) NOT NULL AUTO_INCREMENT, AUTO_INCREMENT=13;

--
-- 使用資料表自動遞增(AUTO_INCREMENT) `purchase_order`
--
ALTER TABLE `purchase_order`
  MODIFY `P_Oid` int(10) NOT NULL AUTO_INCREMENT, AUTO_INCREMENT=12;

--
-- 使用資料表自動遞增(AUTO_INCREMENT) `supplier`
--
ALTER TABLE `supplier`
  MODIFY `Sid` int(10) NOT NULL AUTO_INCREMENT, AUTO_INCREMENT=34;

--
-- 已傾印資料表的限制式
--

--
-- 資料表的限制式 `buycart`
--
ALTER TABLE `buycart`
  ADD CONSTRAINT `buycart_ibfk_1` FOREIGN KEY (`userid`) REFERENCES `user` (`id`);

--
-- 資料表的限制式 `cart_item`
--
ALTER TABLE `cart_item`
  ADD CONSTRAINT `cart_item_ibfk_1` FOREIGN KEY (`cartid`) REFERENCES `buycart` (`id`),
  ADD CONSTRAINT `cart_item_ibfk_2` FOREIGN KEY (`itemid`) REFERENCES `item` (`id`);

--
-- 資料表的限制式 `feedback`
--
ALTER TABLE `feedback`
  ADD CONSTRAINT `feedback_ibfk_1` FOREIGN KEY (`itemid`) REFERENCES `item` (`id`),
  ADD CONSTRAINT `feedback_ibfk_2` FOREIGN KEY (`userid`) REFERENCES `user` (`id`);

--
-- 資料表的限制式 `images`
--
ALTER TABLE `images`
  ADD CONSTRAINT `images_ibfk_1` FOREIGN KEY (`itemid`) REFERENCES `item` (`id`);

--
-- 資料表的限制式 `item`
--
ALTER TABLE `item`
  ADD CONSTRAINT `item.c1` FOREIGN KEY (`c1`) REFERENCES `cat` (`id`) ON DELETE CASCADE ON UPDATE CASCADE,
  ADD CONSTRAINT `item.c2` FOREIGN KEY (`c2`) REFERENCES `cat` (`id`) ON DELETE CASCADE ON UPDATE CASCADE;

--
-- 資料表的限制式 `order_detail`
--
ALTER TABLE `order_detail`
  ADD CONSTRAINT `itemid` FOREIGN KEY (`itemid`) REFERENCES `item` (`id`),
  ADD CONSTRAINT `orderid` FOREIGN KEY (`orderid`) REFERENCES `ord` (`id`);

--
-- 資料表的限制式 `purchase_order`
--
ALTER TABLE `purchase_order`
  ADD CONSTRAINT `supplier.id` FOREIGN KEY (`Sid`) REFERENCES `supplier` (`Sid`) ON DELETE CASCADE ON UPDATE CASCADE;

--
-- 資料表的限制式 `smartord_detail`
--
ALTER TABLE `smartord_detail`
  ADD CONSTRAINT `smartord_detail_ibfk_1` FOREIGN KEY (`orderid`) REFERENCES `smart_ord` (`id`),
  ADD CONSTRAINT `smartord_detail_ibfk_2` FOREIGN KEY (`itemid`) REFERENCES `item` (`id`);

--
-- 資料表的限制式 `smart_ord`
--
ALTER TABLE `smart_ord`
  ADD CONSTRAINT `userid` FOREIGN KEY (`user`) REFERENCES `user` (`id`);
COMMIT;

