-- https://www.phpmyadmin.net/
--
-- 主機： 127.0.0.1
-- 產生時間： 2022-11-28 11:07:39
-- 伺服器版本： 10.4.25-MariaDB
-- PHP 版本： 8.1.10

START TRANSACTION;



--
-- 資料庫： `dbxx4`
--

-- --------------------------------------------------------

--
-- 資料表結構 `buycart`
--

CREATE TABLE `buycart` (
  `id` int(11) NOT NULL,
  `userid` int(11) DEFAULT NULL,
  `total_quantity` int(11) NOT NULL,
  `total_price` int(11) NOT NULL
) ENGINE=InnoDB DEFAULT CHARSET=utf8mb4;

--
-- 傾印資料表的資料 `buycart`
--

INSERT INTO `buycart` (`id`, `userid`, `total_quantity`, `total_price`) VALUES
(1, 1, 2, 40340),
(29, 2, 1, 8728),
(31, 3, 1, 2340),
(32, 4, 0, 0),
(33, 6, 0, 0);

-- --------------------------------------------------------

--
-- 資料表結構 `cart_item`
--

CREATE TABLE `cart_item` (
  `id` int(11) NOT NULL,
  `cartid` int(11) NOT NULL,
  `itemid` int(11) NOT NULL,
  `quantity` int(11) NOT NULL,
  `isSmartItem` int(1) NOT NULL DEFAULT 0
) ENGINE=InnoDB DEFAULT CHARSET=utf8mb4;

-- --------------------------------------------------------

--
-- 資料表結構 `cat`
--

CREATE TABLE `cat` (
  `id` int(11) NOT NULL,
  `name` text COLLATE utf8mb4_unicode_ci NOT NULL,
  `parent` int(11) NOT NULL,
  `link` int(11) NOT NULL
) ENGINE=InnoDB DEFAULT CHARSET=utf8mb4 COLLATE=utf8mb4_unicode_ci;

--
-- 傾印資料表的資料 `cat`
--

INSERT INTO `cat` (`id`, `name`, `parent`, `link`) VALUES
(1, '流行皮件', 0, 0),
(2, '流行鞋區', 0, 0),
(3, '流行飾品', 0, 0),
(4, '填充抱枕', 0, 0),
(12, '家具', 0, 0),
(13, '沙發', 12, 0),
(15, '櫃子', 12, 0),
(16, '桌子', 12, 0),
(17, '椅子', 12, 0),
(18, '床/床組', 12, 0),
(19, '廚具', 12, 0),
(20, '寢具', 12, 0),
(21, '燈具', 12, 0),
(22, '家電', 12, 0),
(24, '擺飾', 12, 0),
(25, '餐具', 12, 0),
(26, '家具組', 12, 0),
(27, '五金工具', 12, 0),
(28, '耳環', 3, 0),
(29, '戒指', 3, 0),
(30, '手鍊', 3, 0),
(31, '項鍊', 3, 0),
(32, '皮夾', 1, 0),
(33, '手拿包', 1, 0),
(34, '側背包', 1, 0),
(35, '後背包', 1, 0),
(36, '公事包', 1, 0),
(37, '男鞋', 2, 0),
(38, '女鞋', 2, 0);

-- --------------------------------------------------------

--
-- 資料表結構 `contactus`
--

CREATE TABLE `contactus` (
  `id` int(11) NOT NULL,
  `userid` int(11) DEFAULT NULL,
  `name` varchar(20) NOT NULL,
  `tel` int(20) NOT NULL,
  `email` varchar(50) NOT NULL,
  `text` text NOT NULL
) ENGINE=InnoDB DEFAULT CHARSET=utf8mb4;

--
-- 傾印資料表的資料 `contactus`
--

INSERT INTO `contactus` (`id`, `userid`, `name`, `tel`, `email`, `text`) VALUES
(2, 1, 'Claire', 978683528, 'shusda55225@gmail.com', '您好!');

-- --------------------------------------------------------

--
-- 資料表結構 `foot`
--

CREATE TABLE `foot` (
  `foot` text COLLATE utf8mb4_unicode_ci NOT NULL
) ENGINE=InnoDB DEFAULT CHARSET=utf8mb4 COLLATE=utf8mb4_unicode_ci;

--
-- 傾印資料表的資料 `foot`
--

INSERT INTO `foot` (`foot`) VALUES
('asd'),
('asd'),
('asd'),
('asd'),
('asd'),
('asd'),
('asd');

-- --------------------------------------------------------

--
-- 資料表結構 `images`
--

CREATE TABLE `images` (
  `id` int(11) NOT NULL,
  `itemid` int(11) NOT NULL,
  `path` text NOT NULL
) ENGINE=InnoDB DEFAULT CHARSET=utf8mb4;

--
-- 傾印資料表的資料 `images`
--

INSERT INTO `images` (`id`, `itemid`, `path`) VALUES
(1, 1, '兩用式磁扣腰包.jfif'),
(2, 2, '長夾.jpg'),
(3, 34, '醫療鋼手繩.jfif'),
(4, 35, '星球小圓盆栽.jpg'),
(5, 36, '星球小圓盆栽.jpg'),
(6, 37, '幾何花盆組.jpg'),
(7, 38, '幾何花盆組.jpg'),
(8, 39, '幾何花盆組.jpg'),
(9, 40, '幾何花盆組.jpg'),
(10, 41, '水滴造型盆栽.jpg'),
(11, 42, '水滴造型盆栽.jpg'),
(12, 43, '水滴造型盆栽.jpg'),
(13, 44, '水滴造型盆栽.jpg'),
(14, 45, '水滴造型盆栽.jpg'),
(15, 46, '水滴造型盆栽.jpg'),
(16, 49, '全心全意手鍊.jfif'),
(17, 50, '棉麻雙色枕套.jpg'),
(18, 51, '棉麻雙色枕套.jpg'),
(19, 52, '太陽花坐墊抱枕組.jpg'),
(20, 53, '太陽花坐墊抱枕組.jpg'),
(21, 54, '純色條紋枕套.jpg'),
(22, 55, '純色條紋枕套.jpg'),
(23, 56, '純色條紋枕套.jpg'),
(24, 57, '純色條紋枕套.jpg'),
(25, 58, '純色條紋枕套.jpg'),
(26, 59, '純色條紋枕套.jpg'),
(27, 70, '花梨木掛畫.jpg'),
(28, 71, '花梨木掛畫.jpg'),
(29, 72, '植栽造型時鐘.jpg'),
(30, 73, '植栽造型時鐘.jpg'),
(31, 82, '純色條紋枕套.jpg'),
(32, 83, '花梨木掛畫.jpg'),
(33, 84, '植栽造型時鐘.jpg'),
(34, 86, '螺旋花盆.jpg'),
(35, 87, '螺旋花盆.jpg'),
(36, 88, '粉色波紋花盆.jpg'),
(37, 89, '粉色波紋花盆.jpg'),
(38, 90, '禪意花盆.jpg'),
(39, 91, '禪意花盆.jpg'),
(40, 92, '青銅酒器造型花瓶.jpg'),
(41, 93, '青銅酒器造型花瓶.jpg'),
(42, 94, '單購枕芯.jpg'),
(43, 95, '單購枕芯.jpg'),
(44, 96, '單購長方枕芯.jpg'),
(45, 97, '單購長方枕芯.jpg'),
(46, 98, '長型幾何抱枕套.jpg'),
(47, 99, '長型幾何抱枕套.jpg'),
(48, 101, '木質書櫃.jpg'),
(49, 102, '布朗森書櫃.jpg'),
(50, 103, '多功能書櫃.jpg'),
(51, 104, '質感書櫃.jpg'),
(52, 105, '環保書櫃.jpg'),
(53, 106, '簡樸書櫃.jpg'),
(54, 107, '靈感書櫃.jpg'),
(55, 108, '木感書桌.jpg'),
(56, 109, '多功能書桌.jpg'),
(57, 110, '收納式書桌.jpg'),
(58, 111, '椅邊桌.jpg'),
(59, 112, '德萊尼辦公桌.jpg'),
(60, 113, '黑色圓桌.jpg'),
(61, 114, '電腦桌.jpg'),
(62, 115, '木頭質感椅.jpg'),
(63, 116, '金屬腳餐椅.jpg'),
(64, 117, '書房舒適椅.jpg'),
(65, 118, '斐特餐椅.jpg'),
(66, 119, '會議椅.jpg'),
(67, 120, '餐桌椅.jpg'),
(68, 121, '菱格天鵝絨餐椅.jpg'),
(69, 122, '木製化妝桌.jpg'),
(70, 123, '貝漢斯化妝桌.jpg'),
(71, 124, '金星化妝桌.jpg'),
(72, 125, '高腳化妝桌.jpg'),
(73, 126, '陶瓷化妝桌.jpg'),
(74, 127, '簡約鵝卵石化妝桌.jpg'),
(75, 128, '鵝卵石化妝桌.jpg'),
(76, 129, '主臥豪華衣櫥.jpg'),
(77, 130, '低版衣櫃.jpg'),
(78, 131, '兒童衣櫥.jpg'),
(79, 132, '南卡林巴衣櫥.jpg'),
(80, 133, '拼接衣櫥.jpg'),
(81, 134, '開放式衣櫥.jpg'),
(82, 135, '簡約衣櫥.jpg'),
(83, 136, '古典時期燭台.jpg'),
(84, 137, '房子造型燭台.jpg'),
(85, 138, '金屬燭台.jpg'),
(86, 139, '粗陶燭台.jpg'),
(87, 140, '幾何圖形燭台.jpg'),
(88, 141, '鴛鴦燭台.jpg'),
(89, 142, '鴛鴦燭台.jpg'),
(90, 143, '鴛鴦燭台.jpg'),
(91, 144, '鴛鴦燭台.jpg'),
(92, 145, '麋鹿燭台.jpg'),
(93, 146, 'cotton蠟燭.jpg'),
(94, 147, 'KP蠟燭.jpg'),
(95, 148, 'zorik蠟燭.jpg'),
(96, 149, '六角螺帽蠟燭.jpg'),
(97, 150, '玫瑰香蠟燭.jpg'),
(98, 151, '食物香氛蠟燭.jpg'),
(99, 152, '食物香氛蠟燭.jpg'),
(100, 153, '薰衣草蠟燭.jpg'),
(101, 201, '實木吧檯桌椅組.jpg'),
(102, 202, '橡膠木餐桌組.jpg'),
(103, 203, '橡膠木餐桌組.jpg'),
(104, 204, '可延伸實木餐桌椅組-白橡木色.jpg'),
(105, 205, '可延伸實木餐桌椅組-櫻桃木色.jpg'),
(106, 206, '可延伸實木餐桌椅組-胡桃木色.jpg'),
(107, 207, '天然大理石餐桌椅.jpg'),
(108, 208, '輕奢大理石餐桌椅.jpg'),
(109, 209, '義大利4件餐具組.jpg'),
(110, 210, '英國典藏義大利藍系列-兩層蛋糕盤.jpg'),
(111, 211, '英國典藏義大利藍系列-花茶杯盤組.jpg'),
(112, 212, '英國經典植物園藍系列-湯碗.jpg'),
(113, 213, '英國百子蓮系列-義式餐碗.jpg'),
(114, 214, '英國百子蓮系列-花茶杯盤組.jpg'),
(115, 215, '英國百子蓮系列-餐盤.jpg'),
(116, 216, '英國百子蓮系列-麥片碗.jpg'),
(117, 217, '英國百子蓮系列-1.1L茶壺.jpg'),
(118, 218, '英國典藏義大利藍系列-碗.jpg'),
(119, 219, '葡萄牙霧面不鏽鋼湯杓.jpg'),
(120, 220, '家嚐-鐵鍋32cm.jpg'),
(121, 221, '家嚐-鐵鏟.jpg'),
(122, 222, '家嚐-單柄鍋18cm.jpg'),
(123, 223, '家嚐-碳化平底鐵鍋28cm.jpg'),
(124, 224, '家嚐-深煎不沾鍋28cm.jpg'),
(125, 225, '家嚐-超耐磨頂級不沾鍋30cm.jpg'),
(126, 226, '家嚐-迷你湯鍋16cm.jpg'),
(127, 227, '虹彩鋼可微波不鏽鋼琺瑯便當盒.jpg'),
(128, 228, '亨利三人布沙發.jpg'),
(129, 229, '半皮3人電動躺式沙發-棕.jpg'),
(130, 230, '半皮3人電動躺式沙發-灰.jpg'),
(131, 231, '全牛皮L型電動沙發.jpg'),
(132, 232, '義大利原裝進口電動牛皮沙發.jpg'),
(133, 233, '紐西蘭進口白色電視櫃.jfif'),
(134, 234, '米白烤漆電視櫃.jpg'),
(135, 250, '衛浴手把縫隙推車.jfif'),
(136, 251, 'kit洗衣籃.jfif'),
(137, 252, 'kit洗衣籃-黑.jpg'),
(138, 253, '吸盤式吊掛牙刷架-黑.jfif'),
(139, 254, '吸盤式吊掛牙刷架-白.jfif'),
(140, 255, '分層瓶罐置物架-白.jfif'),
(141, 256, '分層瓶罐置物架-黑.jfif'),
(142, 257, '衛浴工具收納架-白.jfif'),
(143, 258, '衛浴工具收納架-黑.jfif'),
(144, 259, '浴巾架-白.jfif'),
(145, 260, '手提式三層置物架.jfif'),
(146, 261, '大理石浴室收納架.jfif\r\n'),
(147, 262, '獅王浴盆.jfif\r\n'),
(148, 263, '浴室塑料小板凳.jpg\r\n'),
(149, 264, '丹麥寶寶浴缸.jpg\r\n'),
(150, 265, '雙層壓克力獨立式浴缸.jpg\r\n'),
(151, 266, '毛巾架擴充組.jpg\r\n'),
(152, 267, 'Flow肥皂架.jpg\r\n'),
(153, 268, '加高型層板置物架-白.jpg\r\n'),
(154, 269, '加高型層板置物架-黑.jpg\r\n'),
(155, 270, 'LUXS晶透肥皂架.jpg\r\n');

-- --------------------------------------------------------

--
-- 資料表結構 `item`
--

CREATE TABLE `item` (
  `id` int(11) NOT NULL,
  `name` text COLLATE utf8mb4_unicode_ci NOT NULL,
  `sp_id` int(11) NOT NULL,
  `price` int(11) NOT NULL,
  `file` text COLLATE utf8mb4_unicode_ci NOT NULL,
  `c1` int(11) NOT NULL,
  `c2` int(11) NOT NULL,
  `qt` int(11) NOT NULL,
  `detail` text COLLATE utf8mb4_unicode_ci NOT NULL,
  `sell` int(11) NOT NULL,
  `location` char(10) COLLATE utf8mb4_unicode_ci DEFAULT NULL,
  `color` char(10) COLLATE utf8mb4_unicode_ci NOT NULL,
  `material` char(10) COLLATE utf8mb4_unicode_ci NOT NULL,
  `origin` char(10) COLLATE utf8mb4_unicode_ci NOT NULL,
  `smart` int(11) NOT NULL,
  `sets` int(11) NOT NULL
) ENGINE=InnoDB DEFAULT CHARSET=utf8mb4 COLLATE=utf8mb4_unicode_ci;

--
-- 傾印資料表的資料 `item`
--

INSERT INTO `item` (`id`, `name`, `sp_id`, `price`, `file`, `c1`, `c2`, `qt`, `detail`, `sell`, `location`, `color`, `material`, `origin`, `smart`, `sets`) VALUES
(1, 'ZARA男士休閒鞋', 8, 3990, 'ZARA男士休閒鞋.jpg', 2, 37, 10, '材質:皮革\r\n顏色:藍色\r\n尺寸:40~44\r\n產地:臺灣', 3, '', '藍色', '皮革', '台灣', 0, 0),
(2, '牛仔帆布男鞋', 8, 4430, '牛仔帆布男鞋.jpg', 2, 37, 10, '材質:布料\r\n顏色:藍色\r\n尺寸:40~44\r\n產地:日本', 3, '', '藍色', '布料', '日本', 0, 0),
(3, '男士皮革休閒鞋', 8, 2880, '男士皮革休閒鞋.jpg', 2, 37, 10, '材質:皮革\r\n顏色:藍色\r\n尺寸:40~44\r\n產地:韓國', 3, '', '藍色', '皮革', '韓國', 0, 0),
(4, '男士運動休閒鞋', 12, 3750, '男士運動休閒鞋.jpg', 2, 37, 10, '材質:布料\r\n顏色:白色\r\n尺寸:40~44\r\n產地:中國', 3, '', '白色', '布料', '中國', 0, 0),
(5, '男士板內增高鞋', 7, 2280, '男士板內增高鞋.jpg', 2, 37, 10, '材質:布料\r\n顏色:黑色\r\n尺寸:40~44\r\n產地:越南', 3, '', '黑色', '布料', '越南', 0, 0),
(6, '男士拼接休閒鞋', 5, 1890, '男士拼接休閒鞋.jpg', 2, 37, 10, '材質:布料\r\n顏色:棕色\r\n尺寸:40~44\r\n產地:德國', 3, '', '棕色', '布料', '歐洲', 0, 0),
(7, '男士素面白鞋', 8, 2280, '男士素面白鞋.jpg', 2, 37, 10, '材質:皮革\r\n顏色:白色\r\n尺寸:40~44\r\n產地:美國', 3, '', '白色', '皮革', '美國', 0, 0),
(8, '男士素面黑鞋', 12, 2280, '男士素面黑鞋.jpg', 2, 37, 10, '材質:皮革\r\n顏色:黑色\r\n尺寸:40~44\r\n產地:美國', 3, '', '黑色', '皮革', '美國', 0, 0),
(9, '男士高雅休閒鞋', 19, 5190, '男士高雅休閒鞋.jpg', 2, 37, 10, '材質:皮革\r\n顏色:白色\r\n尺寸:40~44\r\n產地:韓國', 3, '', '白色', '皮革', '韓國', 0, 0),
(10, '男士增高休閒鞋', 6, 4400, '男士增高休閒鞋.jpg', 2, 37, 10, '材質:皮革\r\n顏色:白色\r\n尺寸:40~44\r\n產地:日本', 3, '', '白色', '皮革', '日本', 0, 0),
(11, '牛津雕花粗跟鞋', 16, 3680, '牛津雕花粗跟鞋.jpg', 2, 38, 10, '材質:皮革\r\n顏色:棕色\r\n尺寸:35~40\r\n產地:台灣', 3, '', '棕色', '皮革', '台灣', 0, 0),
(12, '平拖穆勒鞋', 10, 1880, '平拖穆勒鞋.jpg', 2, 38, 10, '材質:皮革\r\n顏色:棕色\r\n尺寸:35~40\r\n產地:日本', 3, '', '棕色', '皮革', '日本', 0, 0),
(13, '粉色婚鞋', 7, 2480, '粉色婚鞋.jpg', 2, 38, 10, '材質:皮革\r\n顏色:粉紅色\r\n尺寸:35~40\r\n產地:韓國', 3, '', '粉紅色', '皮革', '韓國', 0, 0),
(14, '素面婚鞋', 7, 3680, '素面婚鞋.jpg', 2, 38, 10, '材質:皮革\r\n顏色:白色\r\n尺寸:35~40\r\n產地:中國', 3, '', '粉紅色', '皮革', '中國', 0, 0),
(15, '高雅銀色婚鞋', 16, 4680, '高雅銀色婚鞋.jpg', 2, 38, 10, '材質:皮革\r\n顏色:灰色\r\n尺寸:35~40\r\n產地:越南', 3, '', '灰色', '皮革', '越南', 0, 0),
(16, '黑色低跟鞋', 6, 2680, '黑色低跟鞋.jpg', 2, 38, 10, '材質:皮革\r\n顏色:黑色\r\n尺寸:35~40\r\n產地:英國', 3, '', '黑色', '皮革', '歐洲', 0, 0),
(17, '黑色高跟鞋', 19, 2680, '黑色高跟鞋.jpg', 2, 38, 10, '材質:皮革\r\n顏色:黑色\r\n尺寸:35~40\r\n產地:美國', 3, '', '黑色', '皮革', '美國', 0, 0),
(18, '經典尖頭高跟鞋', 17, 5280, '經典尖頭高跟鞋.jpg', 2, 38, 10, '材質:布料\r\n顏色:粉紅色\r\n尺寸:35~40\r\n產地:台灣', 3, '', '粉紅色', '布料', '台灣', 0, 0),
(19, '麂皮粗跟靴', 20, 3280, '麂皮粗跟靴.jpg', 2, 38, 10, '材質:布料\r\n顏色:棕色\r\n尺寸:35~40\r\n產地:日本', 3, '', '棕色', '布料', '日本', 0, 0),
(20, '雙金屬鍊輕量樂福鞋', 20, 2680, '雙金屬鍊輕量樂福鞋.jpg', 2, 38, 10, '材質:皮革\r\n顏色:棕色\r\n尺寸:35~40\r\n產地:韓國', 3, '', '棕色', '皮革', '韓國', 0, 0),
(21, 'Wonen滑櫃', 13, 18900, 'Wonen滑櫃.jpg', 12, 15, 5, '材質:木質\r\n顏色:棕色\r\n尺寸:288cm*276cm\r\n產地:台灣', 1, '臥室', '棕色', '木質', '台灣', 1, 0),
(22, '簡約衣櫃', 10, 5780, '簡約衣櫃.jpg', 12, 15, 5, '材質:木質\r\n顏色:棕色\r\n尺寸:162cm*98cm\r\n產地:台灣', 1, '臥室', '棕色', '木質', '台灣', 1, 0),
(23, '深色衣櫃', 7, 7820, '深色衣櫃.jpg', 12, 15, 5, '材質:木質\r\n顏色:黑色\r\n尺寸:162cm*98cm\r\n產地:台灣', 1, '臥室', '黑色', '木質', '台灣', 1, 0),
(24, '大象', 4, 690, '大象.jpg', 4, 4, 5, '材質:布料\r\n顏色:藍色\r\n尺寸:10吋\r\n產地:台灣', 1, '', '藍色', '布料', '台灣', 0, 0),
(25, '小丑魚', 4, 720, '小丑魚.jpg', 4, 4, 10, '材質:布料\r\n顏色:黃色\r\n尺寸:12吋\r\n產地:台灣', 1, '', '黃色', '布料', '台灣', 0, 0),
(26, '北極熊', 18, 690, '北極熊.jpg', 4, 4, 10, '材質:布料\r\n顏色:綠色\r\n尺寸:10吋\r\n產地:台灣', 1, '', '綠色', '布料', '台灣', 0, 0),
(27, '外星人', 19, 790, '外星人.jpg', 4, 4, 10, '材質:布料\r\n顏色:灰色\r\n尺寸:13吋\r\n產地:台灣', 1, '', '灰色', '布料', '台灣', 0, 0),
(28, '羊', 19, 690, '羊.jpg', 4, 4, 10, '材質:布料\r\n顏色:白色\r\n尺寸:10吋\r\n產地:台灣', 1, '', '白色', '布料', '台灣', 0, 0),
(29, '兔子', 19, 690, '兔子.jpg', 4, 4, 10, '材質:布料\r\n顏色:紅色\r\n尺寸:10吋\r\n產地:日本', 1, '', '紅色', '布料', '日本', 0, 0),
(30, '狐狸', 19, 690, '狐狸.jpg', 4, 4, 10, '材質:布料\r\n顏色:黃色\r\n尺寸:10吋\r\n產地:韓國', 1, '', '黃色', '布料', '韓國', 0, 0),
(31, '狗狗', 19, 690, '狗狗.jpg', 4, 4, 10, '材質:布料\r\n顏色:藍色\r\n尺寸:10吋\r\n產地:中國', 1, '', '藍', '布料', '中國', 0, 0),
(32, '長頸鹿', 19, 550, '長頸鹿.jpg', 4, 4, 10, '材質:布料\r\n顏色:黃色\r\n尺寸:10吋\r\n產地:越南', 1, '', '黃色', '布料', '越南', 0, 0),
(33, '犀牛', 19, 690, '犀牛.jpg', 4, 4, 10, '材質:布料\r\n顏色:綠色\r\n尺寸:10吋\r\n產地:英國', 1, '', '綠色', '布料', '歐洲', 0, 0),
(34, '獅子', 19, 690, '獅子.jpg', 4, 4, 10, '材質:布料\r\n顏色:黃色\r\n尺寸:10吋\r\n產地:美國', 1, '', '黃色', '布料', '美國', 0, 0),
(35, '星球小圓盆栽', 19, 370, '星球小圓盆栽.jpg', 12, 24, 5, '材質:陶瓷\r\n顏色:白褐混色\r\n尺寸:15cm*15cm*5cm\r\n產地:臺灣', 3, '客廳', '棕色', '陶瓷', '台灣', 1, 0),
(36, '星球小圓盆栽', 20, 370, '星球小圓盆栽.jpg', 12, 24, 5, '材質:陶瓷\r\n顏色:白褐混色\r\n尺寸:15cm*15cm*5cm\r\n產地:臺灣', 3, '玄關', '棕色', '陶瓷', '台灣', 1, 0),
(37, '幾何花盆組', 19, 2750, '幾何花盆組.jpg', 12, 24, 5, '材質:陶瓷\r\n顏色:白色、咖啡色、深褐色\r\n尺寸:50cm*20cm*10cm/70cm*25cm*15cm/100cm*35cm*25cm\r\n產地:韓國', 1, '客廳', '白色', '陶瓷', '韓國', 1, 0),
(38, '幾何花盆組', 22, 2750, '幾何花盆組.jpg', 12, 24, 5, '材質:陶瓷\r\n顏色:白色、咖啡色、深褐色\r\n尺寸:50cm*20cm*10cm/70cm*25cm*15cm/100cm*35cm*25cm\r\n產地:韓國', 1, '客廳', '棕色', '陶瓷', '韓國', 1, 0),
(39, '幾何花盆組', 20, 2750, '幾何花盆組.jpg', 12, 24, 5, '材質:陶瓷\r\n顏色:白色、咖啡色、深褐色\r\n尺寸:50cm*20cm*10cm/70cm*25cm*15cm/100cm*35cm*25cm\r\n產地:韓國', 1, '玄關', '白色', '陶瓷', '韓國', 1, 0),
(40, '幾何花盆組', 20, 2750, '幾何花盆組.jpg', 12, 24, 5, '材質:陶瓷\r\n顏色:白色、咖啡色、深褐色\r\n尺寸:50cm*20cm*10cm/70cm*25cm*15cm/100cm*35cm*25cm\r\n產地:韓國', 1, '玄關', '棕色', '陶瓷', '韓國', 1, 0),
(41, '水滴造型盆栽', 22, 370, '水滴造型盆栽.jpg', 12, 24, 4, '材質:陶瓷\r\n顏色:粉紫色、寶寶藍、乳牛白\r\n尺寸:17cm*10cm*7cm\r\n產地:臺灣', 5, '客廳', '粉色', '陶瓷', '台灣', 1, 0),
(42, '水滴造型盆栽', 22, 370, '水滴造型盆栽.jpg', 12, 24, 4, '材質:陶瓷\r\n顏色:粉紫色、寶寶藍、乳牛白\r\n尺寸:17cm*10cm*7cm\r\n產地:臺灣', 5, '客廳', '藍色', '陶瓷', '台灣', 1, 0),
(43, '水滴造型盆栽', 20, 370, '水滴造型盆栽.jpg', 12, 24, 4, '材質:陶瓷\r\n顏色:粉紫色、寶寶藍、乳牛白\r\n尺寸:17cm*10cm*7cm\r\n產地:臺灣', 5, '客廳', '白色', '陶瓷', '台灣', 1, 0),
(44, '水滴造型盆栽', 20, 370, '水滴造型盆栽.jpg', 12, 24, 4, '材質:陶瓷\r\n顏色:粉紫色、寶寶藍、乳牛白\r\n尺寸:17cm*10cm*7cm\r\n產地:臺灣', 5, '玄關', '粉色', '陶瓷', '台灣', 1, 0),
(45, '水滴造型盆栽', 17, 370, '水滴造型盆栽.jpg', 12, 24, 4, '材質:陶瓷\r\n顏色:粉紫色、寶寶藍、乳牛白\r\n尺寸:17cm*10cm*7cm\r\n產地:臺灣', 5, '玄關', '藍色', '陶瓷', '台灣', 1, 0),
(46, '水滴造型盆栽', 21, 370, '水滴造型盆栽.jpg', 12, 24, 4, '材質:陶瓷\r\n顏色:粉紫色、寶寶藍、乳牛白\r\n尺寸:17cm*10cm*7cm\r\n產地:臺灣', 5, '玄關', '白色', '陶瓷', '台灣', 1, 0),
(47, '星星造型手鍊', 4, 380, '星星造型手鍊.jpg', 3, 30, 10, '材質:金屬\r\n顏色:金色\r\n尺寸:17.5cm\r\n產地:台灣', 1, '', '金色', '金屬', '台灣', 0, 0),
(48, '秘密約定-手鍊', 4, 530, '秘密約定-手鍊.jpg', 3, 30, 10, '材質:金屬\r\n顏色:灰色\r\n尺寸:13.5cm\r\n產地:台灣', 1, '', '灰色', '金屬', '台灣', 0, 0),
(49, '黑曜石手鍊', 4, 1030, '黑曜石手鍊.jpg', 3, 30, 10, '材質:黑曜石\r\n顏色:黑色\r\n尺寸:10.5cm\r\n產地:台灣', 1, '', '黑色', '陶瓷', '台灣', 0, 0),
(50, '棉麻雙色枕套', 17, 380, '棉麻雙色枕套.jpg', 20, 20, 5, '材質:棉麻布料\r\n顏色:白灰混色\r\n尺寸:45cm*45cm\r\n產地:臺灣', 6, '客廳', '灰色', '布料', '台灣', 0, 0),
(51, '棉麻雙色枕套', 16, 380, '棉麻雙色枕套.jpg', 20, 20, 5, '材質:棉麻布料\r\n顏色:白灰混色\r\n尺寸:45cm*45cm\r\n產地:臺灣', 6, '臥室', '灰色', '布料', '台灣', 0, 0),
(52, '太陽花坐墊抱枕組', 21, 520, '太陽花坐墊抱枕組.jpg', 20, 20, 5, '材質:棉麻布料\r\n顏色:白灰混色\r\n尺寸:30cm*30cm/40cm*40cm\r\n產地:臺灣', 15, '臥室', '白色', '布料', '台灣', 1, 0),
(53, '太陽花坐墊抱枕組', 19, 520, '太陽花坐墊抱枕組.jpg', 20, 20, 15, '材質:棉麻布料\r\n顏色:白灰混色\r\n尺寸:30cm*30cm/40cm*40cm\r\n產地:臺灣', 15, '客廳', '白色', '布料', '台灣', 1, 0),
(54, '純色條紋枕套', 20, 360, '純色條紋枕套.jpg', 20, 20, 5, '材質:棉麻布料\r\n顏色:白灰混色\r\n尺寸:45cm*45cm\r\n產地:臺灣', 6, '客廳', '白色', '布料', '台灣', 0, 0),
(55, '純色條紋枕套', 21, 360, '純色條紋枕套.jpg', 20, 20, 5, '材質:棉麻布料\r\n顏色:白灰混色\r\n尺寸:45cm*45cm\r\n產地:臺灣', 6, '客廳', '棕色', '布料', '台灣', 0, 0),
(56, '純色條紋枕套', 11, 360, '純色條紋枕套.jpg', 20, 20, 5, '材質:棉麻布料\r\n顏色:白灰混色\r\n尺寸:45cm*45cm\r\n產地:臺灣', 6, '客廳', '綠色', '布料', '台灣', 0, 0),
(57, '純色條紋枕套', 14, 360, '純色條紋枕套.jpg', 20, 20, 5, '材質:棉麻布料\r\n顏色:白灰混色\r\n尺寸:45cm*45cm\r\n產地:臺灣', 6, '臥室', '白色', '布料', '台灣', 0, 0),
(58, '純色條紋枕套', 19, 360, '純色條紋枕套.jpg', 20, 20, 5, '材質:棉麻布料\r\n顏色:白灰混色\r\n尺寸:45cm*45cm\r\n產地:臺灣', 6, '臥室', '棕色', '布料', '台灣', 0, 0),
(59, '純色條紋枕套', 21, 360, '純色條紋枕套.jpg', 20, 20, 5, '材質:棉麻布料\r\n顏色:白灰混色\r\n尺寸:45cm*45cm\r\n產地:臺灣', 6, '臥室', '綠色', '布料', '台灣', 0, 0),
(60, '熊貓', 19, 790, '熊貓.jpg', 4, 4, 10, '材質:布料\r\n顏色:白色\r\n尺寸:13吋\r\n產地:日本', 1, '', '白色', '布料', '日本', 0, 0),
(61, '豬', 19, 790, '豬.jpg', 4, 4, 10, '材質:布料\r\n顏色:粉紅色\r\n尺寸:12吋\r\n產地:韓國', 1, '', '粉紅色', '布料', '韓國', 0, 0),
(62, '貓咪', 19, 690, '貓咪.jpg', 4, 4, 10, '材質:布料\r\n顏色:白色\r\n尺寸:10吋\r\n產地:中國', 1, '', '白色', '布料', '中國', 0, 0),
(63, '鱷魚', 19, 690, '鱷魚.jpg', 4, 4, 10, '材質:布料\r\n顏色:綠色\r\n尺寸:10吋\r\n產地:越南', 1, '', '綠色', '布料', '越南', 0, 0),
(64, '愛心造型手鍊', 4, 350, '愛心造型手鍊.jpg', 3, 30, 10, '材質:金屬\r\n顏色:黑色\r\n尺寸:10.5cm\r\n產地:台灣', 1, '', '黑色', '金屬', '台灣', 0, 0),
(65, '鳳梨造型手鍊', 4, 350, '鳳梨造型手鍊.jpg', 3, 30, 10, '材質:金屬\r\n顏色:金色\r\n尺寸:10cm\r\n產地:日本', 1, '', '金色', '金屬', '日本', 0, 0),
(66, '簡約造型手鍊', 4, 440, '簡約造型手鍊.jpg', 3, 30, 10, '材質:金屬\r\n顏色:金色\r\n尺寸:10cm\r\n產地:韓國', 1, '', '金色', '金屬', '韓國', 0, 0),
(67, '藍水晶手鍊', 4, 1080, '藍水晶手鍊.jpg', 3, 30, 10, '材質:藍水晶\r\n顏色:藍色\r\n尺寸:12.5cm\r\n產地:台灣', 1, '', '藍色', '陶瓷', '台灣', 0, 0),
(68, '三角造型原木耳環', 16, 380, '三角造型原木耳環.jpg', 3, 28, 10, '材質:木質\r\n顏色:棕色\r\n尺寸:1.2吋\r\n產地:台灣', 1, '', '棕色', '木質', '台灣', 0, 0),
(69, '大圈耳環', 16, 450, '大圈耳環.jpg', 3, 28, 10, '材質:金屬\r\n顏色:金色\r\n尺寸:3.3mm\r\n產地:台灣', 1, '', '金色', '金屬', '台灣', 0, 0),
(70, '花梨木掛畫', 21, 3280, '花梨木掛畫.jpg', 12, 24, 5, '材質:花梨木\r\n尺寸:215cm*97cm\r\n產地:臺灣', 2, '客廳', '棕色', '木質', '台灣', 1, 0),
(71, '花梨木掛畫', 20, 3280, '花梨木掛畫.jpg', 12, 24, 5, '材質:花梨木\r\n尺寸:215cm*97cm\r\n產地:臺灣', 2, '玄關', '棕色', '木質', '台灣', 1, 0),
(72, '植栽造型時鐘', 19, 750, '植栽造型時鐘.jpg', 12, 24, 5, '材質:永生花\r\n尺寸:22cm*25cm\r\n產地:越南', 5, '客廳', '白色', '木質', '越南', 1, 0),
(73, '植栽造型時鐘', 18, 750, '植栽造型時鐘.jpg', 12, 22, 5, '材質:永生花\r\n尺寸:22cm*25cm\r\n產地:越南', 5, '臥室', '白色', '木質', '越南', 1, 0),
(74, '雪白耳環', 16, 450, '雪白耳環.jpg', 3, 28, 10, '材質:金屬\r\n顏色:藍色\r\n尺寸:3.3mm\r\n產地:日本', 1, '', '藍色', '金屬', '日本', 0, 0),
(75, '菱形造型耳環', 16, 550, '菱形造型耳環.jpg', 3, 28, 10, '材質:塑膠\r\n顏色:白色\r\n尺寸:3mm\r\n產地:韓國', 1, '', '白色', '塑膠', '韓國', 0, 0),
(76, '十字架造型耳環', 16, 350, '十字架造型耳環.jpg', 3, 28, 10, '材質:金屬\r\n顏色:灰色\r\n尺寸:1.5mm\r\n產地:台灣', 1, '', '灰色', '金屬', '台灣', 0, 0),
(77, '中空造型戒指', 16, 380, '中空造型戒指.jpg', 3, 29, 10, '材質:金屬\r\n顏色:灰色\r\n尺寸:7.5\r\n產地:台灣', 1, '', '灰色', '金屬', '台灣', 0, 0),
(78, '字母造型戒指', 16, 330, '字母造型戒指.jpg', 3, 29, 10, '材質:金屬\r\n顏色:灰色\r\n尺寸:7\r\n產地:台灣', 1, '', '灰色', '金屬', '台灣', 0, 0),
(79, '字母造型戒指', 16, 330, '字母造型戒指.jpg', 3, 29, 10, '材質:金屬\r\n顏色:粉紅色\r\n尺寸:7\r\n產地:台灣', 1, '', '粉紅色', '金屬', '台灣', 0, 0),
(80, '字母造型戒指', 16, 330, '字母造型戒指.jpg', 3, 29, 10, '材質:金屬\r\n顏色:金色\r\n尺寸:7\r\n產地:台灣', 1, '', '金色', '金屬', '台灣', 0, 0),
(81, '武士造型戒指', 16, 530, '武士造型戒指.jpg', 3, 29, 10, '材質:金屬\r\n顏色:灰色\r\n尺寸:7\r\n產地:日本', 1, '', '灰色', '金屬', '日本', 0, 0),
(82, '純色條紋枕套', 20, 360, '純色條紋枕套.jpg', 20, 20, 5, '材質:棉麻布料\r\n顏色:白灰混色\r\n尺寸:45cm*45cm\r\n產地:臺灣', 6, '臥室', '白色', '布料', '台灣', 0, 0),
(83, '花梨木掛畫', 13, 3280, '花梨木掛畫.jpg', 12, 24, 5, '材質:花梨木\r\n尺寸:215cm*97cm\r\n產地:臺灣', 6, '玄關', '棕色', '布料', '台灣', 1, 0),
(84, '植栽造型時鐘', 19, 750, '植栽造型時鐘.jpg', 12, 22, 5, '材質:永生花\r\n尺寸:22cm*25cm\r\n產地:越南', 5, '臥室', '白色', '木質', '越南', 1, 0),
(85, '珍珠造型戒指', 16, 360, '珍珠造型戒指.jpg', 3, 29, 10, '材質:塑膠\r\n顏色:白色\r\n尺寸:7\r\n產地:韓國', 1, '', '白色', '塑膠', '韓國', 0, 0),
(86, '螺旋花盆', 20, 1580, '螺旋花盆.jpg', 12, 24, 5, '材質:陶瓷\r\n尺寸:120cm*30cm\r\n產地:義大利', 8, '玄關', '白色', '陶瓷', '歐洲', 1, 0),
(87, '螺旋花盆', 17, 1580, '螺旋花盆.jpg', 12, 24, 5, '材質:陶瓷\r\n尺寸:120cm*30cm\r\n產地:義大利', 8, '客廳', '白色', '陶瓷', '歐洲', 1, 0),
(88, '粉色波紋花盆', 21, 2380, '粉色波紋花盆.jpg', 12, 24, 2, '材質:陶瓷\r\n尺寸:150cm*45cm\r\n產地:義大利', 10, '客廳', '粉紅色', '陶瓷', '歐洲', 1, 0),
(89, '粉色波紋花盆', 18, 2380, '粉色波紋花盆.jpg', 12, 24, 2, '材質:陶瓷\r\n尺寸:150cm*45cm\r\n產地:義大利', 10, '玄關', '粉紅色', '陶瓷', '歐洲', 1, 0),
(90, '禪意花盆', 16, 1450, '禪意花盆.jpg', 12, 24, 20, '材質:陶瓷\r\n尺寸:33cm*18cm\r\n產地:日本', 2, '玄關', '黑色', '陶瓷', '日本', 1, 0),
(91, '禪意花盆', 21, 1450, '禪意花盆.jpg', 12, 24, 20, '材質:陶瓷\r\n尺寸:33cm*18cm\r\n產地:日本', 2, '客廳', '黑色', '陶瓷', '日本', 1, 0),
(92, '青銅酒器造型花瓶', 16, 1890, '青銅酒器造型花瓶.jpg', 12, 24, 17, '材質:陶瓷\r\n尺寸:15cm*18cm\r\n產地:日本', 3, '客廳', '棕色', '陶瓷', '日本', 1, 0),
(93, '青銅酒器造型花瓶', 21, 1890, '青銅酒器造型花瓶.jpg', 12, 24, 17, '材質:陶瓷\r\n尺寸:15cm*18cm\r\n產地:日本', 3, '玄關', '棕色', '陶瓷', '日本', 1, 0),
(94, '單購枕芯', 21, 230, '單購枕芯.jpg', 20, 20, 35, '材質:棉花、紡織布料\r\n尺寸:45cm*45cm\r\n產地:台灣', 50, '臥室', '白色', '布料', '台灣', 0, 0),
(95, '單購枕芯', 17, 230, '單購枕芯.jpg', 20, 20, 35, '材質:棉花、紡織布料\r\n尺寸:45cm*45cm\r\n產地:台灣', 50, '客廳', '白色', '布料', '台灣', 0, 0),
(96, '單購長方枕芯', 20, 460, '單購長方枕芯.jpg', 20, 20, 28, '材質:棉花、紡織布料\r\n尺寸:160cm*45cm\r\n產地:台灣', 32, '臥室', '白色', '布料', '台灣', 0, 0),
(97, '單購長方枕芯', 17, 460, '單購長方枕芯.jpg', 20, 20, 28, '材質:棉花、紡織布料\r\n尺寸:160cm*45cm\r\n產地:台灣', 32, '客廳', '白色', '布料', '台灣', 0, 0),
(98, '長型幾何抱枕套', 20, 490, '長型幾何抱枕套.jpg', 20, 20, 20, '材質:棉花、紡織布料\r\n尺寸:160cm*45cm\r\n產地:台灣', 8, '客廳', '白色', '布料', '台灣', 0, 0),
(99, '長型幾何抱枕套', 19, 490, '長型幾何抱枕套.jpg', 20, 20, 20, '材質:棉花、紡織布料\r\n尺寸:160cm*45cm\r\n產地:台灣', 8, '臥室', '白色', '布料', '台灣', 0, 0),
(100, '狼頭造型戒指', 16, 420, '狼頭造型戒指.jpg', 3, 29, 10, '材質:金屬\r\n顏色:灰色\r\n尺寸:7.5\r\n產地:日本', 1, '', '灰色', '金屬', '日本', 0, 0),
(101, '木質書櫃', 17, 25000, '木質書櫃.jpg', 12, 15, 5, '材質:木頭\r\n顏色:咖啡色\r\n尺寸:33cm*35cm\r\n產地:臺灣', 1, '書房', '棕色', '木質', '台灣', 1, 0),
(102, '布朗森書櫃', 16, 27000, '布朗森書櫃.jpg', 12, 15, 5, '材質:不鏽鋼金屬\r\n顏色:黑色\r\n尺寸:36cm*32cm\r\n產地:德國', 1, '書房', '黑色', '木質', '歐洲', 1, 0),
(103, '多功能書櫃', 19, 30500, '多功能書櫃.jpg', 12, 15, 5, '材質:檜木\r\n顏色:白色\r\n尺寸:35cm*35cm\r\n產地:臺灣', 1, '書房', '白色', '木質', '台灣', 1, 0),
(104, '質感書櫃', 16, 39800, '質感書櫃.jpg', 12, 15, 5, '材質:金屬\r\n顏色:灰色\r\n尺寸:38cm*40cm\r\n產地:臺灣', 1, '書房', '灰色', '金屬', '台灣', 1, 0),
(105, '環保書櫃', 21, 10500, '環保書櫃.jpg', 12, 15, 5, '材質:漂流木\r\n顏色:褐色\r\n尺寸:36cm*36cm\r\n產地:義大利', 1, '書房', '棕色', '木質', '歐洲', 1, 0),
(106, '簡樸書櫃', 19, 13900, '簡樸書櫃.jpg', 12, 15, 5, '材質:木頭\r\n顏色:褐色\r\n尺寸:32cm*32cm\r\n產地:臺灣', 1, '書房', '棕色', '木質', '台灣', 1, 0),
(107, '靈感書櫃', 18, 26500, '靈感書櫃.jpg', 12, 15, 5, '材質:金屬\r\n顏色:黑色\r\n尺寸:36cm*36cm\r\n產地:臺灣', 1, '書房', '黑色', '金屬', '台灣', 1, 0),
(108, '木感書桌', 16, 3200, '木感書桌.jpg', 12, 16, 5, '材質:木頭\r\n顏色:褐色\r\n尺寸68cm*72cm\r\n產地:臺灣', 1, '書房', '棕色', '木質', '台灣', 1, 0),
(109, '多功能書桌', 19, 4750, '多功能書桌.jpg', 12, 16, 5, '材質:陶瓷\r\n顏色:灰色\r\n尺寸:60cm*75cm\r\n產地:英國\r\n', 1, '書房', '灰色', '陶瓷', '歐洲', 1, 0),
(110, '收納式書桌', 18, 2500, '收納式書桌.jpg', 12, 16, 5, '材質:木頭\r\n顏色:褐色\r\n尺寸:60cm*70cm\r\n產地:臺灣', 1, '書房', '棕色', '木質', '台灣', 1, 0),
(111, '椅邊桌', 16, 2200, '椅邊桌.jpg', 12, 16, 5, '材質:木頭\r\n顏色:褐色\r\n尺寸:63cm*62cm\r\n產地:日本', 1, '書房', '棕色', '木質', '日本', 1, 0),
(112, '德萊尼辦公桌', 19, 5750, '德萊尼辦公桌.jpg', 12, 16, 5, '材質:陶瓷\r\n顏色:灰色\r\n尺寸:69cm*76cm\r\n產地:臺灣', 1, '書房', '灰色', '陶瓷', '台灣', 1, 0),
(113, '黑色圓桌', 18, 3200, '黑色圓桌.jpg', 12, 16, 5, '材質:金屬\r\n顏色:黑色\r\n尺寸:63cm*71cm\r\n產地:韓國', 1, '書房', '黑色', '金屬', '韓國', 1, 0),
(114, '電腦桌', 18, 6680, '電腦桌.jpg', 12, 16, 5, '材質:檜木\r\n顏色:褐色\r\n尺寸:62cm*75cm\r\n產地:挪威', 1, '書房', '棕色', '木質', '歐洲', 1, 0),
(115, '木頭質感椅', 18, 1250, '木頭質感椅.jpg', 12, 17, 5, '材質:木頭\r\n顏色:褐色\r\n尺寸:62cm*60cm\r\n產地:臺灣', 1, '書房', '棕色', '木質', '台灣', 1, 0),
(116, '金屬腳餐椅', 20, 4080, '金屬腳餐椅.jpg', 12, 17, 5, '材質:金屬\r\n顏色:灰色\r\n尺寸:62cm*60cm\r\n產地:日本', 1, '書房', '灰色', '金屬', '日本', 1, 0),
(117, '書房舒適椅', 21, 8970, '書房舒適椅.jpg', 12, 17, 5, '材質:皮革\r\n顏色:黑色\r\n尺寸:73cm*68cm\r\n產地:臺灣', 1, '書房', '黑色', '皮革', '台灣', 1, 0),
(118, '斐特餐椅', 15, 9800, '斐特餐椅.jpg', 12, 17, 5, '材質:檜木\r\n顏色:褐色\r\n尺寸:66cm*58cm\r\n產地:德國', 1, '書房', '棕色', '木質', '歐洲', 1, 0),
(119, '會議椅', 22, 4380, '會議椅.jpg', 12, 17, 5, '材質:布料椅背,木頭椅腳\r\n顏色:灰色\r\n尺寸:68cm*66cm\r\n產地:臺灣', 1, '書房', '灰色', '木質', '台灣', 1, 0),
(120, '餐桌椅', 18, 5380, '餐桌椅.jpg', 12, 17, 5, '材質:木質\r\n顏色:綠色\r\n尺寸:63cm*62cm\r\n產地:臺灣', 1, '書房', '綠色', '木質', '台灣', 1, 0),
(121, '菱格天鵝絨餐椅', 21, 26820, '菱格天鵝絨餐椅.jpg', 12, 17, 5, '材質:天鵝絨、塑膠椅腳\r\n顏色:藍色\r\n尺寸:65cm*68cm\r\n產地:英國\r\n', 1, '書房', '藍色', '塑膠', '歐洲', 1, 0),
(122, '木製化妝桌', 22, 3640, '木製化妝桌.jpg', 12, 16, 5, '材質:木頭\r\n顏色:咖啡色\r\n尺寸:68cm*75cm\r\n產地:日本', 1, '臥室', '棕色', '木質', '日本', 1, 0),
(123, '貝漢斯化妝桌', 19, 5520, '貝漢斯化妝桌.jpg', 12, 16, 5, '材質:金屬\r\n顏色:黃色\r\n尺寸:68cm*75cm\r\n產地:韓國', 1, '臥室', '黃色', '金屬', '韓國', 1, 0),
(124, '金星化妝桌', 18, 4280, '金星化妝桌.jpg', 12, 16, 5, '材質:玻璃\r\n顏色:白色\r\n尺寸68cm*75cm\r\n產地:越南', 1, '臥室', '白色', '玻璃', '越南', 1, 0),
(125, '高腳化妝桌', 19, 2380, '高腳化妝桌.jpg', 12, 16, 5, '材質:金屬\r\n顏色:黑色\r\n尺寸68cm*75cm\r\n產地:臺灣', 1, '臥室', '黑色', '金屬', '台灣', 1, 0),
(126, '陶瓷化妝桌', 21, 3640, '陶瓷化妝桌.jpg', 12, 16, 5, '材質:陶瓷\r\n顏色:白色\r\n尺寸68cm*75cm\r\n產地:比利時', 1, '臥室', '白色', '陶瓷', '歐洲', 1, 0),
(127, '簡約鵝卵石化妝桌', 20, 4860, '簡約鵝卵石化妝桌.jpg', 12, 16, 5, '材質:鵝卵石\r\n顏色:黑色\r\n尺寸68cm*75cm\r\n產地:中國', 1, '臥室', '黑色', '陶瓷', '中國', 1, 0),
(128, '鵝卵石化妝桌', 20, 6750, '鵝卵石化妝桌.jpg', 12, 16, 5, '材質:鵝卵石\r\n顏色:灰色\r\n尺寸68cm*75cm\r\n產地:臺灣', 1, '臥室', '黑色', '陶瓷', '台灣', 1, 0),
(129, '主臥豪華衣櫥', 7, 33800, '主臥豪華衣櫥.jpg', 12, 15, 5, '材質:檜木\r\n顏色:褐色\r\n尺寸:166cm*340cm\r\n產地:臺灣', 1, '臥室', '棕色', '木質', '台灣', 1, 0),
(130, '低版衣櫃', 5, 6750, '低版衣櫃.jpg', 12, 15, 5, '材質:陶瓷\r\n顏色:灰色\r\n尺寸:137cm*159cm\r\n產地:日本', 1, '臥室', '灰色', '陶瓷', '日本', 1, 0),
(131, '兒童衣櫥', 14, 18900, '兒童衣櫥.jpg', 12, 15, 5, '材質:陶瓷\r\n顏色:白色\r\n尺寸:178cm*183cm\r\n產地:越南', 1, '臥室', '白色', '陶瓷', '越南', 1, 0),
(132, '南卡林巴衣櫥', 17, 23800, '南卡林巴衣櫥.jpg', 12, 15, 5, '材質:木頭\r\n顏色:白色\r\n尺寸:187cm*163cm\r\n產地:韓國', 1, '臥室', '白色', '木質', '韓國', 1, 0),
(133, '拼接衣櫥', 14, 15560, '拼接衣櫥.jpg', 12, 15, 5, '材質:陶瓷\r\n顏色:灰色\r\n尺寸:205cm*258cm\r\n產地:德國', 1, '臥室', '灰色', '陶瓷', '歐洲', 1, 0),
(134, '開放式衣櫥', 7, 8960, '開放式衣櫥.jpg', 12, 15, 5, '材質:木頭\r\n顏色:褐色\r\n尺寸:176cm*198cm\r\n產地:美國', 1, '臥室', '棕色', '木質', '歐洲', 1, 0),
(135, '簡約衣櫥', 12, 9550, '簡約衣櫥.jpg', 12, 15, 5, '材質:檜木\r\n顏色:黑色\r\n尺寸:187cm*269cm\r\n產地:台灣', 1, '臥室', '黑色', '木質', '台灣', 1, 0),
(136, '古典時期燭台', 4, 1080, '古典時期燭台.jpg', 12, 24, 5, '材質:金屬\r\n顏色:灰色\r\n尺寸:如圖\r\n產地:德國', 1, '臥室', '灰色', '金屬', '歐洲', 0, 0),
(137, '房子造型燭台', 19, 1280, '房子造型燭台.jpg', 12, 24, 5, '材質:玻璃\r\n顏色:白色\r\n尺寸:如圖\r\n產地:韓國', 1, '臥室', '白色', '玻璃', '韓國', 0, 0),
(138, '金屬燭台', 17, 980, '金屬燭台.jpg', 12, 24, 5, '材質:金屬\r\n顏色:黑色\r\n尺寸:如圖\r\n產地:日本', 1, '臥室', '黑色', '金屬', '日本', 0, 0),
(139, '粗陶燭台', 18, 1280, '粗陶燭台.jpg', 12, 24, 5, '材質:粗陶\r\n顏色:白色\r\n尺寸:如圖\r\n產地:台灣', 1, '臥室', '白色', '陶瓷', '台灣', 0, 0),
(140, '幾何圖形燭台', 17, 1380, '幾何圖形燭台.jpg', 12, 24, 5, '材質:玻璃\r\n顏色:黑色\r\n尺寸:如圖\r\n產地:越南', 1, '臥室', '黑色', '玻璃', '越南', 0, 0),
(141, '鴛鴦燭台', 19, 880, '鴛鴦燭台.jpg', 12, 24, 5, '材質:陶瓷\r\n顏色:黑色\r\n尺寸:如圖\r\n產地:台灣', 1, '臥室', '黑色', '陶瓷', '台灣', 0, 0),
(142, '鴛鴦燭台', 18, 880, '鴛鴦燭台.jpg', 12, 24, 5, '材質:陶瓷\r\n顏色:綠色\r\n尺寸:如圖\r\n產地:台灣', 1, '臥室', '綠色', '陶瓷', '台灣', 0, 0),
(143, '鴛鴦燭台', 18, 880, '鴛鴦燭台.jpg', 12, 24, 5, '材質:陶瓷\r\n顏色:白色\r\n尺寸:如圖\r\n產地:台灣', 1, '臥室', '白色', '陶瓷', '台灣', 0, 0),
(144, '鴛鴦燭台', 20, 880, '鴛鴦燭台.jpg', 12, 24, 5, '材質:陶瓷\r\n顏色:藍色\r\n尺寸:如圖\r\n產地:台灣', 1, '臥室', '藍色', '陶瓷', '台灣', 0, 0),
(145, '麋鹿燭台', 21, 1180, '麋鹿燭台.jpg', 12, 24, 5, '材質:玻璃\r\n顏色:白色\r\n尺寸:如圖\r\n產地:英國', 1, '臥室', '白色', '玻璃', '歐洲', 0, 0),
(146, 'cotton蠟燭', 21, 880, 'cotton蠟燭.jpg', 12, 24, 5, '材質:植物蠟\r\n顏色:白色\r\n尺寸:如圖\r\n產地:日本', 1, '臥室', '白色', '玻璃', '日本', 0, 0),
(147, 'KP蠟燭', 20, 990, 'KP蠟燭.jpg', 12, 24, 5, '材質:植物蠟\r\n顏色:黑色\r\n尺寸:如圖\r\n產地:台灣', 1, '臥室', '黑色', '陶瓷', '台灣', 0, 0),
(148, 'zorik蠟燭', 21, 880, 'zorik蠟燭.jpg', 12, 24, 5, '材質:礦物蠟\r\n顏色:白色\r\n尺寸:如圖\r\n產地:韓國', 1, '臥室', '白色', '陶瓷', '韓國', 0, 0),
(149, '六角螺帽蠟燭', 18, 1080, '六角螺帽蠟燭.jpg', 12, 24, 5, '材質:礦物蠟\r\n顏色:黑色\r\n尺寸:如圖\r\n產地:美國', 1, '臥室', '黑色', '金屬', '美國', 0, 0),
(150, '玫瑰香蠟燭', 14, 650, '玫瑰香蠟燭.jpg', 12, 24, 5, '材質:植物蠟\r\n顏色:白色\r\n尺寸:如圖\r\n產地:中國', 1, '臥室', '白色', '玻璃', '中國', 0, 0),
(151, '食物香氛蠟燭', 8, 1180, '食物香氛蠟燭.jpg', 12, 24, 5, '材質:植物蠟\r\n顏色:紅色\r\n尺寸:如圖\r\n產地:義大利', 1, '臥室', '紅色', '金屬', '歐洲', 0, 0),
(152, '食物香氛蠟燭', 16, 1180, '食物香氛蠟燭.jpg', 12, 24, 5, '材質:植物蠟\r\n顏色:褐色\r\n尺寸:如圖\r\n產地:義大利', 1, '臥室', '棕色', '金屬', '歐洲', 0, 0),
(153, '薰衣草蠟燭', 16, 780, '薰衣草蠟燭.jpg', 12, 24, 5, '材質:植物蠟\r\n顏色:紫色\r\n尺寸:如圖\r\n產地:台灣', 1, '臥室', '紫色', '玻璃', '台灣', 0, 0),
(154, '304白鐵華斯', 23, 780, '304白鐵華斯.jfif', 12, 27, 10, '材質:金屬\r\n顏色:白色\r\n尺寸:27cm*1.2cm\r\n產地:台灣', 1, '工作室', '白色', '金屬', '台灣', 1, 0),
(155, 'CBX-801抽屜鎖', 23, 90, 'CBX-801抽屜鎖.jfif', 12, 27, 10, '材質:金屬\r\n顏色:白色\r\n尺寸:138cm*32cm\r\n產地:台灣', 1, '工作室', '白色', '金屬', '台灣', 1, 0),
(156, 'CBX-ABJC折疊角', 23, 85, 'CBX-ABJC折疊角.jfif', 12, 27, 10, '材質:金屬\r\n顏色:白色\r\n尺寸:90度~180度\r\n產地:台灣', 1, '工作室', '白色', '金屬', '台灣', 1, 0),
(157, '五金工具箱', 23, 450, '五金工具箱.jfif', 12, 27, 10, '材質:塑膠\r\n顏色:黑色\r\n尺寸:23吋\r\n產地:台灣', 1, '工作室', '黑色', '塑膠', '台灣', 1, 0),
(158, '抽屜滑軌', 23, 65, '抽屜滑軌.jfif', 12, 27, 10, '材質:金屬\r\n顏色:白色\r\n尺寸:35.5cm\r\n產地:台灣', 1, '工作室', '白', '金屬', '台灣', 1, 0),
(159, '油壓緩衝桿', 23, 65, '油壓緩衝桿.jfif', 12, 27, 10, '材質:金屬\r\n顏色:黑色\r\n尺寸:20mm~25mm\r\n產地:台灣', 1, '工作室', '黑色', '金屬', '台灣', 1, 0),
(160, '掀床氣壓棒', 23, 6250, '掀床氣壓棒.jfif', 12, 27, 10, '材質:金屬\r\n顏色:白色\r\n尺寸:6m\r\n產地:台灣', 1, '工作室', '白色', '金屬', '台灣', 1, 0),
(161, '磁性工具架', 23, 200, '磁性工具架.jfif', 12, 27, 10, '材質:塑膠\r\n顏色:藍色\r\n尺寸:50cm\r\n產地:台灣', 1, '工作室', '藍色', '塑膠', '台灣', 1, 0),
(162, '壓克力活頁', 23, 25, '壓克力活頁.jfif', 12, 27, 10, '材質:塑膠\r\n顏色:白色\r\n尺錯:45mm*37mm\r\n產地:台灣', 1, '工作室', '白色', '塑膠', '台灣', 1, 0),
(163, '簡約櫃門隱形拉手', 23, 650, '簡約櫃門隱形拉手.jpg', 12, 27, 10, '材質:金屬\r\n顏色:黑色\r\n尺寸:380mm*400mm\r\n產地:台灣', 1, '工作室', '黑色', '金屬', '台灣', 1, 0),
(164, 'Altagamma工作桌', 23, 3830, 'Altagamma工作桌.jpg', 12, 16, 10, '材質:金屬\r\n顏色:灰色\r\n尺寸:85cm*63cm\r\n產地:美國', 1, '工作室', '灰色', '金屬', '美國', 1, 0),
(165, 'Casarredo工作桌', 20, 4650, 'Casarredo工作桌.jpg', 12, 16, 10, '材質:金屬\r\n顏色:黑色\r\n尺寸:92cm*66cm\r\n產地:日本', 1, '工作室', '黑色', '金屬', '日本', 1, 0),
(166, 'L型工作桌', 19, 2550, 'L型工作桌.jpg', 12, 16, 10, '材質:金屬\r\n顏色:黑色\r\n尺寸:93cm*65cm\r\n產地:韓國', 1, '工作室', '黑色', '金屬', '韓國', 1, 0),
(167, 'M10工作桌', 20, 1365, 'M10工作桌.jpg', 12, 16, 10, '材質:陶瓷\r\n顏色:灰色\r\n尺寸:75cm*58cm\r\n產地:越南', 1, '工作室', '灰色', '陶瓷', '越南', 1, 0),
(168, '山形工作桌', 19, 4380, '山形工作桌.jpg', 12, 16, 10, '材質:木頭\r\n顏色:棕色\r\n尺寸:72cm*62cm\r\n產地:台灣', 1, '工作室', '棕色', '木質', '台灣', 1, 0),
(169, '木紋工作桌', 19, 5650, '木紋工作桌.jpg', 12, 16, 10, '材質:木質\r\n顏色:棕色\r\n尺寸:83cm*75cm\r\n產地:中國', 1, '工作室', '棕色', '木質', '中國', 1, 0),
(170, '圓腳工作桌', 22, 1870, '圓腳工作桌.jpg', 12, 16, 10, '材質:木質\r\n顏色:黃色\r\n尺寸:71cm*58cm\r\n產地:台灣', 1, '工作室', '黃色', '木質', '台灣', 1, 0),
(171, '愛馬仕工作桌', 23, 19600, '愛馬仕工作桌.jpg', 12, 16, 10, '材質:木質\r\n顏色:紅色\r\n尺寸:106cm*62cm\r\n產地:歐洲', 1, '工作室', '紅色', '木質', '歐洲', 1, 0),
(172, '簡約工作桌', 20, 2650, '簡約工作桌.jpg', 12, 16, 10, '材質:陶瓷\r\n顏色:灰色\r\n尺寸:69cm*55cm\r\n產地:日本', 1, '工作室', '灰色', '陶瓷', '日本', 1, 0),
(173, '轉角工作桌', 20, 6690, '轉角工作桌.jpg', 12, 16, 10, '材質:木質桌面 金屬腳\r\n顏色:棕色\r\n尺寸:101cm*62cm\r\n產地:亞洲其他', 1, '工作室', '棕色', '木質', '亞洲其他', 1, 0),
(174, 'building block包包', 15, 6000, 'building block包包.jpg', 1, 33, 10, '材質:皮革\r\n顏色:粉紅色\r\n尺寸:32cm*20cm\r\n產地:日本', 1, '', '粉紅色', '皮革', '日本', 1, 0),
(175, 'chanel包包', 18, 106900, 'chanel包包.jpg', 1, 33, 10, '材質:皮革\r\n顏色:黃色\r\n尺寸:26cm*16cm\r\n產地:義大利', 1, '', '黃色', '皮革', '歐洲', 1, 0),
(176, 'flor包包', 18, 2160, 'flor包包.jpg', 1, 34, 10, '材質:皮革\r\n顏色:綠色\r\n尺寸:18cm*20cm\r\n產地:韓國\r\n', 1, '', '綠色', '皮革', '韓國', 1, 0),
(177, 'grazia包包', 22, 15800, 'grazia包包.jpg', 1, 34, 10, '材質:皮革\r\n顏色:黃色\r\n尺寸:26cm*32cm\r\n產地:法國', 1, '', '黃色', '皮革', '歐洲', 1, 0),
(178, 'gucci包包', 18, 35800, 'gucci包包.jpg', 1, 34, 10, '材質:皮革\r\n顏色:綠色\r\n尺寸:22cmm*13cm\r\n產地:義大利', 1, '', '綠色', '皮革', '歐洲', 1, 0),
(179, 'jarbo包包', 18, 7440, 'jarbo包包.jpg', 1, 34, 10, '材質:皮革\r\n顏色:棕色\r\n尺寸:29cm*37cm\r\n產地:美國', 1, '', '棕色', '皮革', '美國', 1, 0),
(180, 'lundlund包包', 21, 21800, 'lundlund包包.jpg', 1, 33, 10, '材質:皮革\r\n顏色:紅色\r\n尺寸:32cm*38cm\r\n產地:英國', 1, '', '紅色', '皮革', '歐洲', 1, 0),
(181, 'LV包包', 16, 74500, 'LV包包.jpg', 1, 33, 10, '材質:皮革\r\n顏色:綠色\r\n尺寸:35cm*26cm\r\n產地:法國', 1, '', '綠色', '皮革', '歐洲', 1, 0),
(182, 'myluxury包包', 20, 12900, 'myluxury包包.jpg', 1, 33, 10, '材質:皮革\r\n顏色:黃色\r\n尺寸:20cm*18cm\r\n產地:美國', 1, '', '黃色', '皮革', '美國', 1, 0),
(183, 'shein包包', 18, 650, 'shein包包.jpg', 1, 34, 10, '材質:皮革\r\n顏色:白色\r\n尺寸:25cm*22cm\r\n產地:台灣', 1, '', '白色', '皮革', '台灣', 1, 0),
(184, '14K金不敗十字手鍊', 14, 2950, '14K金不敗十字手鍊.jpg', 3, 30, 10, '材質:純金\r\n顏色:金色\r\n尺寸:12cm\r\n產地:台灣', 1, '', '金色', '金屬', '台灣', 1, 0),
(185, '18K鑽石情侶對戒', 22, 4830, '18K鑽石情侶對戒.jpg', 3, 29, 10, '材質:純銀\r\n顏色:銀色\r\n尺寸:7mm\r\n產地:日本', 1, '', '灰色', '金屬', '日本', 1, 0),
(186, '18K鑽石情侶對戒', 20, 4830, '18K鑽石情侶對戒.jpg', 3, 29, 10, '材質:純金\r\n顏色:粉紅色\r\n尺寸:7mm\r\n產地:日本', 1, '', '粉紅色', '金屬', '日本', 1, 0),
(187, '18K鑽石情侶對戒', 20, 4830, '18K鑽石情侶對戒.jpg', 3, 29, 10, '材質:純金\r\n顏色:金色\r\n尺寸:7mm\r\n產地:日本', 1, '', '金色', '金屬', '日本', 1, 0),
(188, 'rivers情侶對戒', 17, 16600, 'rivers情侶對戒.jpg', 3, 29, 10, '材質:純銀\r\n顏色:銀色\r\n尺寸:7mm\r\n產地:韓國', 1, '', '灰色', '金屬', '韓國', 1, 0),
(189, '三層不規則珍珠項鍊', 15, 10895, '三層不規則珍珠項鍊.jpg', 3, 31, 10, '材質:珍珠\r\n顏色:白色\r\n尺寸:44.5cm\r\n產地:中國', 1, '', '白色', '塑膠', '中國', 1, 0),
(190, '天然翡翠玉石手環', 17, 23300, '天然翡翠玉石手環.jpg', 3, 30, 10, '材質:玉石\r\n顏色:綠色\r\n尺寸:36.3cm\r\n產地:越南', 1, '', '綠色', '玻璃', '越南', 1, 0),
(191, '月光石造型戒指', 18, 750, '月光石造型戒指.jpg', 3, 29, 10, '材質:不鏽鋼金屬\r\n顏色:藍色\r\n尺寸:7mm\r\n產地:英國', 1, '', '藍色', '金屬', '歐洲', 1, 0),
(192, '波紋項鍊-鎖骨練', 19, 1250, '波紋項鍊-鎖骨練.jpg', 3, 31, 10, '材質:金屬\r\n顏色:銀色\r\n尺寸:28.3cm\r\n產地:美國', 1, '', '灰色', '金屬', '美國', 1, 0),
(193, '時尚耳骨夾', 21, 550, '時尚耳骨夾.jpg', 3, 28, 10, '材質:金屬\r\n顏色:金色\r\n尺寸:2.3mm\r\n產地:台灣', 1, '', '金色', '金屬', '台灣', 1, 0),
(194, '純銀S925蛋面項鍊-鎖骨練', 4, 2680, '純銀S925蛋面項鍊-鎖骨練.jpg', 3, 31, 10, '材質:銀\r\n顏色:銀色\r\n尺寸:46cm\r\n產地:日本\r\n', 1, '', '灰色', '金屬', '日本', 1, 0),
(195, '純銀S999羽毛造型手環', 21, 5900, '純銀S999羽毛造型手環.jpg', 3, 30, 10, '材質:銀\r\n顏色:銀色\r\n尺寸:16.3cm\r\n產地:韓國\r\n', 1, '', '灰色', '金屬', '韓國', 1, 0),
(196, '愛心造型耳環', 22, 500, '愛心造型耳環.jpg', 3, 28, 10, '材質:金屬\r\n顏色:紅色\r\n尺寸:3.9cm\r\n產地:中國\r\n', 1, '', '紅色', '金屬', '中國', 1, 0),
(197, '蝴蝶造型手鍊', 19, 990, '蝴蝶造型手鍊.jpg', 3, 30, 10, '材質:金屬\r\n顏色:金色\r\n尺寸:13.7cm\r\n產地:越南\r\n', 1, '', '金色', '金屬', '越南', 1, 0),
(198, '螢光小熊耳骨夾', 17, 350, '螢光小熊耳骨夾.jpg', 3, 28, 10, '材質:玻璃\r\n顏色:螢光綠\r\n尺寸:2.2cm\r\n產地:法國', 1, '', '綠色', '玻璃', '歐洲', 1, 0),
(199, '薰衣草透明皮革耳環', 21, 890, '薰衣草透明皮革耳環.jpg', 3, 28, 10, '材質:金屬\r\n顏色:金色\r\n尺寸:1.8cm\r\n產地:美國', 1, '', '金色', '金屬', '美國', 1, 0),
(200, '櫻花耳環', 9, 790, '櫻花耳環.jpg', 3, 28, 10, '材質:玻璃\r\n顏色:粉紅色\r\n尺寸:2.6cm\r\n產地:台灣', 1, '', '粉紅色', '玻璃', '台灣', 1, 0),
(201, '實木吧檯桌椅組', 2, 10699, '實木吧檯桌椅組.jpg', 12, 26, 3, '材質:山毛櫸實木\r\n顏色:木頭純色\r\n尺寸:桌-120*93*43/椅-42.5*64.5*39\r\n產地:台灣\r\n規格:餐桌*1+椅子*2', 3, '餐廳', '棕色', '木質', '台灣', 1, 1),
(202, '橡膠木餐桌組', 22, 27099, '橡膠木餐桌組.jpg', 12, 26, 5, '材質:橡膠木實木\r\n顏色:木頭純色\r\n尺寸:桌-130*60*78cm/半圓椅:78*37*45/方形椅78*3845cm\r\n產地:台灣\r\n規格:餐桌*1+方形椅*2+半圓椅*4', 7, '餐廳', '棕色', '木質', '台灣', 1, 1),
(203, '日式木作餐桌椅組', 21, 7999, '橡膠木餐桌組.jpg', 12, 26, 8, '材質:松木、五金零件、聚酯纖維仿棉麻布料\r\n顏色:木頭純色\r\n尺寸:桌-118*73*73cm/椅子:41*47*83cm\r\n產地:台灣\r\n規格:餐桌*1+椅子*4', 15, '餐廳', '棕色', '木質', '台灣', 1, 1),
(204, '可延伸實木餐桌椅組-白橡木色', 4, 12739, '可延伸實木餐桌椅組-白橡木色.jpg', 12, 26, 10, '材質:山毛櫸木\r\n顏色:白橡木色\r\n尺寸:桌-150-194(伸縮)*90*75cm/椅子:46*54*95cm\r\n產地:韓國\r\n規格:餐桌*1+椅子*6', 20, '餐廳', '白色', '木質', '韓國', 1, 1),
(205, '可延伸實木餐桌椅組-櫻桃木色', 19, 12739, '可延伸實木餐桌椅組-櫻桃木色.jpg', 12, 26, 7, '材質:山毛櫸木\r\n顏色:櫻桃木色\r\n尺寸:桌-150-194(伸縮)*90*75cm/椅子:46*54*95cm\r\n產地:韓國\r\n規格:餐桌*1+椅子*6', 13, '餐廳', '棕色', '木質', '韓國', 1, 1),
(206, '可延伸實木餐桌椅組-胡桃木色', 21, 12739, '可延伸實木餐桌椅組-胡桃木色.jpg', 12, 26, 8, '材質:山毛櫸木\r\n顏色:胡桃木色\r\n尺寸:桌-150-194(伸縮)*90*75cm/椅子:46*54*95cm\r\n產地:韓國\r\n規格:餐桌*1+椅子*6', 15, '餐廳', '棕色', '木質', '韓國', 1, 1),
(207, '天然大理石餐桌椅', 18, 32050, '天然大理石餐桌椅.jpg', 16, 26, 2, '材質:大理石、橡木\r\n顏色:大理石紋\r\n尺寸:桌-150*90*75cm/椅子:46*54*95cm\r\n產地:瑞典\r\n規格:餐桌*1+椅子*4', 30, '餐廳', '白色', '木質', '歐洲', 1, 1),
(208, '輕奢大理石餐桌椅', 19, 43090, '輕奢大理石餐桌椅.jpg', 12, 26, 25, '材質:大理石、橡木、皮革\r\n顏色:大理石紋\r\n尺寸:桌-150、90(轉盤)*78*53cm/椅子:44*52*91cm\r\n產地:挪威\r\n規格:餐桌*1+椅子*8', 33, '餐廳', '白色', '木質', '歐洲', 1, 1),
(209, '義大利4件餐具組', 20, 1380, '義大利4件餐具組.jpg', 12, 25, 30, '材質:頂級不鏽鋼+仿木紋ABS塑料握柄\r\n規格:22cm主餐刀*1入/21cm主餐叉*1入/21cm主餐匙*1入/15cm咖啡匙*1入\r\n產地:義大利', 50, '餐廳', '灰色', '金屬', '歐洲', 1, 1),
(210, '英國典藏義大利藍系列-兩層蛋糕盤', 19, 3344, '英國典藏義大利藍系列-兩層蛋糕盤.jpg', 12, 25, 10, '材質:Earthenware陶瓷\r\n規格:蛋糕盤*2入、鐵架*1組、原裝彩盒*1入\r\n產地:英國', 15, '餐廳', '藍色', '陶瓷', '歐洲', 1, 1),
(211, '英國典藏義大利藍系列-花茶杯盤組', 14, 1584, '英國典藏義大利藍系列-花茶杯盤組.jpg', 12, 25, 13, '材質:Earthenware陶瓷\r\n尺寸:杯口直徑 9.5*6.2cm、茶托直徑 14.5*2.3cm\r\n規格:茶杯*1/茶托*1\r\n產地:英國', 20, '餐廳', '藍色', '陶瓷', '歐洲', 1, 1),
(212, '英國經典植物園藍系列-湯碗', 5, 1742, '英國經典植物園藍系列-湯碗.jpg', 12, 25, 10, '材質:Earthenware陶瓷\r\n尺寸：碗口直徑 18cm*高 7.8cm\r\n產地:英國', 23, '餐廳', '白色', '陶瓷', '歐洲', 1, 1),
(213, '英國百子蓮系列-義式餐碗', 15, 2182, '英國百子蓮系列-義式餐碗.jpg', 12, 25, 5, '材質:Earthenware陶瓷\r\n尺寸：15\'\r\n產地:英國', 40, '餐廳', '白色', '陶瓷', '歐洲', 1, 1),
(214, '英國百子蓮系列-花茶杯盤組', 6, 1390, '英國百子蓮系列-花茶杯盤組.jpg', 12, 25, 10, '材質:Earthenware陶瓷\r\n尺寸：285ml\r\n規格:茶杯*1/茶托*1\r\n產地:英國', 6, '餐廳', '白色', '陶瓷', '歐洲', 1, 1),
(215, '英國百子蓮系列-餐盤', 16, 862, '英國百子蓮系列-餐盤.jpg', 12, 25, 8, '材質:Earthenware陶瓷\r\n尺寸：11\'\r\n產地:英國', 17, '餐廳', '白色', '陶瓷', '歐洲', 1, 1),
(216, '英國百子蓮系列-麥片碗', 20, 836, '英國百子蓮系列-麥片碗.jpg', 12, 25, 10, '材質:Earthenware陶瓷\r\n尺寸：7.5\'\r\n產地:英國', 21, '餐廳', '白色', '陶瓷', '歐洲', 1, 0),
(217, '英國百子蓮系列-1.1L茶壺', 14, 4382, '英國百子蓮系列-1.1L茶壺.jpg', 12, 25, 10, '材質:Earthenware陶瓷\r\n尺寸：1.1L\r\n產地:英國', 21, '餐廳', '白色', '陶瓷', '歐洲', 1, 0),
(218, '英國典藏義大利藍系列-碗', 19, 968, '英國典藏義大利藍系列-碗.jpg', 12, 25, 15, '材質:Earthenware陶瓷\r\n尺寸：碗口直徑 11* 6cm\r\n產地:英國', 7, '餐廳', '藍色', '陶瓷', '歐洲', 1, 0),
(219, '葡萄牙霧面不鏽鋼湯杓', 16, 2182, '葡萄牙霧面不鏽鋼湯杓.jpg', 12, 19, 15, '材質:18/10不鏽鋼(金5%)+磨砂處理的圓滑樹脂柄\r\n尺寸：21cm\r\n產地:葡萄牙', 7, '廚房', '金色', '金屬', '歐洲', 1, 0),
(220, '家嚐-鐵鍋32cm', 20, 2980, '家嚐-鐵鍋32cm.jpg', 12, 19, 0, '材質:2.0mm碳鋼碳化處理、橡膠木、玻璃蓋\r\n尺寸：49*29*12.2cm含蓋高度/鍋蓋：9x7cm\r\n產地:台灣', 24, '廚房', '黑色', '金屬', '台灣', 1, 0),
(221, '家嚐-鐵鏟', 18, 580, '家嚐-鐵鏟.jpg', 12, 19, 14, '材質:304不鏽鋼\r\n尺寸：10*37*3cm\r\n產地:台灣', 13, '廚房', '黑色', '金屬', '台灣', 1, 0),
(222, '家嚐-單柄鍋18cm', 18, 3580, '家嚐-單柄鍋18cm.jpg', 12, 19, 20, '材質:鑄鋁、電木、鐵氟龍不沾塗層Teflon Profile\r\n尺寸：鍋口外徑18*35*含蓋高14cm\r\n產地:台灣', 25, '廚房', '黑色', '金屬', '台灣', 1, 0),
(223, '家嚐-碳化平底鐵鍋28cm', 18, 1980, '家嚐-碳化平底鐵鍋28cm.jpg', 12, 19, 14, '材質:2.0mm碳鋼碳化處理、橡膠木、玻璃蓋\r\n尺寸：49*29*12.2cm含蓋高度/鍋蓋：29*7cm\r\n產地:台灣', 15, '廚房', '黑色', '金屬', '台灣', 1, 0),
(224, '家嚐-深煎不沾鍋28cm', 20, 2580, '家嚐-深煎不沾鍋28cm.jpg', 12, 19, 10, '材質:鑄鋁、電木、不鏽鋼、強化玻璃\r\n尺寸：鍋身29*50.3x15.5cm含蓋高度、鍋蓋 29.2* 7cm、把手21cm\r\n產地:台灣', 26, '廚房', '黑色', '金屬', '台灣', 1, 0),
(225, '家嚐-超耐磨頂級不沾鍋30cm', 21, 3880, '家嚐-超耐磨頂級不沾鍋30cm.jpg', 12, 19, 3, '材質:碳鋼、橡膠木、玻璃\r\n尺寸：31.2*53.2*14cm含蓋高度 / 鍋蓋：31.5*7.5cm\r\n產地:台灣', 18, '廚房', '黑色', '金屬', '台灣', 1, 0),
(226, '家嚐-迷你湯鍋16cm', 20, 1380, '家嚐-迷你湯鍋16cm.jpg', 12, 19, 4, '材質:碳鋼、橡膠木、玻璃\r\n尺寸：35*17*13cm含蓋高度與手把長度 / 鍋蓋：直徑17*6cm\r\n產地:台灣', 29, '廚房', '黑色', '金屬', '台灣', 1, 0),
(227, '虹彩鋼可微波不鏽鋼琺瑯便當盒', 15, 2180, '虹彩鋼可微波不鏽鋼琺瑯便當盒.jpg', 12, 19, 10, '材質:不鏽鋼、琺瑯塗層、矽膠上蓋\r\n尺寸：直徑176cm內隔層(兩入)/7.8*7.8*5cm\r\n產地:台灣', 32, '廚房', '粉紅色', '金屬', '台灣', 1, 0),
(228, '亨利三人布沙發', 18, 27990, '亨利三人布沙發.jpg', 12, 13, 5, '材質:座框: 松木＋泡棉＋繃帶＋布 / 椅腳: 白橡木\r\n尺寸：椅高75*座高41*椅身96*椅寬225cm\r\n產地:北歐', 20, '客廳', '白色', '木質', '歐洲', 1, 0),
(229, '半皮3人電動躺式沙發-棕色', 18, 35000, '半皮3人電動躺式沙發-棕.jpg', 12, 13, 3, '材質:松木、泡棉、皮革、PVC / 椅腳: 白橡木\r\n尺寸：191*96*98cm\r\n產地:瑞典', 48, '客廳', '黑色', '皮革', '歐洲', 1, 0),
(230, '半皮3人電動躺式沙發-灰色', 21, 36200, '半皮3人電動躺式沙發-灰.jpg', 12, 13, 5, '材質:松木、泡棉、皮革、PVC / 椅腳: 白橡木\r\n尺寸：191*96*98cm\r\n產地:瑞典', 51, '客廳', '灰色', '皮革', '歐洲', 1, 0),
(231, '全牛皮L型電動沙發', 18, 47999, '全牛皮L型電動沙發.jpg', 12, 13, 8, '材質:牛皮、落葉松木、膠合板、單板層積材、聚胺酯(PU)泡綿、聚酯纖維\r\n尺寸:231*297*80cm\r\n規格:沙發含USB座、座面採用頭層牛皮\r\n產地:中國\r\n', 13, '客廳', '白色', '皮革', '中國', 1, 0),
(232, '義大利原裝進口電動牛皮沙發', 19, 11800, '義大利原裝進口電動牛皮沙發.jpg', 12, 13, 0, '材質:牛皮、落葉松木、膠合板、單板層積材、聚胺酯(PU)泡綿、聚酯纖維\r\n尺寸:231*297*80cm\r\n規格:座面採用頭層牛皮\r\n產地:義大利\r\n', 56, '客廳', '棕色', '皮革', '歐洲', 1, 0),
(233, '紐西蘭進口白色電視櫃', 19, 6200, '紐西蘭進口白色電視櫃.jfif', 12, 15, 13, '材質:高密度纖維板、紐西蘭進口松木腳\r\n尺寸：127*48*61cm\r\n產地:紐西蘭', 22, '客廳', '白色', '木質', '歐洲', 1, 0),
(234, '米白烤漆電視櫃', 15, 13800, '米白烤漆電視櫃.jpg', 12, 15, 11, '材質:高密度纖維板、紐西蘭進口松木腳\r\n尺寸：63*40*173cm\r\n產地:美國', 15, '客廳', '白色', '木質', '美國', 1, 0),
(235, '骷髏頭造型戒指', 15, 560, '骷髏頭造型戒指.jpg', 3, 29, 11, '材質:金屬\r\n顏色:灰色\r\n尺寸:7.5\r\n產地:日本', 1, '', '灰色', '金屬', '日本', 0, 0),
(236, '小珍珠項鍊', 15, 880, '小珍珠項鍊.jpg', 3, 31, 11, '材質:塑膠\r\n顏色:白色\r\n尺寸:15.5\r\n產地:台灣', 1, '', '白色', '塑膠', '台灣', 0, 0),
(237, '水晶星星項鍊', 15, 990, '水晶星星項鍊.jpg', 3, 31, 11, '材質:塑膠\r\n顏色:金色\r\n尺寸:15.5\r\n產地:台灣', 1, '', '金色', '塑膠', '台灣', 0, 0),
(238, '長方造型項鍊', 15, 780, '長方造型項鍊.jpg', 3, 31, 11, '材質:金屬\r\n顏色:灰色\r\n尺寸:13.5\r\n產地:台灣', 1, '', '灰色', '金屬', '台灣', 0, 0),
(239, '圓牌項鍊', 15, 780, '圓牌項鍊.jpg', 3, 31, 11, '材質:金屬\r\n顏色:灰色\r\n尺寸:13.5\r\n產地:日本', 1, '', '灰色', '金屬', '日本', 0, 0),
(240, '搖滾項鍊', 15, 980, '搖滾項鍊.jpg', 3, 31, 11, '材質:金屬\r\n顏色:灰色\r\n尺寸:12.5\r\n產地:韓國', 1, '', '灰色', '金屬', '韓國', 0, 0),
(241, '綠色珍珠項鍊', 15, 1230, '綠色珍珠項鍊.jpg', 3, 31, 11, '材質:塑膠\r\n顏色:綠色\r\n尺寸:15.5\r\n產地:台灣', 1, '', '綠色', '塑膠', '台灣', 0, 0),
(242, '寶石造型項鍊', 15, 1390, '寶石造型項鍊.jpg', 3, 31, 11, '材質:塑膠\r\n顏色:金色\r\n尺寸:15.5\r\n產地:台灣', 1, '', '金色', '塑膠', '台灣', 0, 0),
(250, '衛浴手把推車', 19, 3699, '衛浴手把縫隙推車.jfif', 12, 12, 5, '材質:鑄鐵加粉體烤漆；頂板 天然木材裝飾纖維板；輪腳 尼龍\r\n顏色:白色\r\n尺寸:13*47.5*68cm\r\n產地:美國\r\n', 25, '浴室', '白色', '金屬', '美國', 1, 0),
(251, 'kit洗衣籃', 17, 2280, 'kit洗衣籃.jfif', 12, 15, 7, '材質:鑄鐵加粉體烤漆；輪腳 尼龍\r\n顏色:白色\r\n尺寸:28*46.5*61cm\r\n產地:德國\r\n', 31, '浴室', '白色', '金屬', '歐洲', 1, 0),
(252, 'kit洗衣籃', 19, 2280, 'kit洗衣籃.jfif', 12, 15, 7, '材質:鑄鐵加粉體烤漆；輪腳 尼龍\r\n顏色:黑色\r\n尺寸:28*46.5*61cm\r\n產地:德國\r\n', 31, '浴室', '黑色', '金屬', '歐洲', 1, 0),
(253, '吸盤式吊掛牙刷架', 13, 415, '吸盤式吊掛牙刷架-黑.jfif', 12, 12, 7, '材質:鑄鐵加粉體烤漆\r\n顏色:黑色\r\n尺寸:15*4.5*5.5\r\n產地:越南\r\n', 31, '浴室', '黑色', '金屬', '越南', 1, 0),
(254, '吸盤式吊掛牙刷架', 19, 415, '吸盤式吊掛牙刷架-白.jfif', 12, 22, 7, '材質:鑄鐵加粉體烤漆\r\n顏色:黑色\r\n尺寸:15*4.5*5.5\r\n產地:越南\r\n', 31, '浴室', '白色', '金屬', '越南', 1, 0),
(255, '分層瓶罐置物架', 16, 1345, '分層瓶罐置物架-白.jfif', 12, 15, 9, '材質:鑄鐵加粉體烤漆\r\n顏色:白色\r\n尺寸:15*4.5*5.5\r\n產地:日本\r\n', 31, '浴室', '白色', '金屬', '日本', 1, 0),
(256, '分層瓶罐置物架-黑', 19, 1345, '分層瓶罐置物架-黑.jfif', 12, 15, 7, '材質:鑄鐵加粉體烤漆\r\n顏色:白色\r\n尺寸:15*4.5*5.5\r\n產地:日本\r\n', 15, '浴室', '白色', '金屬', '日本', 1, 0),
(257, '衛浴工具收納架', 18, 1150, '衛浴工具收納架-白.jfif', 12, 15, 8, '材質:鑄鐵加粉體烤漆\r\n顏色:白色\r\n尺寸:15*4.5*5.5\r\n產地:中國\r\n', 19, '浴室', '白色', '塑膠', '中國', 1, 0),
(258, '衛浴工具收納架', 18, 1150, '衛浴工具收納架-黑.jfif', 12, 15, 9, '材質:鑄鐵加粉體烤漆\r\n顏色:黑色\r\n尺寸:15*4.5*5.5\r\n產地:中國\r\n', 25, '浴室', '黑色', '塑膠', '中國', 1, 0),
(259, '階梯式浴巾架', 18, 2160, '浴巾架-白.jfif', 12, 12, 5, '材質:鑄鐵加粉體烤漆\r\n顏色:白色\r\n尺寸:15*4.5*5.5\r\n產地:韓國\r\n', 25, '浴室', '白色', '金屬', '韓國', 1, 0),
(260, '手提式三層置物架', 19, 1580, '手提式三層置物架.jfif', 12, 12, 10, '材質:鑄鐵加粉體烤漆\r\n顏色:黑色\r\n尺寸:15*4.5*5.5\r\n產地:韓國\r\n', 35, '浴室', '黑色', '金屬', '韓國', 1, 0),
(261, '大理石浴室收納架', 21, 1520, '大理石浴室收納架.jfif\r\n', 12, 12, 15, '材質:pp+金屬\r\n顏色:大理石紋\r\n尺寸:15*4.5*5.5\r\n產地:台灣', 20, '浴室', '白色', '金屬', '台灣', 1, 0),
(262, '小獅王浴盆', 19, 2100, '獅王浴盆.jfif\r\n', 12, 12, 10, '材質:pp\r\n顏色:綠色\r\n尺寸:15*4.5*5.5\r\n產地:台灣', 37, '浴室', '綠色', '塑膠', '台灣', 1, 0),
(263, '浴室塑料小板凳', 19, 670, '浴室塑料小板凳.jpg\r\n', 12, 17, 5, '材質:pp\r\n顏色:灰色\r\n尺寸:15*4.5*5.5\r\n產地:台灣', 26, '浴室', '灰色', '塑膠', '台灣', 1, 0),
(264, '丹麥寶寶浴缸', 18, 1750, '丹麥寶寶浴缸.jpg\r\n', 12, 12, 6, '材質:pp\r\n顏色:白色\r\n尺寸:15*4.5*5.5\r\n產地:丹麥', 39, '浴室', '白色', '塑膠', '歐洲', 1, 0),
(265, '雙層壓克力獨立式浴缸', 16, 3980, '雙層壓克力獨立式浴缸.jpg\r\n', 12, 12, 7, '材質:壓克力\r\n顏色:白色\r\n尺寸:15*4.5*5.5\r\n產地:美國', 33, '浴室', '白色', '塑膠', '美國', 1, 0),
(266, '毛巾架擴充組', 23, 875, '毛巾架擴充組.jpg\r\n', 12, 12, 10, '材質:壓克力\r\n顏色:白色\r\n尺寸:15*4.5*5.5\r\n產地:越南', 30, '浴室', '白色', '塑膠', '越南', 0, 1),
(267, 'Flow肥皂架', 19, 350, 'Flow肥皂架.jpg\r\n', 12, 12, 7, '材質:壓克力\r\n顏色:白色\r\n尺寸:15*4.5*5.5\r\n產地:台灣', 33, '浴室', '白色', '塑膠', '台灣', 1, 0),
(268, '加高型層板置物架-白', 20, 3280, '加高型層板置物架-白.jpg\r\n', 12, 15, 7, '材質:壓克力\r\n顏色:白色\r\n尺寸:15*4.5*5.5\r\n產地:日本', 33, '浴室', '白色', '金屬', '日本', 1, 0),
(269, '加高型層板置物架-黑', 19, 3280, '加高型層板置物架-黑.jpg\r\n', 12, 15, 20, '材質:壓克力\r\n顏色:黑色\r\n尺寸:15*4.5*5.5\r\n產地:日本', 27, '浴室', '黑色', '金屬', '日本', 1, 0),
(270, 'LUXS晶透肥皂架', 21, 680, 'LUXS晶透肥皂架.jpg\r\n', 12, 15, 0, '材質:壓克力\r\n顏色:白色\r\n尺寸:15*4.5*5.5\r\n產地:韓國', 23, '浴室', '白色', '金屬', '韓國', 1, 0),
(271, 'Black & Wood 工業風三件茶几組', 16, 9990, 'Black & Wood 工業風三件茶几組.jpg', 12, 16, 5, '材質:桌面: 白橡木實木 / 框架: 金屬烤漆\r\n顏色:木頭色\r\n尺寸:(大) 50 x 50 x 50 / (中) 48 x 43 x 43 / (小) 45 x 36 x 36\r\n產地:義大利\r\n規格: 桌子*3', 27, '客廳', '棕色', '木質', '歐洲', 1, 0),
(272, 'Black & Wood 工業風U型板凳', 12, 7990, 'Black & Wood 工業風U型板凳.jpg', 12, 17, 10, '材質:椅面: 白橡木實木 / 椅腳: 金屬烤漆\r\n顏色:木頭色\r\n尺寸:117 x 42 x 45\r\n產地:美國', 25, '玄關', '棕色', '木質', '美國', 1, 0),
(273, 'Jasper 防潑水防貓抓 L型科技布沙發', 13, 36657, 'Jasper 防潑水防貓抓 L型科技布沙發.jpg', 12, 13, 10, '材質:框架: 桉木＋板材＋泡棉＋聚酯纖維＋羽毛 /  面料: 科技布 / 沙發腳&支撐腳: 金屬\r\n顏色:藍色\r\n尺寸:284 x 96.5/171 x 82\r\n產地:中國', 35, '客廳', '藍色', '布料', '中國', 1, 0),
(274, 'Black & Wood 工業風沙發邊几', 16, 3990, 'Black & Wood 工業風沙發邊几.jpg', 12, 16, 10, '材質:桌面: 白橡木實木 / 框架: 金屬烤漆\r\n顏色:木頭色\r\n尺寸:40 x 25 x 60\r\n產地:越南', 22, '客廳', '棕色', '木質', '越南', 1, 0),
(275, 'Fishbone 茶几', 17, 9879, 'Fishbone 茶几.jpg', 12, 16, 10, '材質:桌面: 板材+白橡木&桃花心木貼皮 / 邊條: 白橡木實木 / 桌腳: 橡膠木實木\r\n顏色:木頭色\r\n尺寸:120 x 60 x 43\r\n產地:日本', 34, '客廳', '棕色', '木質', '日本', 1, 0),
(276, 'Berlin 鞋櫃', 16, 12879, 'Berlin 鞋櫃.jpg', 12, 15, 10, '材質:框架: 板材 / 把手: 不鏽鋼\r\n顏色:灰色\r\n尺寸:80 x 42 x 120\r\n產地:德國', 37, '玄關', '灰色', '木質', '歐洲', 1, 0),
(277, 'Antony 實木鞋櫃', 15, 19768, 'Antony 實木鞋櫃 赤栗棕.jpg', 12, 15, 10, '材質:櫃體: 北美黃楊實木＋板材 / 櫃腳: 北美黃楊實木＋黃銅 / 把手: 黃銅\r\n顏色:木頭色\r\n尺寸:90 x 38 x 118\r\n產地:北美', 43, '玄關', '棕色', '木質', '美國', 1, 0),
(278, 'Antony 化妝凳', 10, 4990, 'Antony 化妝凳.jpg', 12, 17, 10, '材質:櫃座面: 板材+布坐墊 / 椅腳: 橡膠木+黃銅\r\n顏色:灰色\r\n尺寸:直徑43 x 高45\r\n產地:韓國', 12, '臥室', '灰色', '木質', '韓國', 1, 0),
(279, 'Kimo 化妝凳', 13, 4990, 'Kimo 化妝凳.jpg', 12, 17, 15, '材質:櫃座面: 板材+布坐墊 / 椅腳: 橡膠木+黃銅\r\n顏色:白色\r\n尺寸:直徑43 x 高45\r\n產地:韓國', 37, '臥室', '白色', '木質', '韓國', 1, 0),
(280, 'Carl 化妝凳', 19, 4990, 'Carl 化妝凳.jpg', 12, 17, 13, '材質:椅座: 北美黃楊實木&板材＋海綿＋布 / 椅腳: 金屬烤漆\r\n顏色:灰色\r\n尺寸:48 x 38.5 x 46\r\n產地:北美', 44, '臥室', '灰色', '木質', '美國', 1, 0),
(281, 'Arthur 化妝凳', 20, 5500, 'Arthur 化妝凳.jpg', 12, 17, 13, '材質:椅座: 板材＋海綿＋布 / 椅腳: 橡膠木＋鋅合金\r\n顏色:灰色\r\n尺寸:直徑40 x 高45\r\n產地:日本', 16, '臥室', '灰色', '木質', '日本', 1, 0),
(282, 'Nora 化妝凳', 20, 4500, 'Nora 化妝凳.jpg', 12, 17, 2, '材質:椅座: 北美黃楊實木＆板材+海綿+布 / 椅腳: 北美黃楊實木\r\n顏色:灰色\r\n尺寸:48 x 38.5 x 47.5\r\n產地:越南', 30, '臥室', '灰色', '木質', '越南', 1, 0),
(283, 'Charles 化妝凳', 14, 5300, 'Charles 化妝凳.jpg', 12, 17, 0, '材質:座面: 板材+布料(米色) / 腳: 鐵烤漆\r\n顏色:白色\r\n尺寸:45 x 44 x 59\r\n產地:南美', 51, '臥室', '白色', '布料', '美國', 1, 0),
(284, 'Carl 實木雙人收納床架-雙人標準', 14, 29657, 'Carl 實木雙人收納床架-雙人標準.jpg', 12, 18, 3, '材質:床框: 北美黃楊實木 / 床腳: 金屬烤漆 / 抽屜: 美黃楊實木&板材 / 排骨架: 雲杉木實木\r\n顏色:木頭色\r\n尺寸:160.5 x 210 x 104\r\n產地:北美', 35, '臥室', '棕色', '木質', '美國', 1, 0),
(285, 'Carl 實木雙人收納床架-雙人加大', 20, 33657, 'Carl 實木雙人收納床架-雙人加大.jpg', 12, 18, 5, '材質:床框: 北美黃楊實木 / 床腳: 金屬烤漆 / 抽屜: 美黃楊實木&板材 / 排骨架: 雲杉木實木\r\n顏色:木頭色\r\n尺寸:190.5 x 210 x 104\r\n產地:北美', 30, '臥室', '棕色', '木質', '美國', 1, 0),
(286, 'Antony 實木捲簾床頭櫃', 15, 9990, 'Antony 實木捲簾床頭櫃.jpg', 12, 15, 4, '材質:櫃體: 北美黃楊實木＆板材＋黃楊木貼皮 / 桌腳: 北美黃楊實木 / 把手＆腳套: 黃銅\r\n顏色:木頭色\r\n尺寸:50 x 42 x 58\r\n產地:中國', 27, '臥室', '棕色', '木質', '中國', 1, 0),
(287, 'Charles 床頭櫃', 8, 8890, 'Charles 床頭櫃.jpg', 12, 15, 4, '材質:櫃體: 北美黃楊實木,板材 / 櫃腳: 鐵烤漆\r\n顏色:木頭色\r\n尺寸:50 X 40 X 56\r\n產地:韓國', 32, '臥室', '棕色', '木質', '韓國', 1, 0),
(288, 'Nora 雙人床架-雙人標準', 16, 32657, 'Nora 雙人床架-雙人標準.jpg', 12, 18, 4, '材質:床頭板: 北美黃楊實木&板材＋海綿＋布＋牛皮 / 床框: 北美黃楊實木 / 床腳: 北美黃楊實木＋鋅合金 / 排骨架: 雲杉木實木\r\n顏色:灰色\r\n尺寸:171 x 207.5 x 96\r\n產地:北美', 32, '臥室', '灰色', '布料', '北美', 1, 0),
(289, 'Antony 極簡皮雙人床架-雙人標準', 11, 27768, 'Antony 極簡皮雙人床架-雙人標準.jpg', 12, 18, 6, '材質:床頭板: 北美黃楊實木&板材+海綿+仿真皮革 / 床框: 北美黃楊實木 / 床腳: 北美黃楊實木+黃銅 / 排骨架: 雲杉木實木\r\n顏色:黑色\r\n尺寸:171 x 206 x 105\r\n產地:義大利', 48, '臥室', '黑色', '布料', '歐洲', 1, 0),
(290, 'Berlin 電視櫃', 9, 13879, 'Berlin 電視櫃.jpg', 12, 15, 5, '材質:櫃體: 烤漆板材 / 櫃腳: 金屬\r\n顏色:灰色\r\n尺寸:180 x 41.5 x 54\r\n產地:德國', 35, '客廳', '灰色', '木質', '歐洲', 1, 0),
(291, 'Cora 藤編實木茶几', 15, 16879, 'Cora 藤編實木茶几 胡桃木色.jpg', 12, 16, 2, '材質:桌面: 北美胡桃木實木 / 層板: 板材＋胡桃木貼皮＆藤編 / 桌腳: 北美胡桃木實木\r\n顏色:木頭色\r\n尺寸:120 x 58 x 45\r\n產地:中國', 27, '客廳', '棕色', '木質', '中國', 1, 0),
(292, 'Carl 大小茶几', 21, 14879, 'Carl 大小茶几.jpg', 12, 16, 2, '材質:桌面: 北美黃楊實木 / 框架: 北美黃楊實木&板材＋黃楊木貼皮 / 桌腳: 金屬烤漆\r\n顏色:木頭色\r\n尺寸:(大) 130 x 50 x 42；(小) 85 x 48.5 x 36.5\r\n產地:越南', 29, '客廳', '棕色', '木質', '越南', 1, 0),
(293, 'Bryant 全牛皮腳凳', 23, 13879, 'Bryant 全牛皮腳凳.jpg', 12, 17, 3, '材質:框架: 松木實木＋黃楊實木＋歐洲山毛櫸板材 / 泡棉: 中高密度泡棉 32 kg/m3 / 沙發腳：橡膠木實木\r\n顏色:棕色\r\n尺寸: 寬78 x 深64 x 高45\r\n產地:德國', 34, '客廳', '棕色', '皮革', '歐洲', 1, 0),
(294, 'Joyce 三角茶几', 22, 5990, 'Joyce 三角茶几.jpg', 12, 16, 3, '材質:桌面: 梣木貼皮＋板材 / 桌腳: 梣木實木\r\n顏色:棕色\r\n尺寸: 83 x 70 x 46\r\n產地:日本', 15, '客廳', '棕色', '木質', '日本', 1, 0),
(295, 'Nora 實木展示收納櫃', 22, 16879, 'Nora 實木展示收納櫃.jpg', 12, 15, 1, '材質:櫃體: 北美黃楊實木＆板材+黃楊木貼皮 / 櫃腳: 北美黃楊實木+鋅合金\r\n顏色:棕色\r\n尺寸: 48 x 35 x 170.5\r\n產地:中國', 26, '客廳', '棕色', '木質', '中國', 1, 0),
(296, 'Antony 實木展示收納櫃', 22, 23768, 'Antony 實木展示收納櫃.jpg', 12, 15, 1, '材質:櫃體: 櫃體: 北美黃楊實木＋板材 / 櫃腳: 北美黃楊實木＋黃銅 / 把手: 黃銅\r\n顏色:棕色\r\n尺寸: 49 x 45 x 183\r\n產地:越南', 32, '客廳', '棕色', '木質', '越南', 1, 0),
(297, '英倫經典男包', 4, 1880, '英倫經典男包.jpg', 1, 35, 1, '材質:人造皮革\r\n顏色:黑色\r\n尺寸:40x30x15 cm\r\n產地:中國', 32, NULL, '黑色', '皮革', '中國', 0, 0),
(298, '真皮質感托特後背包', 4, 3180, '真皮質感托特後背包.jpg', 1, 36, 10, '材質:頭層牛皮\r\n顏色:黑色\r\n尺寸:37 x 31 x 12cm\r\n產地:德國', 17, NULL, '黑色', '皮革', '歐洲', 0, 0),
(299, '真皮質感奪目公事包', 4, 2682, '真皮質感奪目公事包.jpg', 1, 36, 8, '材質:二層牛皮\r\n顏色:黑色\r\n尺寸:39x28x8 cm\r\n產地:南美', 20, NULL, '黑色', '皮革', '美國', 0, 0),
(300, '真皮時尚旅行公事包', 4, 3180, '真皮時尚旅行公事包.jpg', 1, 36, 8, '材質:頭層牛皮\r\n顏色:黑色\r\n尺寸:36.5 x 29 x 10 cm\r\n產地:日本', 27, NULL, '黑色', '皮革', '日本', 0, 0),
(301, '真皮氣質商務公事包', 1, 3280, '真皮氣質商務公事包.jpg', 1, 36, 8, '材質:頭層牛皮\r\n顏色:棕色\r\n尺寸:38.5x28x6.5cm\r\n產地:日本', 34, NULL, '棕色', '皮革', '日本', 0, 0),
(302, '真皮時尚條紋公事包', 9, 3280, '真皮時尚條紋公事包.jpg', 1, 36, 5, '材質:頭層牛皮\r\n顏色:黑色\r\n尺寸:38 x 28.5 x 9.5 cm\r\n產地:韓國', 17, NULL, '黑色', '皮革', '韓國', 0, 0),
(303, '滌綸輕便擴充後背包', 10, 1680, '滌綸輕便擴充後背包.jpg', 1, 35, 4, '材質:布料\r\n顏色:黑色\r\n尺寸:43x31x7 cm\r\n產地:中國', 20, NULL, '黑色', '布料', '中國', 0, 0),
(304, '滌綸氣質質感後背包', 12, 1780, '滌綸氣質質感後背包.jpg', 1, 35, 4, '材質:布料\r\n顏色:黑色\r\n尺寸:48x30x17 cm\r\n產地:越南', 15, NULL, '黑色', '布料', '越南', 0, 0),
(305, '滌綸暗夜時尚後背包', 5, 1780, '滌綸暗夜時尚後背包.jpg', 1, 35, 4, '材質:布料\r\n顏色:黑色\r\n尺寸:42x27x19 cm\r\n產地:越南', 13, NULL, '黑色', '布料', '越南', 0, 0),
(306, '滌綸商旅領航後背包', 20, 2880, '滌綸商旅領航後背包.jpg', 1, 35, 4, '材質:布料\r\n顏色:黑色\r\n尺寸:48x30x16cm\r\n產地:美國', 15, NULL, '黑色', '布料', '美國', 0, 0),
(307, '滌綸城市輕旅後背包', 22, 1780, '滌綸城市輕旅後背包.jpg', 1, 35, 2, '材質:布料\r\n顏色:灰色\r\n尺寸:29.5x39.5x8cm\r\n產地:中國', 15, NULL, '灰色', '布料', '中國', 0, 0);

-- --------------------------------------------------------

--
-- 資料表結構 `management`
--

CREATE TABLE `management` (
  `id` int(11) NOT NULL,
  `file` text NOT NULL
) ENGINE=InnoDB DEFAULT CHARSET=utf8mb4;

--
-- 傾印資料表的資料 `management`
--

INSERT INTO `management` (`id`, `file`) VALUES
(2, 'CarouselImg1.png'),
(3, 'CarouselImg2.png'),
(4, 'CarouselImg3.png'),
(5, 'CarouselImg4.png'),
(6, 'CarouselImg5.png');

-- --------------------------------------------------------

--
-- 資料表結構 `news`
--

CREATE TABLE `news` (
  `id` int(11) NOT NULL,
  `title` varchar(100) NOT NULL,
  `contents` varchar(500) NOT NULL,
  `date` date NOT NULL,
  `nsell` int(11) NOT NULL
) ENGINE=InnoDB DEFAULT CHARSET=utf8mb4;

--
-- 傾印資料表的資料 `news`
--

INSERT INTO `news` (`id`, `title`, `contents`, `date`, `nsell`) VALUES
(1, '夏季新品', '夏季新品上架啦，歡迎選購', '2020-06-29', 1);

-- --------------------------------------------------------

--
-- 資料表結構 `ord`
--

CREATE TABLE `ord` (
  `id` int(11) NOT NULL,
  `user_id` int(11) NOT NULL,
  `order_date` date NOT NULL,
  `t_price` int(11) NOT NULL,
  `order_status` int(11) NOT NULL,
  `payment_method` varchar(20) COLLATE utf8mb4_unicode_ci NOT NULL,
  `payment_status` varchar(15) COLLATE utf8mb4_unicode_ci NOT NULL,
  `delivery_method` varchar(20) COLLATE utf8mb4_unicode_ci NOT NULL,
  `delivery_status` varchar(20) COLLATE utf8mb4_unicode_ci NOT NULL,
  `adress` varchar(70) COLLATE utf8mb4_unicode_ci NOT NULL,
  `pickup_status` int(11) NOT NULL
) ENGINE=InnoDB DEFAULT CHARSET=utf8mb4 COLLATE=utf8mb4_unicode_ci;

--
-- 傾印資料表的資料 `ord`
--

INSERT INTO `ord` (`id`, `user_id`, `order_date`, `t_price`, `order_status`, `payment_method`, `payment_status`, `delivery_method`, `delivery_status`, `adress`, `pickup_status`) VALUES
(1, 1, '2022-11-15', 1030, 0, '轉帳付款', '1', '7-11交貨便', '2', '新豐門市', 0),
(2, 2, '2022-11-18', 37120, 0, '轉帳付款', '1', '新竹物流', '3', '崙雅村和平二路', 1),
(3, 2, '2022-11-18', 4942, 0, '信用卡', '1', '蝦皮店到店', '2', '崙雅村和平二路', 0),
(4, 2, '2022-11-18', 8728, 0, '信用卡', '1', '信用卡', '3', '崙雅村和平二路', 0),
(5, 3, '2022-11-18', 2340, 0, '信用卡', '0', '新竹物流', '0', 'test', 0),
(6, 1, '2022-11-20', 230, 0, '轉帳付款', '0', '順豐', '0', 'test', 0),
(7, 1, '2022-11-20', 72400, 0, 'linepay', '0', '7-11交貨便', '0', '橋城門市', 0),
(8, 1, '2022-11-20', 40340, 0, '信用卡', '0', '7-11交貨便', '0', '2546', 0);

-- --------------------------------------------------------

--
-- 資料表結構 `order_detail`
--

CREATE TABLE `order_detail` (
  `id` int(11) NOT NULL,
  `orderid` int(11) NOT NULL,
  `itemid` int(11) NOT NULL,
  `amount` int(11) NOT NULL,
  `subtotal` int(11) NOT NULL
) ENGINE=InnoDB DEFAULT CHARSET=utf8mb4;

--
-- 傾印資料表的資料 `order_detail`
--

INSERT INTO `order_detail` (`id`, `orderid`, `itemid`, `amount`, `subtotal`) VALUES
(11, 2, 230, 1, 36200),
(12, 2, 94, 4, 920),
(13, 3, 209, 2, 2760),
(14, 3, 213, 1, 2182),
(15, 4, 213, 4, 8728),
(16, 5, 154, 3, 2340),
(17, 6, 94, 1, 230),
(18, 7, 230, 2, 72400),
(19, 8, 230, 1, 36200),
(20, 8, 209, 3, 4140);

-- --------------------------------------------------------

--
-- 資料表結構 `ord_refund`
--

CREATE TABLE `ord_refund` (
  `id` int(11) NOT NULL,
  `orderid` int(11) NOT NULL,
  `userid` int(11) NOT NULL,
  `itemid` int(11) NOT NULL,
  `refund_date` date NOT NULL,
  `return_status` int(11) NOT NULL,
  `refund_status` int(11) NOT NULL
) ENGINE=InnoDB DEFAULT CHARSET=utf8mb4;

-- --------------------------------------------------------

--
-- 資料表結構 `pord`
--

CREATE TABLE `pord` (
  `id` int(11) NOT NULL,
  `po_no` varchar(100) NOT NULL,
  `supplier_id` int(11) NOT NULL,
  `discount_percentage` float NOT NULL,
  `discount_amount` float NOT NULL,
  `tax_percentage` float NOT NULL,
  `tax_amount` float NOT NULL,
  `notes` text NOT NULL,
  `status` tinyint(1) NOT NULL,
  `date_created` datetime NOT NULL DEFAULT current_timestamp(),
  `date_update` datetime DEFAULT NULL
) ENGINE=InnoDB DEFAULT CHARSET=utf8mb4;

--
-- 傾印資料表的資料 `pord`
--

INSERT INTO `pord` (`id`, `po_no`, `supplier_id`, `discount_percentage`, `discount_amount`, `tax_percentage`, `tax_amount`, `notes`, `status`, `date_created`, `date_update`) VALUES
(1, 'PO-94619964639', 1, 2, 5199.99, 12, 30959.9, 'Sample Purchase Order Only', 1, '2022-09-08 17:34:04', '2022-09-08 17:34:04');

-- --------------------------------------------------------

--
-- 資料表結構 `purchaseord_detail`
--

CREATE TABLE `purchaseord_detail` (
  `pord_id` int(11) NOT NULL,
  `itemid` int(11) NOT NULL,
  `unit_price` float NOT NULL,
  `quantity` float NOT NULL
) ENGINE=InnoDB DEFAULT CHARSET=utf8mb4;

--
-- 傾印資料表的資料 `purchaseord_detail`
--

INSERT INTO `purchaseord_detail` (`pord_id`, `itemid`, `unit_price`, `quantity`) VALUES
(1, 184, 15000, 10);

-- --------------------------------------------------------

--
-- 資料表結構 `smartord`
--

CREATE TABLE `smartord` (
  `id` int(11) NOT NULL,
  `user_id` int(11) DEFAULT NULL,
  `order_date` date NOT NULL,
  `t_price` int(11) NOT NULL,
  `order_status` int(11) NOT NULL,
  `payment_method` varchar(20) COLLATE utf8mb4_unicode_ci NOT NULL,
  `payment_status` varchar(15) COLLATE utf8mb4_unicode_ci NOT NULL,
  `delivery_method` varchar(20) COLLATE utf8mb4_unicode_ci NOT NULL,
  `delivery_status` varchar(20) COLLATE utf8mb4_unicode_ci NOT NULL,
  `adress` varchar(70) COLLATE utf8mb4_unicode_ci NOT NULL,
  `pickup_status` int(11) NOT NULL
) ENGINE=InnoDB DEFAULT CHARSET=utf8mb4 COLLATE=utf8mb4_unicode_ci;

--
-- 傾印資料表的資料 `smartord`
--

INSERT INTO `smartord` (`id`, `user_id`, `order_date`, `t_price`, `order_status`, `payment_method`, `payment_status`, `delivery_method`, `delivery_status`, `adress`, `pickup_status`) VALUES
(1, 3, '2022-11-15', 1030, 0, '轉帳付款', '1', '7-11交貨便', '2', '橋城門市', 0),
(2, 5, '2022-08-19', 5037, 1, '信用卡', '1', '新竹物流', '3', '台中市大里區振祥街89號', 1),
(3, 2, '2022-06-14', 3200, 0, 'linepay', '1', '蝦皮店到店', '3', '安心店', 0),
(4, 1, '2022-10-10', 570, 0, 'linepay', '0', '7-11交貨便', '0', '大溪店', 0);

-- --------------------------------------------------------

--
-- 資料表結構 `smartord_detail`
--

CREATE TABLE `smartord_detail` (
  `id` int(11) NOT NULL,
  `orderid` int(11) NOT NULL,
  `itemid` int(11) NOT NULL,
  `amount` int(11) NOT NULL,
  `subtotal` int(11) NOT NULL
) ENGINE=InnoDB DEFAULT CHARSET=utf8mb4;

-- --------------------------------------------------------

--
-- 資料表結構 `smartord_refund`
--

CREATE TABLE `smartord_refund` (
  `id` int(11) NOT NULL,
  `smartorderid` int(11) NOT NULL,
  `userid` int(11) NOT NULL,
  `itemid` int(11) NOT NULL,
  `refund_date` date NOT NULL,
  `return_status` int(11) NOT NULL,
  `refund_status` int(11) NOT NULL
) ENGINE=InnoDB DEFAULT CHARSET=utf8mb4;

-- --------------------------------------------------------

--
-- 資料表結構 `supplier`
--

CREATE TABLE `supplier` (
  `id` int(11) NOT NULL,
  `name` varchar(50) CHARACTER SET utf8mb4 COLLATE utf8mb4_unicode_ci NOT NULL,
  `intro` text NOT NULL,
  `manager` varchar(10) CHARACTER SET utf8mb4 COLLATE utf8mb4_unicode_ci NOT NULL,
  `tel` varchar(11) CHARACTER SET utf8mb4 COLLATE utf8mb4_unicode_ci NOT NULL,
  `fax` varchar(11) CHARACTER SET utf8mb4 COLLATE utf8mb4_unicode_ci NOT NULL,
  `address` varchar(50) CHARACTER SET utf8mb4 COLLATE utf8mb4_unicode_ci NOT NULL,
  `regtime` date NOT NULL
) ENGINE=InnoDB DEFAULT CHARSET=utf8mb4;

--
-- 傾印資料表的資料 `supplier`
--

INSERT INTO `supplier` (`id`, `name`, `intro`, `manager`, `tel`, `fax`, `address`, `regtime`) VALUES
(1, '太一有限公司', '公司設立時間：2010\r\n販售商品：大型家具\r\n', '蔡淑臻', '0987265340', '02-7817183', '台北市信義區豪富路72號', '2020-05-13'),
(2, '伍蘆無限公司', '公司設立時間：2013\r\n販售商品：小型擺件', '于加州', '0973019471', '04-2443066', '彰化縣和美鎮溪尾路932號', '2021-10-20'),
(4, 'YRR有限公司', '公司設立時間：2014\r\n販售商品：紡織商品', '江西南', '0933459876', '037-351930', '苗栗縣苑裡鎮區行健路533號', '2022-10-10'),
(5, '美群有限公司', '公司設立時間：2017\r\n販售商品：瓷器類商品', '徐摩人', '0994019384', '05-7288367', '雲林縣尾虎鎮健行路302號', '2019-10-09'),
(6, '復國股份有限公司', '公司設立時間：2015\r\n販售商品：大型鐵件', '盧慶功', '0943817654', '049-140981', '南投縣國愛鄉父王路39號', '2018-10-10'),
(7, '統一集團', '公司設立時間：2019\r\n販售商品：仿花、永生花', '杜甫王', '0978550083', '06-1234678', '台南市北區孔子路155號3樓', '2020-01-18'),
(8, '美招股份有限公司', '公司設立時間：2020\r\n販售商品：手做植栽', '李榮好', '0900112233', '07-8754321', '高雄市梓楠區廣廣路193號', '2020-11-16'),
(9, '超立股份有限公司', '公司設立時間：2015\r\n販售商品：紡織類商品', '林麗卿', '0932180764', '08-7012457', '屏東市南洋區西洋路340號', '2019-07-02'),
(10, '超群股份有限公司', '公司設立時間：2019\r\n販售商品：小型家具', '王博明', '0981200098', '02-3123510', '台北市中和區林森南230號', '2020-10-15'),
(11, '育仁股份有限公司', '公司設立時間：2012\r\n販售商品：餐廚用品', '孫方香', '0900009874', '03-4135678', '桃園市中壢區山中路405號', '2019-12-26'),
(12, '立鉅股份有限公司', '公司設立時間：2015\r\n販售商品：三麗優、迪土尼聯名商品', '關清', '0913456790', '037-728837', '苗栗縣苑里鎮區大同路509號', '2019-11-07'),
(13, '米優股份有限公司', '公司設立時間：2018\r\n販售商品：小型擺件', '張財發', '0911326789', '04-7288367', '台中市霧峰區吉峰路687號', '2021-06-22'),
(14, '上立股份有限公司', '公司設立時間：2010\r\n販售商品：電器商品', '王昭青', '0923465015', '049-734151', '南投縣愛台鄉孫山路91號', '2021-12-16'),
(15, '同立股份有限公司', '公司設立時間：2018\r\n販售商品：花藝、園藝商品', '陳清照', '0944569007', '05-1246890', '嘉義縣太保市故宮大道84號', '2020-08-10'),
(16, '富程股份有限公司', '公司設立時間：2018\r\n販售商品：天然礦石、水晶', '馬爾泰若曦', '0900900790', '06-1250857', '台南市鹽水區路竹路996號', '2020-10-08'),
(17, '捲樂股份有限公司', '公司設立時間：2016\r\n販售商品：家用小型電器', '富察容音', '0987265330', '07-8964381', '高雄市鹽埕區中正四路420號', '2017-07-15'),
(18, '南晶科技股份有限公司', '公司設立時間：2017\r\n販售商品：文具用品', '魏瓔珞', '0987097652', '08-7451364', '屏東縣內埔鄉學府路353號', '2017-07-10'),
(19, '普泰股份有限公司', '公司設立時間：2015\r\n販售商品：小童傢俱', '林殊', '0987265344', '02-7356423', '新北市板橋區大關路854號', '2016-08-19'),
(20, '育勝股份有限公司', '公司設立時間：2017\r\n販售商品：寵物用品', '蕭景琰', '0987265241', '03-6378743', '花蓮縣壽豐鄉大學路二段145號', '2018-10-10'),
(21, '百祿股份有限公司', '公司設立時間：2019\r\n販售商品：手飾、串珠', '穆霓凰', '0987345345', '04-5234678', '台中市南屯區嶺東路533號', '2021-12-15'),
(22, '董超股份有限公司', '公司設立時間：2017\r\n販售商品：水晶、天然礦石', '王鍾平', '0938467567', '04-2234369', '台中市北區育才街222號', '2019-10-09'),
(23, 'Royal Host', '公司設立時間：2018\r\n販售商品：精品包類', '林德美', '0912678345', '04-234378', '南投縣仁愛鄉人和路170號', '2018-07-10');

--
-- 已傾印資料表的索引
--

--
-- 資料表索引 `buycart`
--
ALTER TABLE `buycart`
  ADD PRIMARY KEY (`id`),
  ADD KEY `userid` (`userid`);

--
-- 資料表索引 `cart_item`
--
ALTER TABLE `cart_item`
  ADD PRIMARY KEY (`id`),
  ADD KEY `cartid` (`cartid`),
  ADD KEY `itemid` (`itemid`);

--
-- 資料表索引 `cat`
--
ALTER TABLE `cat`
  ADD PRIMARY KEY (`id`);

--
-- 資料表索引 `contactus`
--
ALTER TABLE `contactus`
  ADD PRIMARY KEY (`id`),
  ADD KEY `cuser_id` (`userid`);

--
-- 資料表索引 `images`
--
ALTER TABLE `images`
  ADD PRIMARY KEY (`id`);

--
-- 資料表索引 `item`
--
ALTER TABLE `item`
  ADD PRIMARY KEY (`id`),
  ADD KEY `item.c1` (`c1`),
  ADD KEY `item.c2` (`c2`),
  ADD KEY `sp_id` (`sp_id`);

--
-- 資料表索引 `management`
--
ALTER TABLE `management`
  ADD PRIMARY KEY (`id`);

--
-- 資料表索引 `news`
--
ALTER TABLE `news`
  ADD PRIMARY KEY (`id`);

--
-- 資料表索引 `ord`
--
ALTER TABLE `ord`
  ADD PRIMARY KEY (`id`),
  ADD KEY `ouser_id` (`user_id`);

--
-- 資料表索引 `order_detail`
--
ALTER TABLE `order_detail`
  ADD PRIMARY KEY (`id`),
  ADD KEY `orderid` (`orderid`),
  ADD KEY `oitem_id` (`itemid`);

--
-- 資料表索引 `ord_refund`
--
ALTER TABLE `ord_refund`
  ADD PRIMARY KEY (`id`),
  ADD KEY `oritem_id` (`itemid`),
  ADD KEY `oruser_id` (`userid`),
  ADD KEY `ord_id` (`orderid`);

--
-- 資料表索引 `pord`
--
ALTER TABLE `pord`
  ADD PRIMARY KEY (`id`),
  ADD KEY `psp_id` (`supplier_id`);

--
-- 資料表索引 `purchaseord_detail`
--
ALTER TABLE `purchaseord_detail`
  ADD KEY `pord_id` (`pord_id`),
  ADD KEY `itemid` (`itemid`);

--
-- 資料表索引 `smartord`
--
ALTER TABLE `smartord`
  ADD PRIMARY KEY (`id`);

--
-- 資料表索引 `smartord_detail`
--
ALTER TABLE `smartord_detail`
  ADD PRIMARY KEY (`id`),
  ADD KEY `orderid` (`orderid`),
  ADD KEY `itemid` (`itemid`);

--
-- 資料表索引 `smartord_refund`
--
ALTER TABLE `smartord_refund`
  ADD PRIMARY KEY (`id`),
  ADD KEY `ordid` (`smartorderid`);

--
-- 資料表索引 `supplier`
--
ALTER TABLE `supplier`
  ADD PRIMARY KEY (`id`);

--
-- 在傾印的資料表使用自動遞增(AUTO_INCREMENT)
--

--
-- 使用資料表自動遞增(AUTO_INCREMENT) `buycart`
--
ALTER TABLE `buycart`
  MODIFY `id` int(11) NOT NULL AUTO_INCREMENT, AUTO_INCREMENT=34;

--
-- 使用資料表自動遞增(AUTO_INCREMENT) `cart_item`
--
ALTER TABLE `cart_item`
  MODIFY `id` int(11) NOT NULL AUTO_INCREMENT, AUTO_INCREMENT=35;

--
-- 使用資料表自動遞增(AUTO_INCREMENT) `cat`
--
ALTER TABLE `cat`
  MODIFY `id` int(11) NOT NULL AUTO_INCREMENT, AUTO_INCREMENT=39;

--
-- 使用資料表自動遞增(AUTO_INCREMENT) `contactus`
--
ALTER TABLE `contactus`
  MODIFY `id` int(11) NOT NULL AUTO_INCREMENT, AUTO_INCREMENT=3;

--
-- 使用資料表自動遞增(AUTO_INCREMENT) `images`
--
ALTER TABLE `images`
  MODIFY `id` int(11) NOT NULL AUTO_INCREMENT, AUTO_INCREMENT=156;

--
-- 使用資料表自動遞增(AUTO_INCREMENT) `item`
--
ALTER TABLE `item`
  MODIFY `id` int(11) NOT NULL AUTO_INCREMENT, AUTO_INCREMENT=309;

--
-- 使用資料表自動遞增(AUTO_INCREMENT) `news`
--
ALTER TABLE `news`
  MODIFY `id` int(11) NOT NULL AUTO_INCREMENT, AUTO_INCREMENT=2;

--
-- 使用資料表自動遞增(AUTO_INCREMENT) `ord`
--
ALTER TABLE `ord`
  MODIFY `id` int(11) NOT NULL AUTO_INCREMENT, AUTO_INCREMENT=17;

--
-- 使用資料表自動遞增(AUTO_INCREMENT) `order_detail`
--
ALTER TABLE `order_detail`
  MODIFY `id` int(11) NOT NULL AUTO_INCREMENT, AUTO_INCREMENT=21;

--
-- 使用資料表自動遞增(AUTO_INCREMENT) `ord_refund`
--
ALTER TABLE `ord_refund`
  MODIFY `id` int(11) NOT NULL AUTO_INCREMENT;

--
-- 使用資料表自動遞增(AUTO_INCREMENT) `pord`
--
ALTER TABLE `pord`
  MODIFY `id` int(11) NOT NULL AUTO_INCREMENT, AUTO_INCREMENT=2;

--
-- 使用資料表自動遞增(AUTO_INCREMENT) `smartord`
--
ALTER TABLE `smartord`
  MODIFY `id` int(11) NOT NULL AUTO_INCREMENT, AUTO_INCREMENT=13;

--
-- 使用資料表自動遞增(AUTO_INCREMENT) `smartord_detail`
--
ALTER TABLE `smartord_detail`
  MODIFY `id` int(11) NOT NULL AUTO_INCREMENT;

--
-- 使用資料表自動遞增(AUTO_INCREMENT) `smartord_refund`
--
ALTER TABLE `smartord_refund`
  MODIFY `id` int(11) NOT NULL AUTO_INCREMENT;

--
-- 使用資料表自動遞增(AUTO_INCREMENT) `supplier`
--
ALTER TABLE `supplier`
  MODIFY `id` int(11) NOT NULL AUTO_INCREMENT, AUTO_INCREMENT=34;

--
-- 已傾印資料表的限制式
--

--
-- 資料表的限制式 `buycart`
--
ALTER TABLE `buycart`
  ADD CONSTRAINT `userid` FOREIGN KEY (`userid`) REFERENCES `user` (`id`);

--
-- 資料表的限制式 `cart_item`
--
ALTER TABLE `cart_item`
  ADD CONSTRAINT `cartid` FOREIGN KEY (`cartid`) REFERENCES `buycart` (`id`),
  ADD CONSTRAINT `itemid` FOREIGN KEY (`itemid`) REFERENCES `item` (`id`);

--
-- 資料表的限制式 `contactus`
--
ALTER TABLE `contactus`
  ADD CONSTRAINT `cuser_id` FOREIGN KEY (`userid`) REFERENCES `user` (`id`);

--
-- 資料表的限制式 `item`
--
ALTER TABLE `item`
  ADD CONSTRAINT `item.c1` FOREIGN KEY (`c1`) REFERENCES `cat` (`id`) ON DELETE CASCADE ON UPDATE CASCADE,
  ADD CONSTRAINT `item.c2` FOREIGN KEY (`c2`) REFERENCES `cat` (`id`) ON DELETE CASCADE ON UPDATE CASCADE,
  ADD CONSTRAINT `sp_id` FOREIGN KEY (`sp_id`) REFERENCES `supplier` (`id`);

--
-- 資料表的限制式 `ord`
--
ALTER TABLE `ord`
  ADD CONSTRAINT `ouser_id` FOREIGN KEY (`user_id`) REFERENCES `user` (`id`);

--
-- 資料表的限制式 `order_detail`
--
ALTER TABLE `order_detail`
  ADD CONSTRAINT `oitem_id` FOREIGN KEY (`itemid`) REFERENCES `item` (`id`),
  ADD CONSTRAINT `orderid` FOREIGN KEY (`orderid`) REFERENCES `ord` (`id`);

--
-- 資料表的限制式 `ord_refund`
--
ALTER TABLE `ord_refund`
  ADD CONSTRAINT `ord_id` FOREIGN KEY (`orderid`) REFERENCES `ord` (`id`),
  ADD CONSTRAINT `oritem_id` FOREIGN KEY (`itemid`) REFERENCES `item` (`id`),
  ADD CONSTRAINT `oruser_id` FOREIGN KEY (`userid`) REFERENCES `user` (`id`);

--
-- 資料表的限制式 `pord`
--
ALTER TABLE `pord`
  ADD CONSTRAINT `psp_id` FOREIGN KEY (`supplier_id`) REFERENCES `supplier` (`id`);

--
-- 資料表的限制式 `purchaseord_detail`
--
ALTER TABLE `purchaseord_detail`
  ADD CONSTRAINT `dpord_id` FOREIGN KEY (`pord_id`) REFERENCES `pord` (`id`),
  ADD CONSTRAINT `pditem_id` FOREIGN KEY (`itemid`) REFERENCES `item` (`id`);

--
-- 資料表的限制式 `smartord_detail`
--
ALTER TABLE `smartord_detail`
  ADD CONSTRAINT `smart_itemid` FOREIGN KEY (`itemid`) REFERENCES `item` (`id`),
  ADD CONSTRAINT `smartord_id` FOREIGN KEY (`orderid`) REFERENCES `smartord` (`id`);
COMMIT;

